157.55.39.14 - - [21/Jul/2026:21:02:32 +0000] "GET /?t=26786159011860&mod=4491e3b5&uri=us.php%3Fid%3D895943-444%26name%3Dintervalometer+nikon+d7500+remote+control HTTP/2" 301 0 "-" "Mozilla/5.0 AppleWebKit/537.36 (KHTML, like Gecko; compatible; bingbot/2.0; +http://www.bing.com/bingbot.htm) Chrome/116.0.1938.76 Safari/537.36"
40.77.167.70 - - [21/Jul/2026:21:02:35 +0000] "GET /?t=27605193011860&mod=d137bac9&uri=shop.php%3Fid%3D923328-990%26name%3Dorsetto+teo+trudi HTTP/2" 301 0 "-" "Mozilla/5.0 AppleWebKit/537.36 (KHTML, like Gecko; compatible; bingbot/2.0; +http://www.bing.com/bingbot.htm) Chrome/116.0.1938.76 Safari/537.36"
40.77.167.70 - - [21/Jul/2026:21:02:36 +0000] "GET /?t=90958980111860&mod=c23fe8ae&uri=article.php%3Fid%3D3042397-516%26name%3Dmegamaster+tera+gear+bbq+review HTTP/2" 301 0 "-" "Mozilla/5.0 AppleWebKit/537.36 (KHTML, like Gecko; compatible; bingbot/2.0; +http://www.bing.com/bingbot.htm) Chrome/116.0.1938.76 Safari/537.36"
207.46.13.92 - - [21/Jul/2026:21:03:06 +0000] "GET /video/jojo-hailey-special/ HTTP/2" 200 19493 "-" "Mozilla/5.0 AppleWebKit/537.36 (KHTML, like Gecko; compatible; bingbot/2.0; +http://www.bing.com/bingbot.htm) Chrome/116.0.1938.76 Safari/537.36"
198.38.94.67 - - [21/Jul/2026:21:04:57 +0000] "POST /wp-cron.php?doing_wp_cron=1784667897.8254959583282470703125 HTTP/1.1" 200 0 "-" "WordPress/7.0; https://www.azfilmstudios.com"
157.55.39.14 - - [21/Jul/2026:21:04:57 +0000] "GET /?t=61873397001860&mod=add6ab85&uri=article.php%3Fid%3D2069532-281%26name%3Dsegunda+mano+bicicleta+de+carretera+talla+xl HTTP/2" 301 0 "-" "Mozilla/5.0 AppleWebKit/537.36 (KHTML, like Gecko; compatible; bingbot/2.0; +http://www.bing.com/bingbot.htm) Chrome/116.0.1938.76 Safari/537.36"
157.55.39.14 - - [21/Jul/2026:21:05:01 +0000] "GET /?t=41359285021860&mod=307c35d4&uri=shared.php%3Fid%3D1383385-347%26name%3Dandhra+pradesh+today+gram+gold+rate+in+nellore HTTP/2" 301 0 "-" "Mozilla/5.0 AppleWebKit/537.36 (KHTML, like Gecko; compatible; bingbot/2.0; +http://www.bing.com/bingbot.htm) Chrome/116.0.1938.76 Safari/537.36"
40.77.167.44 - - [21/Jul/2026:21:05:01 +0000] "GET /?t=98077427041860&mod=6d032cab&uri=us.php%3Fid%3D3280513-340%26name%3Dball+gown+black+charro+15+dress HTTP/2" 301 0 "-" "Mozilla/5.0 AppleWebKit/537.36 (KHTML, like Gecko; compatible; bingbot/2.0; +http://www.bing.com/bingbot.htm) Chrome/116.0.1938.76 Safari/537.36"
40.77.167.70 - - [21/Jul/2026:21:05:08 +0000] "GET /?t=20013367091860&mod=da56d057&uri=us.php%3Fid%3D669359-285%26name%3Dboots+black+friday+floris+van+bommel HTTP/2" 301 0 "-" "Mozilla/5.0 AppleWebKit/537.36 (KHTML, like Gecko; compatible; bingbot/2.0; +http://www.bing.com/bingbot.htm) Chrome/116.0.1938.76 Safari/537.36"
172.98.32.19 - - [21/Jul/2026:21:05:15 +0000] "POST /wp-login.php HTTP/1.1" 200 2336 "-" "Mozilla/5.0 (Windows NT 10.0; Win64; rv:143.0) Gecko/20100101 Firefox/143.0"
157.55.39.14 - - [21/Jul/2026:21:05:18 +0000] "GET /?t=92988745011860&mod=63343f64&uri=category-info.php%3Fid%3D3110333-372%26name%3Dcamping+smd+lunar+solo+le HTTP/2" 301 0 "-" "Mozilla/5.0 AppleWebKit/537.36 (KHTML, like Gecko; compatible; bingbot/2.0; +http://www.bing.com/bingbot.htm) Chrome/116.0.1938.76 Safari/537.36"
157.55.39.14 - - [21/Jul/2026:21:05:19 +0000] "GET /?t=89048168051860&mod=872d5654&uri=dp.php%3Fid%3D2978515-107%26name%3Dzaxy+partner+zaxy+stripes HTTP/2" 301 0 "-" "Mozilla/5.0 AppleWebKit/537.36 (KHTML, like Gecko; compatible; bingbot/2.0; +http://www.bing.com/bingbot.htm) Chrome/116.0.1938.76 Safari/537.36"
157.55.39.14 - - [21/Jul/2026:21:05:19 +0000] "GET /?t=66057865001860&mod=61fb56ac&uri=itm.php%3Fid%3D2209492-321%26name%3Dbuckle+sergio+rossi+ballerine HTTP/2" 301 0 "-" "Mozilla/5.0 AppleWebKit/537.36 (KHTML, like Gecko; compatible; bingbot/2.0; +http://www.bing.com/bingbot.htm) Chrome/116.0.1938.76 Safari/537.36"
40.77.167.44 - - [21/Jul/2026:21:05:24 +0000] "GET /?t=55440422001860&mod=49a89b00&uri=news.php%3Fid%3D1854356-1735%26name%3Dinternationalist+beige+nike+internationalist+femme+blanc HTTP/2" 301 0 "-" "Mozilla/5.0 AppleWebKit/537.36 (KHTML, like Gecko; compatible; bingbot/2.0; +http://www.bing.com/bingbot.htm) Chrome/116.0.1938.76 Safari/537.36"
207.46.13.92 - - [21/Jul/2026:21:05:27 +0000] "GET /?t=75931356001860&mod=bb03e43f&uri=dp.php%3Fid%3D2539716-24%26name%3Ds+1tb+one+all+digital HTTP/2" 301 0 "-" "Mozilla/5.0 AppleWebKit/537.36 (KHTML, like Gecko; compatible; bingbot/2.0; +http://www.bing.com/bingbot.htm) Chrome/116.0.1938.76 Safari/537.36"
207.46.13.92 - - [21/Jul/2026:21:05:28 +0000] "GET /?t=5257208141860&mod=872d5654&uri=news.php%3Fid%3D175881-107%26name%3Dslingback+scarpin+preto+bottero HTTP/2" 301 0 "-" "Mozilla/5.0 AppleWebKit/537.36 (KHTML, like Gecko; compatible; bingbot/2.0; +http://www.bing.com/bingbot.htm) Chrome/116.0.1938.76 Safari/537.36"
40.77.167.70 - - [21/Jul/2026:21:05:28 +0000] "GET /?t=92274203041860&mod=d81f3fc4&uri=dp.php%3Fid%3D3086398-963%26name%3Dgroom+pro+dog+nail+grinder+silent HTTP/2" 301 0 "-" "Mozilla/5.0 AppleWebKit/537.36 (KHTML, like Gecko; compatible; bingbot/2.0; +http://www.bing.com/bingbot.htm) Chrome/116.0.1938.76 Safari/537.36"
207.46.13.92 - - [21/Jul/2026:21:05:29 +0000] "GET /?t=5705458011860&mod=ffa31586&uri=brands.php%3Fid%3D190890-869%26name%3Dwaterproof+boots+robeez+rain+boots HTTP/2" 301 0 "-" "Mozilla/5.0 AppleWebKit/537.36 (KHTML, like Gecko; compatible; bingbot/2.0; +http://www.bing.com/bingbot.htm) Chrome/116.0.1938.76 Safari/537.36"
157.55.39.14 - - [21/Jul/2026:21:05:33 +0000] "GET /?t=60196348011860&mod=f4f9d243&uri=product.php%3Fid%3D2013449-805%26name%3Dmotor+yamaha+yamaha+bikes+normal+price HTTP/2" 301 0 "-" "Mozilla/5.0 AppleWebKit/537.36 (KHTML, like Gecko; compatible; bingbot/2.0; +http://www.bing.com/bingbot.htm) Chrome/116.0.1938.76 Safari/537.36"
207.46.13.92 - - [21/Jul/2026:21:05:37 +0000] "GET /safe_search/config?return_url=%2Fproduct%2Fdetail%2F5431286000860 HTTP/2" 404 15577 "-" "Mozilla/5.0 AppleWebKit/537.36 (KHTML, like Gecko; compatible; bingbot/2.0; +http://www.bing.com/bingbot.htm) Chrome/116.0.1938.76 Safari/537.36"
207.46.13.92 - - [21/Jul/2026:21:05:38 +0000] "GET /?t=6299241071860&mod=b03790af&uri=blog.php%3Fid%3D210742-234%26name%3Dcarolina+reaper+red+pepper+spice+level HTTP/2" 301 0 "-" "Mozilla/5.0 AppleWebKit/537.36 (KHTML, like Gecko; compatible; bingbot/2.0; +http://www.bing.com/bingbot.htm) Chrome/116.0.1938.76 Safari/537.36"
207.46.13.92 - - [21/Jul/2026:21:05:39 +0000] "GET /?t=6611504071860&mod=22764440&uri=pin.php%3Fid%3D221189-501%26name%3Dpolly+pocket+fashion+carry HTTP/2" 301 0 "-" "Mozilla/5.0 AppleWebKit/537.36 (KHTML, like Gecko; compatible; bingbot/2.0; +http://www.bing.com/bingbot.htm) Chrome/116.0.1938.76 Safari/537.36"
207.46.13.92 - - [21/Jul/2026:21:05:40 +0000] "GET /?t=5317406021860&mod=868d02a5&uri=shared.php%3Fid%3D177898-585%26name%3Dwomens+dresses+lost+ink+blue+dress HTTP/2" 301 0 "-" "Mozilla/5.0 AppleWebKit/537.36 (KHTML, like Gecko; compatible; bingbot/2.0; +http://www.bing.com/bingbot.htm) Chrome/116.0.1938.76 Safari/537.36"
207.46.13.92 - - [21/Jul/2026:21:05:42 +0000] "GET /?t=6031379031860&mod=098375d6&uri=product.php%3Fid%3D201791-892%26name%3Dsamsung+what+does+refurbished+mean+for+phones HTTP/2" 301 0 "-" "Mozilla/5.0 AppleWebKit/537.36 (KHTML, like Gecko; compatible; bingbot/2.0; +http://www.bing.com/bingbot.htm) Chrome/116.0.1938.76 Safari/537.36"
40.77.167.77 - - [21/Jul/2026:21:05:42 +0000] "GET /?t=76064497041860&mod=c2102c66&uri=product.php%3Fid%3D2544169-481%26name%3Dwhite+jordan+shoes+for+kids+on+sale HTTP/2" 301 0 "-" "Mozilla/5.0 AppleWebKit/537.36 (KHTML, like Gecko; compatible; bingbot/2.0; +http://www.bing.com/bingbot.htm) Chrome/116.0.1938.76 Safari/537.36"
40.77.167.77 - - [21/Jul/2026:21:05:43 +0000] "GET /?t=10039765041860&mod=fa612be4&uri=search.php%3Fid%3D335842-42%26name%3Dheadlight+bulb+pulsar+220+round+headlight HTTP/2" 301 0 "-" "Mozilla/5.0 AppleWebKit/537.36 (KHTML, like Gecko; compatible; bingbot/2.0; +http://www.bing.com/bingbot.htm) Chrome/116.0.1938.76 Safari/537.36"
40.77.167.77 - - [21/Jul/2026:21:05:44 +0000] "GET /?t=74945786091860&mod=07e483e7&uri=brands.php%3Fid%3D2506741-526%26name%3Dpantaloni+jeckerson+jeckerson+2019 HTTP/2" 301 0 "-" "Mozilla/5.0 AppleWebKit/537.36 (KHTML, like Gecko; compatible; bingbot/2.0; +http://www.bing.com/bingbot.htm) Chrome/116.0.1938.76 Safari/537.36"
40.77.167.77 - - [21/Jul/2026:21:05:44 +0000] "GET /?t=5806944031860&mod=0fa8d623&uri=category-info.php%3Fid%3D194287-741%26name%3Dnitro+puma+all+weather+shoes HTTP/2" 301 0 "-" "Mozilla/5.0 AppleWebKit/537.36 (KHTML, like Gecko; compatible; bingbot/2.0; +http://www.bing.com/bingbot.htm) Chrome/116.0.1938.76 Safari/537.36"
40.77.167.77 - - [21/Jul/2026:21:05:45 +0000] "GET /?t=5291392031860&mod=769675d7&uri=shop.php%3Fid%3D177026-29%26name%3Djazz+shoe+cheap+tap+dance+shoes HTTP/2" 301 0 "-" "Mozilla/5.0 AppleWebKit/537.36 (KHTML, like Gecko; compatible; bingbot/2.0; +http://www.bing.com/bingbot.htm) Chrome/116.0.1938.76 Safari/537.36"
52.167.144.173 - - [21/Jul/2026:21:05:47 +0000] "GET /?t=5776372031860&mod=4c760df5&uri=pin.php%3Fid%3D193262-872%26name%3Dsimply+red+rochas+absolu+intense HTTP/2" 301 0 "-" "Mozilla/5.0 AppleWebKit/537.36 (KHTML, like Gecko; compatible; bingbot/2.0; +http://www.bing.com/bingbot.htm) Chrome/116.0.1938.76 Safari/537.36"
52.167.144.173 - - [21/Jul/2026:21:05:48 +0000] "GET /?t=6806831081860&mod=98f67d0c&uri=news.php%3Fid%3D227720-343%26name%3Dlongchamp+mailbox+small HTTP/2" 301 0 "-" "Mozilla/5.0 AppleWebKit/537.36 (KHTML, like Gecko; compatible; bingbot/2.0; +http://www.bing.com/bingbot.htm) Chrome/116.0.1938.76 Safari/537.36"
52.167.144.173 - - [21/Jul/2026:21:05:49 +0000] "GET /?t=31687984031860&mod=1406e7af&uri=brands.php%3Fid%3D1059894-1407%26name%3Dwarren+slip+on+platform+sneakers+womens HTTP/2" 301 0 "-" "Mozilla/5.0 AppleWebKit/537.36 (KHTML, like Gecko; compatible; bingbot/2.0; +http://www.bing.com/bingbot.htm) Chrome/116.0.1938.76 Safari/537.36"
52.167.144.173 - - [21/Jul/2026:21:05:50 +0000] "GET /?t=5819477091860&mod=5460d2d3&uri=category-info.php%3Fid%3D194706-876%26name%3Dplatform+christian+louboutins+white HTTP/2" 301 0 "-" "Mozilla/5.0 AppleWebKit/537.36 (KHTML, like Gecko; compatible; bingbot/2.0; +http://www.bing.com/bingbot.htm) Chrome/116.0.1938.76 Safari/537.36"
40.77.167.77 - - [21/Jul/2026:21:05:50 +0000] "GET /?t=35631402061860&mod=2c4ef56c&uri=article.php%3Fid%3D1191833-735%26name%3Din+umido+anelli+di+totano+surgelati+come+cucinarli HTTP/2" 301 0 "-" "Mozilla/5.0 AppleWebKit/537.36 (KHTML, like Gecko; compatible; bingbot/2.0; +http://www.bing.com/bingbot.htm) Chrome/116.0.1938.76 Safari/537.36"
207.46.13.92 - - [21/Jul/2026:21:05:51 +0000] "GET /?t=5396458101860&mod=af78d2a3&uri=us.php%3Fid%3D180540-204%26name%3Dgeox+shoes+espadrillas+geox+2022 HTTP/2" 301 0 "-" "Mozilla/5.0 AppleWebKit/537.36 (KHTML, like Gecko; compatible; bingbot/2.0; +http://www.bing.com/bingbot.htm) Chrome/116.0.1938.76 Safari/537.36"
40.77.167.77 - - [21/Jul/2026:21:05:59 +0000] "GET /?t=76047986031860&mod=6728705a&uri=shared.php%3Fid%3D2543617-1208%26name%3Dleather+converse+ombre HTTP/2" 301 0 "-" "Mozilla/5.0 AppleWebKit/537.36 (KHTML, like Gecko; compatible; bingbot/2.0; +http://www.bing.com/bingbot.htm) Chrome/116.0.1938.76 Safari/537.36"
216.24.210.187 - - [21/Jul/2026:21:07:16 +0000] "POST /wp-login.php HTTP/1.1" 200 2336 "-" "Mozilla/5.0 (Windows NT 10.0; Win64; rv:143.0) Gecko/20100101 Firefox/143.0"
40.77.167.152 - - [21/Jul/2026:21:10:22 +0000] "GET /?t=36884387061860&mod=5222b700&uri=form.php%3Fid%3D1233734-717%26name%3Dsirena+vestidos+de+novia+pegados HTTP/2" 301 0 "-" "Mozilla/5.0 AppleWebKit/537.36 (KHTML, like Gecko; compatible; bingbot/2.0; +http://www.bing.com/bingbot.htm) Chrome/116.0.1938.76 Safari/537.36"
40.77.167.152 - - [21/Jul/2026:21:10:23 +0000] "GET /?t=42720364031860&mod=8addf6f6&uri=search.php%3Fid%3D1428909-686%26name%3Dchicken+feet+my+dog+ate+old+raw+chicken HTTP/2" 301 0 "-" "Mozilla/5.0 AppleWebKit/537.36 (KHTML, like Gecko; compatible; bingbot/2.0; +http://www.bing.com/bingbot.htm) Chrome/116.0.1938.76 Safari/537.36"
207.46.13.116 - - [21/Jul/2026:21:10:32 +0000] "GET /?t=78308092011860&mod=a7bd4c43&uri=shared.php%3Fid%3D2619235-777%26name%3Dpeach+wedding+lehenga HTTP/2" 301 0 "-" "Mozilla/5.0 AppleWebKit/537.36 (KHTML, like Gecko; compatible; bingbot/2.0; +http://www.bing.com/bingbot.htm) Chrome/116.0.1938.76 Safari/537.36"
207.46.13.116 - - [21/Jul/2026:21:10:36 +0000] "GET /?t=119332367011860&mod=07401aaf&uri=form.php%3Fid%3D3991479-166%26name%3Dlawn+mowers+cheapest+commercial+zero+turn HTTP/2" 301 0 "-" "Mozilla/5.0 AppleWebKit/537.36 (KHTML, like Gecko; compatible; bingbot/2.0; +http://www.bing.com/bingbot.htm) Chrome/116.0.1938.76 Safari/537.36"
181.117.117.27 - - [21/Jul/2026:21:10:39 +0000] "GET /?t=53099816021860&mod=66bd1bce&uri=news.php?id%3D1776086-604%26name%3Dkarol+bagh+second+hand+bike+market HTTP/1.1" 301 0 "https://azfilmstudios.com/" "Mozilla/5.0 (Windows NT 10.0; Win64; x64) AppleWebKit/537.36 (KHTML, like Gecko) Chrome/135.0.0.0 Safari/537.36"
207.46.13.116 - - [21/Jul/2026:21:10:39 +0000] "GET /?t=111313028031860&mod=4b5fb5ef&uri=dp.php%3Fid%3D3723253-252%26name%3Dstockholm+wellensteyn+fleecejacke+damen+sale HTTP/2" 301 0 "-" "Mozilla/5.0 AppleWebKit/537.36 (KHTML, like Gecko; compatible; bingbot/2.0; +http://www.bing.com/bingbot.htm) Chrome/116.0.1938.76 Safari/537.36"
179.110.195.231 - - [21/Jul/2026:21:10:43 +0000] "GET /?t=53099816021860&mod=66bd1bce&uri=news.php?id%3D1776086-604%26name%3Dkarol%20bagh%20second%20hand%20bike%20market HTTP/1.1" 301 0 "https://azfilmstudios.com/" "Mozilla/5.0 (Windows NT 10.0; Win64; x64) AppleWebKit/537.36 (KHTML, like Gecko) Chrome/135.0.0.0 Safari/537.36"
40.77.167.152 - - [21/Jul/2026:21:10:44 +0000] "GET /?t=59992896001860&mod=9f460e30&uri=category-info.php%3Fid%3D2006643-346%26name%3Dbaked+chicken+chicken+wing+rub+bbq HTTP/2" 301 0 "-" "Mozilla/5.0 AppleWebKit/537.36 (KHTML, like Gecko; compatible; bingbot/2.0; +http://www.bing.com/bingbot.htm) Chrome/116.0.1938.76 Safari/537.36"
52.167.144.166 - - [21/Jul/2026:21:10:47 +0000] "GET /?t=5931578001860&mod=2a44fc01&uri=brands.php%3Fid%3D198456-322%26name%3Dincline+merax+weight+bench+with+leg+extension HTTP/2" 301 0 "-" "Mozilla/5.0 AppleWebKit/537.36 (KHTML, like Gecko; compatible; bingbot/2.0; +http://www.bing.com/bingbot.htm) Chrome/116.0.1938.76 Safari/537.36"
169.58.39.117 - - [21/Jul/2026:21:11:29 +0000] "GET /wp-content/plugins/pwnd/pwnd.php HTTP/1.1" 403 5812 "www.google.com" "Mozlila/5.0 (Linux; Android 7.0; SM-G892A Bulid/NRD90M; wv) AppleWebKit/537.36 (KHTML, like Gecko) Version/4.0 Chrome/60.0.3112.107 Moblie Safari/537.36"
157.55.39.201 - - [21/Jul/2026:21:11:38 +0000] "GET /?t=5611694021860&mod=032815a4&uri=product.php%3Fid%3D187750-529%26name%3Damethyst+engagement+ring+amethyst+birthstone+jewellery HTTP/2" 301 0 "-" "Mozilla/5.0 AppleWebKit/537.36 (KHTML, like Gecko; compatible; bingbot/2.0; +http://www.bing.com/bingbot.htm) Chrome/116.0.1938.76 Safari/537.36"
157.55.39.201 - - [21/Jul/2026:21:11:47 +0000] "GET /?t=39866023071860&mod=5735c3a7&uri=form.php%3Fid%3D1333455-73%26name%3Dcapuche+pantalon+de+jogging+pas+cher HTTP/2" 301 0 "-" "Mozilla/5.0 AppleWebKit/537.36 (KHTML, like Gecko; compatible; bingbot/2.0; +http://www.bing.com/bingbot.htm) Chrome/116.0.1938.76 Safari/537.36"
157.55.39.201 - - [21/Jul/2026:21:11:49 +0000] "GET /?t=5429786121860&mod=7cc762ea&uri=goods.php%3Fid%3D181656-605%26name%3Ddutch+bikes+giant+twist+lite+e+bike HTTP/2" 301 0 "-" "Mozilla/5.0 AppleWebKit/537.36 (KHTML, like Gecko; compatible; bingbot/2.0; +http://www.bing.com/bingbot.htm) Chrome/116.0.1938.76 Safari/537.36"
157.55.39.201 - - [21/Jul/2026:21:11:51 +0000] "GET /?t=75966438041860&mod=d91d1b4d&uri=product.php%3Fid%3D2540888-10%26name%3Dergonomic+seat+office+chair+cooling+seat HTTP/2" 301 0 "-" "Mozilla/5.0 AppleWebKit/537.36 (KHTML, like Gecko; compatible; bingbot/2.0; +http://www.bing.com/bingbot.htm) Chrome/116.0.1938.76 Safari/537.36"
40.77.167.51 - - [21/Jul/2026:21:11:52 +0000] "GET /?t=90427619031860&mod=7d5fe9a6&uri=search.php%3Fid%3D3024631-737%26name%3D11%20retro%20low%20wmns%20concord%2011 HTTP/2" 200 23971 "-" "Mozilla/5.0 AppleWebKit/537.36 (KHTML, like Gecko; compatible; bingbot/2.0; +http://www.bing.com/bingbot.htm) Chrome/116.0.1938.76 Safari/537.36"
40.77.167.51 - - [21/Jul/2026:21:11:53 +0000] "GET /?t=6156019001860&mod=caa14554&uri=dp.php%3Fid%3D205956-62%26name%3Ddyson+hair+dryer+not+blowing+hot+air HTTP/2" 301 0 "-" "Mozilla/5.0 AppleWebKit/537.36 (KHTML, like Gecko; compatible; bingbot/2.0; +http://www.bing.com/bingbot.htm) Chrome/116.0.1938.76 Safari/537.36"
40.77.167.51 - - [21/Jul/2026:21:11:54 +0000] "GET /?t=5131930061860&mod=8e15aa5c&uri=news.php%3Fid%3D171690-553%26name%3Dsales+cuissardes+cuissarde+enfant HTTP/2" 301 0 "-" "Mozilla/5.0 AppleWebKit/537.36 (KHTML, like Gecko; compatible; bingbot/2.0; +http://www.bing.com/bingbot.htm) Chrome/116.0.1938.76 Safari/537.36"
40.77.167.51 - - [21/Jul/2026:21:11:55 +0000] "GET /?t=53199690031860&mod=b03790af&uri=product.php%3Fid%3D1779425-234%26name%3Dkitchen+slate+grey+kettle+and+toaster+set HTTP/2" 301 0 "-" "Mozilla/5.0 AppleWebKit/537.36 (KHTML, like Gecko; compatible; bingbot/2.0; +http://www.bing.com/bingbot.htm) Chrome/116.0.1938.76 Safari/537.36"
40.77.167.51 - - [21/Jul/2026:21:11:56 +0000] "GET /?t=24120274041860&mod=fa612be4&uri=news.php%3Fid%3D806778-42%26name%3Dtube+top+latex+tubular HTTP/2" 301 0 "-" "Mozilla/5.0 AppleWebKit/537.36 (KHTML, like Gecko; compatible; bingbot/2.0; +http://www.bing.com/bingbot.htm) Chrome/116.0.1938.76 Safari/537.36"
157.55.39.201 - - [21/Jul/2026:21:11:57 +0000] "GET /?t=6157368011860&mod=b03790af&uri=news.php%3Fid%3D206001-234%26name%3Dpink+peach+colored+paper+plates HTTP/2" 301 0 "-" "Mozilla/5.0 AppleWebKit/537.36 (KHTML, like Gecko; compatible; bingbot/2.0; +http://www.bing.com/bingbot.htm) Chrome/116.0.1938.76 Safari/537.36"
157.55.39.201 - - [21/Jul/2026:21:11:59 +0000] "GET /?t=65395025141860&mod=2a44fc01&uri=pin.php%3Fid%3D2187317-322%26name%3Dworkout+best+spin+bike+to+buy+for+home+use HTTP/2" 301 0 "-" "Mozilla/5.0 AppleWebKit/537.36 (KHTML, like Gecko; compatible; bingbot/2.0; +http://www.bing.com/bingbot.htm) Chrome/116.0.1938.76 Safari/537.36"
169.58.39.117 - - [21/Jul/2026:21:12:01 +0000] "GET /wp-content/plugins/ph-file-manager/wp-file.php HTTP/1.1" 403 5812 "www.google.com" "Mozlila/5.0 (Linux; Android 7.0; SM-G892A Bulid/NRD90M; wv) AppleWebKit/537.36 (KHTML, like Gecko) Version/4.0 Chrome/60.0.3112.107 Moblie Safari/537.36"
157.55.39.201 - - [21/Jul/2026:21:12:00 +0000] "GET /?t=65177895001860&mod=c1840640&uri=goods.php%3Fid%3D2180052-315%26name%3Damazon+prime+best+web+series+hindi HTTP/2" 301 0 "-" "Mozilla/5.0 AppleWebKit/537.36 (KHTML, like Gecko; compatible; bingbot/2.0; +http://www.bing.com/bingbot.htm) Chrome/116.0.1938.76 Safari/537.36"
40.77.167.51 - - [21/Jul/2026:21:12:01 +0000] "GET /?t=6799533031860&mod=98f67d0c&uri=itm.php%3Fid%3D227476-343%26name%3Djute+fabric+for+sofa HTTP/2" 301 0 "-" "Mozilla/5.0 AppleWebKit/537.36 (KHTML, like Gecko; compatible; bingbot/2.0; +http://www.bing.com/bingbot.htm) Chrome/116.0.1938.76 Safari/537.36"
40.77.167.51 - - [21/Jul/2026:21:12:02 +0000] "GET /?t=6830073031860&mod=647c4a3f&uri=article.php%3Fid%3D228497-172%26name%3Dsuv+skoda+kodiaq+isofix+points HTTP/2" 301 0 "-" "Mozilla/5.0 AppleWebKit/537.36 (KHTML, like Gecko; compatible; bingbot/2.0; +http://www.bing.com/bingbot.htm) Chrome/116.0.1938.76 Safari/537.36"
40.77.167.51 - - [21/Jul/2026:21:12:03 +0000] "GET /?t=63781547001860&mod=eedec8cb&uri=dp.php%3Fid%3D2133331-403%26name%3Dspecialized+aero+bike+helmets HTTP/2" 301 0 "-" "Mozilla/5.0 AppleWebKit/537.36 (KHTML, like Gecko; compatible; bingbot/2.0; +http://www.bing.com/bingbot.htm) Chrome/116.0.1938.76 Safari/537.36"
40.77.167.51 - - [21/Jul/2026:21:12:04 +0000] "GET /?t=53047613021860&mod=5497d34a&uri=article.php%3Fid%3D1774342-280%26name%3Dbeekeeping+sunveil+hats HTTP/2" 301 0 "-" "Mozilla/5.0 AppleWebKit/537.36 (KHTML, like Gecko; compatible; bingbot/2.0; +http://www.bing.com/bingbot.htm) Chrome/116.0.1938.76 Safari/537.36"
40.77.167.51 - - [21/Jul/2026:21:12:05 +0000] "GET /?t=6581760031860&mod=7664312c&uri=category-info.php%3Fid%3D220195-636%26name%3Dfit+huawei+smart+watch+2018 HTTP/2" 301 0 "-" "Mozilla/5.0 AppleWebKit/537.36 (KHTML, like Gecko; compatible; bingbot/2.0; +http://www.bing.com/bingbot.htm) Chrome/116.0.1938.76 Safari/537.36"
40.77.167.51 - - [21/Jul/2026:21:12:05 +0000] "GET /?t=45599961041860&mod=28e2ec06&uri=goods.php%3Fid%3D1525225-190%26name%3Dwhite+wall+second+hand+wall+mounted+electric+fires HTTP/2" 301 0 "-" "Mozilla/5.0 AppleWebKit/537.36 (KHTML, like Gecko; compatible; bingbot/2.0; +http://www.bing.com/bingbot.htm) Chrome/116.0.1938.76 Safari/537.36"
40.77.167.36 - - [21/Jul/2026:21:12:09 +0000] "GET /?t=59647010001860&mod=e24a5269&uri=shared.php%3Fid%3D1995064-387%26name%3Dhandbag+brands+best+designer+handbags+to+invest+in+2020 HTTP/2" 301 0 "-" "Mozilla/5.0 AppleWebKit/537.36 (KHTML, like Gecko; compatible; bingbot/2.0; +http://www.bing.com/bingbot.htm) Chrome/116.0.1938.76 Safari/537.36"
40.77.167.36 - - [21/Jul/2026:21:12:09 +0000] "GET /?t=65196451011860&mod=613cfe07&uri=dp.php%3Fid%3D2180675-175%26name%3Dwildwood+grilling+true+fire+gourmet+cedar+grilling+planks HTTP/2" 301 0 "-" "Mozilla/5.0 AppleWebKit/537.36 (KHTML, like Gecko; compatible; bingbot/2.0; +http://www.bing.com/bingbot.htm) Chrome/116.0.1938.76 Safari/537.36"
40.77.167.36 - - [21/Jul/2026:21:12:10 +0000] "GET /?t=5346826041860&mod=333c04a1&uri=pin.php%3Fid%3D178879-416%26name%3Dnike+dunk+low+zalando+nike+release HTTP/2" 301 0 "-" "Mozilla/5.0 AppleWebKit/537.36 (KHTML, like Gecko; compatible; bingbot/2.0; +http://www.bing.com/bingbot.htm) Chrome/116.0.1938.76 Safari/537.36"
40.77.167.36 - - [21/Jul/2026:21:12:11 +0000] "GET /?t=6526054051860&mod=44186c84&uri=itm.php%3Fid%3D218328-654%26name%3Dclark+kent+superman+man+of+tomorrow+stream+free HTTP/2" 301 0 "-" "Mozilla/5.0 AppleWebKit/537.36 (KHTML, like Gecko; compatible; bingbot/2.0; +http://www.bing.com/bingbot.htm) Chrome/116.0.1938.76 Safari/537.36"
169.58.39.117 - - [21/Jul/2026:21:12:12 +0000] "GET /wp-content/plugins/root-file-manager/wp-file.php HTTP/1.1" 403 5812 "www.google.com" "Mozlila/5.0 (Linux; Android 7.0; SM-G892A Bulid/NRD90M; wv) AppleWebKit/537.36 (KHTML, like Gecko) Version/4.0 Chrome/60.0.3112.107 Moblie Safari/537.36"
40.77.167.36 - - [21/Jul/2026:21:12:12 +0000] "GET /?t=5237278041860&mod=423d7c60&uri=dp.php%3Fid%3D175216-572%26name%3Dmen%27s+shoe+shoe+size+chart+women+us HTTP/2" 301 0 "-" "Mozilla/5.0 AppleWebKit/537.36 (KHTML, like Gecko; compatible; bingbot/2.0; +http://www.bing.com/bingbot.htm) Chrome/116.0.1938.76 Safari/537.36"
40.77.167.51 - - [21/Jul/2026:21:12:13 +0000] "GET /?t=57877734021860&mod=4b5fb5ef&uri=product.php%3Fid%3D1935877-252%26name%3Ddusty+pink+bomberjacke+alpha+damen HTTP/2" 301 0 "-" "Mozilla/5.0 AppleWebKit/537.36 (KHTML, like Gecko; compatible; bingbot/2.0; +http://www.bing.com/bingbot.htm) Chrome/116.0.1938.76 Safari/537.36"
40.77.167.51 - - [21/Jul/2026:21:12:13 +0000] "GET /?t=85760397051860&mod=2ad9c3d0&uri=product.php%3Fid%3D2868579-1041%26name%3Ddenim+short+homme+devred HTTP/2" 301 0 "-" "Mozilla/5.0 AppleWebKit/537.36 (KHTML, like Gecko; compatible; bingbot/2.0; +http://www.bing.com/bingbot.htm) Chrome/116.0.1938.76 Safari/537.36"
169.58.39.117 - - [21/Jul/2026:21:12:36 +0000] "GET /wp-content/themes/travel/issue.php HTTP/1.1" 301 0 "www.google.com" "Mozlila/5.0 (Linux; Android 7.0; SM-G892A Bulid/NRD90M; wv) AppleWebKit/537.36 (KHTML, like Gecko) Version/4.0 Chrome/60.0.3112.107 Moblie Safari/537.36"
169.58.39.117 - - [21/Jul/2026:21:12:39 +0000] "GET /wp-content/themes/travel/issue.php HTTP/1.1" 404 17415 "www.google.com" "Mozlila/5.0 (Linux; Android 7.0; SM-G892A Bulid/NRD90M; wv) AppleWebKit/537.36 (KHTML, like Gecko) Version/4.0 Chrome/60.0.3112.107 Moblie Safari/537.36"
20.172.218.20 - - [21/Jul/2026:21:12:56 +0000] "GET /inputs.php HTTP/1.1" 400 52 "-" "Mozilla/5.0 (Windows NT 10.0; Win64; x64) AppleWebKit/537.36 (KHTML, like Gecko) Chrome/120.0.0.0 Safari/537.36"
20.172.218.20 - - [21/Jul/2026:21:12:57 +0000] "GET /admin.php HTTP/1.1" 400 52 "-" "Mozilla/5.0 (Windows NT 10.0; Win64; x64) AppleWebKit/537.36 (KHTML, like Gecko) Chrome/120.0.0.0 Safari/537.36"
20.172.218.20 - - [21/Jul/2026:21:12:57 +0000] "GET /goods.php HTTP/1.1" 400 52 "-" "Mozilla/5.0 (Windows NT 10.0; Win64; x64) AppleWebKit/537.36 (KHTML, like Gecko) Chrome/120.0.0.0 Safari/537.36"
20.172.218.20 - - [21/Jul/2026:21:12:57 +0000] "GET /file.php HTTP/1.1" 400 52 "-" "Mozilla/5.0 (Windows NT 10.0; Win64; x64) AppleWebKit/537.36 (KHTML, like Gecko) Chrome/120.0.0.0 Safari/537.36"
20.172.218.20 - - [21/Jul/2026:21:12:57 +0000] "GET /adminfuns.php HTTP/1.1" 400 52 "-" "Mozilla/5.0 (Windows NT 10.0; Win64; x64) AppleWebKit/537.36 (KHTML, like Gecko) Chrome/120.0.0.0 Safari/537.36"
20.172.218.20 - - [21/Jul/2026:21:12:57 +0000] "GET /404.php HTTP/1.1" 400 52 "-" "Mozilla/5.0 (Windows NT 10.0; Win64; x64) AppleWebKit/537.36 (KHTML, like Gecko) Chrome/120.0.0.0 Safari/537.36"
20.172.218.20 - - [21/Jul/2026:21:12:58 +0000] "GET /wk/index.php HTTP/1.1" 400 52 "-" "Mozilla/5.0 (Windows NT 10.0; Win64; x64) AppleWebKit/537.36 (KHTML, like Gecko) Chrome/120.0.0.0 Safari/537.36"
20.172.218.20 - - [21/Jul/2026:21:12:58 +0000] "GET /about.php HTTP/1.1" 400 52 "-" "Mozilla/5.0 (Windows NT 10.0; Win64; x64) AppleWebKit/537.36 (KHTML, like Gecko) Chrome/120.0.0.0 Safari/537.36"
20.172.218.20 - - [21/Jul/2026:21:12:58 +0000] "GET /term.php HTTP/1.1" 400 52 "-" "Mozilla/5.0 (Windows NT 10.0; Win64; x64) AppleWebKit/537.36 (KHTML, like Gecko) Chrome/120.0.0.0 Safari/537.36"
169.58.39.117 - - [21/Jul/2026:21:12:58 +0000] "GET /wp-content/themes/jaida/lang.php HTTP/1.1" 301 0 "www.google.com" "Mozlila/5.0 (Linux; Android 7.0; SM-G892A Bulid/NRD90M; wv) AppleWebKit/537.36 (KHTML, like Gecko) Version/4.0 Chrome/60.0.3112.107 Moblie Safari/537.36"
20.172.218.20 - - [21/Jul/2026:21:12:58 +0000] "GET /ioxi-o.php HTTP/1.1" 400 52 "-" "Mozilla/5.0 (Windows NT 10.0; Win64; x64) AppleWebKit/537.36 (KHTML, like Gecko) Chrome/120.0.0.0 Safari/537.36"
157.55.39.201 - - [21/Jul/2026:21:12:58 +0000] "GET /?t=6698582141860&mod=29f71ea7&uri=info.php%3Fid%3D224104-933%26name%3Dyellow+adidas+nmd+xr1+amazon HTTP/2" 301 0 "-" "Mozilla/5.0 AppleWebKit/537.36 (KHTML, like Gecko; compatible; bingbot/2.0; +http://www.bing.com/bingbot.htm) Chrome/116.0.1938.76 Safari/537.36"
20.172.218.20 - - [21/Jul/2026:21:12:59 +0000] "GET /1.php HTTP/1.1" 400 52 "-" "Mozilla/5.0 (Windows NT 10.0; Win64; x64) AppleWebKit/537.36 (KHTML, like Gecko) Chrome/120.0.0.0 Safari/537.36"
20.172.218.20 - - [21/Jul/2026:21:12:59 +0000] "GET /alfa.php HTTP/1.1" 400 52 "-" "Mozilla/5.0 (Windows NT 10.0; Win64; x64) AppleWebKit/537.36 (KHTML, like Gecko) Chrome/120.0.0.0 Safari/537.36"
20.172.218.20 - - [21/Jul/2026:21:12:59 +0000] "GET /edit.php HTTP/1.1" 400 52 "-" "Mozilla/5.0 (Windows NT 10.0; Win64; x64) AppleWebKit/537.36 (KHTML, like Gecko) Chrome/120.0.0.0 Safari/537.36"
20.172.218.20 - - [21/Jul/2026:21:12:59 +0000] "GET /elp.php HTTP/1.1" 400 52 "-" "Mozilla/5.0 (Windows NT 10.0; Win64; x64) AppleWebKit/537.36 (KHTML, like Gecko) Chrome/120.0.0.0 Safari/537.36"
20.172.218.20 - - [21/Jul/2026:21:12:59 +0000] "GET /classwithtostring.php HTTP/1.1" 400 52 "-" "Mozilla/5.0 (Windows NT 10.0; Win64; x64) AppleWebKit/537.36 (KHTML, like Gecko) Chrome/120.0.0.0 Safari/537.36"
157.55.39.201 - - [21/Jul/2026:21:12:59 +0000] "GET /?t=35862374011860&mod=58ad92fe&uri=shop.php%3Fid%3D1199561-1089%26name%3Dradeon+amd+ryzen+4000u HTTP/2" 301 0 "-" "Mozilla/5.0 AppleWebKit/537.36 (KHTML, like Gecko; compatible; bingbot/2.0; +http://www.bing.com/bingbot.htm) Chrome/116.0.1938.76 Safari/537.36"
20.172.218.20 - - [21/Jul/2026:21:13:00 +0000] "GET /666.php HTTP/1.1" 400 52 "-" "Mozilla/5.0 (Windows NT 10.0; Win64; x64) AppleWebKit/537.36 (KHTML, like Gecko) Chrome/120.0.0.0 Safari/537.36"
20.172.218.20 - - [21/Jul/2026:21:13:00 +0000] "GET /wp-admin/ HTTP/1.1" 400 52 "-" "Mozilla/5.0 (Windows NT 10.0; Win64; x64) AppleWebKit/537.36 (KHTML, like Gecko) Chrome/120.0.0.0 Safari/537.36"
20.172.218.20 - - [21/Jul/2026:21:13:00 +0000] "GET /ws54.php HTTP/1.1" 400 52 "-" "Mozilla/5.0 (Windows NT 10.0; Win64; x64) AppleWebKit/537.36 (KHTML, like Gecko) Chrome/120.0.0.0 Safari/537.36"
157.55.39.201 - - [21/Jul/2026:21:13:00 +0000] "GET /?t=74018104011860&mod=b5c480f6&uri=search.php%3Fid%3D2475703-189%26name%3Ddinosaur+invasion+indoor+stadium+dinosaur HTTP/2" 301 0 "-" "Mozilla/5.0 AppleWebKit/537.36 (KHTML, like Gecko; compatible; bingbot/2.0; +http://www.bing.com/bingbot.htm) Chrome/116.0.1938.76 Safari/537.36"
20.172.218.20 - - [21/Jul/2026:21:13:00 +0000] "GET /deepseek_d.php HTTP/1.1" 400 52 "-" "Mozilla/5.0 (Windows NT 10.0; Win64; x64) AppleWebKit/537.36 (KHTML, like Gecko) Chrome/120.0.0.0 Safari/537.36"
20.172.218.20 - - [21/Jul/2026:21:13:00 +0000] "GET /function/function.php HTTP/1.1" 400 52 "-" "Mozilla/5.0 (Windows NT 10.0; Win64; x64) AppleWebKit/537.36 (KHTML, like Gecko) Chrome/120.0.0.0 Safari/537.36"
20.172.218.20 - - [21/Jul/2026:21:13:01 +0000] "GET /nw.php HTTP/1.1" 400 52 "-" "Mozilla/5.0 (Windows NT 10.0; Win64; x64) AppleWebKit/537.36 (KHTML, like Gecko) Chrome/120.0.0.0 Safari/537.36"
20.172.218.20 - - [21/Jul/2026:21:13:01 +0000] "GET /xleet.php HTTP/1.1" 400 52 "-" "Mozilla/5.0 (Windows NT 10.0; Win64; x64) AppleWebKit/537.36 (KHTML, like Gecko) Chrome/120.0.0.0 Safari/537.36"
20.172.218.20 - - [21/Jul/2026:21:13:01 +0000] "GET /wp.php HTTP/1.1" 400 52 "-" "Mozilla/5.0 (Windows NT 10.0; Win64; x64) AppleWebKit/537.36 (KHTML, like Gecko) Chrome/120.0.0.0 Safari/537.36"
20.172.218.20 - - [21/Jul/2026:21:13:01 +0000] "GET /155.php HTTP/1.1" 400 52 "-" "Mozilla/5.0 (Windows NT 10.0; Win64; x64) AppleWebKit/537.36 (KHTML, like Gecko) Chrome/120.0.0.0 Safari/537.36"
169.58.39.117 - - [21/Jul/2026:21:13:00 +0000] "GET /wp-content/themes/jaida/lang.php HTTP/1.1" 404 17415 "www.google.com" "Mozlila/5.0 (Linux; Android 7.0; SM-G892A Bulid/NRD90M; wv) AppleWebKit/537.36 (KHTML, like Gecko) Version/4.0 Chrome/60.0.3112.107 Moblie Safari/537.36"
20.172.218.20 - - [21/Jul/2026:21:13:01 +0000] "GET /96i.php HTTP/1.1" 400 52 "-" "Mozilla/5.0 (Windows NT 10.0; Win64; x64) AppleWebKit/537.36 (KHTML, like Gecko) Chrome/120.0.0.0 Safari/537.36"
20.172.218.20 - - [21/Jul/2026:21:13:02 +0000] "GET /as.php HTTP/1.1" 400 52 "-" "Mozilla/5.0 (Windows NT 10.0; Win64; x64) AppleWebKit/537.36 (KHTML, like Gecko) Chrome/120.0.0.0 Safari/537.36"
157.55.39.201 - - [21/Jul/2026:21:13:01 +0000] "GET /?t=5359543031860&mod=8e94a88f&uri=info.php%3Fid%3D179303-590%26name%3Dpillow+protector+size+of+a+queen+size+pillow+case HTTP/2" 301 0 "-" "Mozilla/5.0 AppleWebKit/537.36 (KHTML, like Gecko; compatible; bingbot/2.0; +http://www.bing.com/bingbot.htm) Chrome/116.0.1938.76 Safari/537.36"
20.172.218.20 - - [21/Jul/2026:21:13:02 +0000] "GET /min.php HTTP/1.1" 400 52 "-" "Mozilla/5.0 (Windows NT 10.0; Win64; x64) AppleWebKit/537.36 (KHTML, like Gecko) Chrome/120.0.0.0 Safari/537.36"
20.172.218.20 - - [21/Jul/2026:21:13:02 +0000] "GET /.well-known/ HTTP/1.1" 400 52 "-" "Mozilla/5.0 (Windows NT 10.0; Win64; x64) AppleWebKit/537.36 (KHTML, like Gecko) Chrome/120.0.0.0 Safari/537.36"
20.172.218.20 - - [21/Jul/2026:21:13:02 +0000] "GET /php8.php HTTP/1.1" 400 52 "-" "Mozilla/5.0 (Windows NT 10.0; Win64; x64) AppleWebKit/537.36 (KHTML, like Gecko) Chrome/120.0.0.0 Safari/537.36"
20.172.218.20 - - [21/Jul/2026:21:13:02 +0000] "GET /wp-content/admin.php HTTP/1.1" 400 52 "-" "Mozilla/5.0 (Windows NT 10.0; Win64; x64) AppleWebKit/537.36 (KHTML, like Gecko) Chrome/120.0.0.0 Safari/537.36"
157.55.39.201 - - [21/Jul/2026:21:13:02 +0000] "GET /?t=53668241111860&mod=7be104c0&uri=article.php%3Fid%3D1795090-1012%26name%3Dplus+size+plunge+bra HTTP/2" 301 0 "-" "Mozilla/5.0 AppleWebKit/537.36 (KHTML, like Gecko; compatible; bingbot/2.0; +http://www.bing.com/bingbot.htm) Chrome/116.0.1938.76 Safari/537.36"
20.172.218.20 - - [21/Jul/2026:21:13:03 +0000] "GET /222.php HTTP/1.1" 400 52 "-" "Mozilla/5.0 (Windows NT 10.0; Win64; x64) AppleWebKit/537.36 (KHTML, like Gecko) Chrome/120.0.0.0 Safari/537.36"
20.172.218.20 - - [21/Jul/2026:21:13:03 +0000] "GET /wp-content/themes/pridmag/il.php HTTP/1.1" 400 52 "-" "Mozilla/5.0 (Windows NT 10.0; Win64; x64) AppleWebKit/537.36 (KHTML, like Gecko) Chrome/120.0.0.0 Safari/537.36"
20.172.218.20 - - [21/Jul/2026:21:13:03 +0000] "GET /info.php HTTP/1.1" 400 52 "-" "Mozilla/5.0 (Windows NT 10.0; Win64; x64) AppleWebKit/537.36 (KHTML, like Gecko) Chrome/120.0.0.0 Safari/537.36"
20.172.218.20 - - [21/Jul/2026:21:13:03 +0000] "GET /a.php HTTP/1.1" 400 52 "-" "Mozilla/5.0 (Windows NT 10.0; Win64; x64) AppleWebKit/537.36 (KHTML, like Gecko) Chrome/120.0.0.0 Safari/537.36"
20.172.218.20 - - [21/Jul/2026:21:13:03 +0000] "GET /chosen.php HTTP/1.1" 400 52 "-" "Mozilla/5.0 (Windows NT 10.0; Win64; x64) AppleWebKit/537.36 (KHTML, like Gecko) Chrome/120.0.0.0 Safari/537.36"
20.172.218.20 - - [21/Jul/2026:21:13:04 +0000] "GET /wp-content/index.php HTTP/1.1" 400 52 "-" "Mozilla/5.0 (Windows NT 10.0; Win64; x64) AppleWebKit/537.36 (KHTML, like Gecko) Chrome/120.0.0.0 Safari/537.36"
20.172.218.20 - - [21/Jul/2026:21:13:04 +0000] "GET /vx.php HTTP/1.1" 400 52 "-" "Mozilla/5.0 (Windows NT 10.0; Win64; x64) AppleWebKit/537.36 (KHTML, like Gecko) Chrome/120.0.0.0 Safari/537.36"
40.77.167.36 - - [21/Jul/2026:21:13:03 +0000] "GET /?t=114859318011860&mod=07aa91ac&uri=pin.php%3Fid%3D3841889-1000%26name%3Dxbox+one+s+gta+v+price+xbox HTTP/2" 301 0 "-" "Mozilla/5.0 AppleWebKit/537.36 (KHTML, like Gecko; compatible; bingbot/2.0; +http://www.bing.com/bingbot.htm) Chrome/116.0.1938.76 Safari/537.36"
20.172.218.20 - - [21/Jul/2026:21:13:04 +0000] "GET /admin/controller/extension/ HTTP/1.1" 400 52 "-" "Mozilla/5.0 (Windows NT 10.0; Win64; x64) AppleWebKit/537.36 (KHTML, like Gecko) Chrome/120.0.0.0 Safari/537.36"
20.172.218.20 - - [21/Jul/2026:21:13:04 +0000] "GET /wap.php HTTP/1.1" 400 52 "-" "Mozilla/5.0 (Windows NT 10.0; Win64; x64) AppleWebKit/537.36 (KHTML, like Gecko) Chrome/120.0.0.0 Safari/537.36"
20.172.218.20 - - [21/Jul/2026:21:13:05 +0000] "GET /wp-admin/wp.php HTTP/1.1" 400 52 "-" "Mozilla/5.0 (Windows NT 10.0; Win64; x64) AppleWebKit/537.36 (KHTML, like Gecko) Chrome/120.0.0.0 Safari/537.36"
20.172.218.20 - - [21/Jul/2026:21:13:05 +0000] "GET /bgymj.php HTTP/1.1" 400 52 "-" "Mozilla/5.0 (Windows NT 10.0; Win64; x64) AppleWebKit/537.36 (KHTML, like Gecko) Chrome/120.0.0.0 Safari/537.36"
20.172.218.20 - - [21/Jul/2026:21:13:05 +0000] "GET /aa.php HTTP/1.1" 400 52 "-" "Mozilla/5.0 (Windows NT 10.0; Win64; x64) AppleWebKit/537.36 (KHTML, like Gecko) Chrome/120.0.0.0 Safari/537.36"
20.172.218.20 - - [21/Jul/2026:21:13:05 +0000] "GET /wp-mail.php HTTP/1.1" 400 52 "-" "Mozilla/5.0 (Windows NT 10.0; Win64; x64) AppleWebKit/537.36 (KHTML, like Gecko) Chrome/120.0.0.0 Safari/537.36"
20.172.218.20 - - [21/Jul/2026:21:13:05 +0000] "GET /bolt.php HTTP/1.1" 400 52 "-" "Mozilla/5.0 (Windows NT 10.0; Win64; x64) AppleWebKit/537.36 (KHTML, like Gecko) Chrome/120.0.0.0 Safari/537.36"
40.77.167.36 - - [21/Jul/2026:21:13:05 +0000] "GET /?t=52932103091860&mod=d91d1b4d&uri=itm.php%3Fid%3D1770475-10%26name%3Dvelvet+accent+chair+velvet+chair+with+metal+legs HTTP/2" 301 0 "-" "Mozilla/5.0 AppleWebKit/537.36 (KHTML, like Gecko; compatible; bingbot/2.0; +http://www.bing.com/bingbot.htm) Chrome/116.0.1938.76 Safari/537.36"
20.172.218.20 - - [21/Jul/2026:21:13:06 +0000] "GET /bthil.php HTTP/1.1" 400 52 "-" "Mozilla/5.0 (Windows NT 10.0; Win64; x64) AppleWebKit/537.36 (KHTML, like Gecko) Chrome/120.0.0.0 Safari/537.36"
20.172.218.20 - - [21/Jul/2026:21:13:06 +0000] "GET /cgi-bin/ HTTP/1.1" 400 52 "-" "Mozilla/5.0 (Windows NT 10.0; Win64; x64) AppleWebKit/537.36 (KHTML, like Gecko) Chrome/120.0.0.0 Safari/537.36"
20.172.218.20 - - [21/Jul/2026:21:13:06 +0000] "GET /x.php HTTP/1.1" 400 52 "-" "Mozilla/5.0 (Windows NT 10.0; Win64; x64) AppleWebKit/537.36 (KHTML, like Gecko) Chrome/120.0.0.0 Safari/537.36"
20.172.218.20 - - [21/Jul/2026:21:13:06 +0000] "GET /index/function.php HTTP/1.1" 400 52 "-" "Mozilla/5.0 (Windows NT 10.0; Win64; x64) AppleWebKit/537.36 (KHTML, like Gecko) Chrome/120.0.0.0 Safari/537.36"
40.77.167.36 - - [21/Jul/2026:21:13:06 +0000] "GET /?t=119218609001860&mod=99b3ba1c&uri=shop.php%3Fid%3D3987681-967%26name%3D535+super+skinny+jeans+levi%27s+535+legging HTTP/2" 301 0 "-" "Mozilla/5.0 AppleWebKit/537.36 (KHTML, like Gecko; compatible; bingbot/2.0; +http://www.bing.com/bingbot.htm) Chrome/116.0.1938.76 Safari/537.36"
20.172.218.20 - - [21/Jul/2026:21:13:06 +0000] "GET /aaa.php HTTP/1.1" 400 52 "-" "Mozilla/5.0 (Windows NT 10.0; Win64; x64) AppleWebKit/537.36 (KHTML, like Gecko) Chrome/120.0.0.0 Safari/537.36"
20.172.218.20 - - [21/Jul/2026:21:13:07 +0000] "GET /abcd.php HTTP/1.1" 400 52 "-" "Mozilla/5.0 (Windows NT 10.0; Win64; x64) AppleWebKit/537.36 (KHTML, like Gecko) Chrome/120.0.0.0 Safari/537.36"
20.172.218.20 - - [21/Jul/2026:21:13:07 +0000] "GET /wp-good.php HTTP/1.1" 400 52 "-" "Mozilla/5.0 (Windows NT 10.0; Win64; x64) AppleWebKit/537.36 (KHTML, like Gecko) Chrome/120.0.0.0 Safari/537.36"
40.77.167.36 - - [21/Jul/2026:21:13:06 +0000] "GET /?t=50066464001860&mod=3c0860df&uri=dp.php%3Fid%3D1674654-415%26name%3Dplantar+fasciitis+slippers+for+foot+support HTTP/2" 301 0 "-" "Mozilla/5.0 AppleWebKit/537.36 (KHTML, like Gecko; compatible; bingbot/2.0; +http://www.bing.com/bingbot.htm) Chrome/116.0.1938.76 Safari/537.36"
20.172.218.20 - - [21/Jul/2026:21:13:07 +0000] "GET /simple.php HTTP/1.1" 400 52 "-" "Mozilla/5.0 (Windows NT 10.0; Win64; x64) AppleWebKit/537.36 (KHTML, like Gecko) Chrome/120.0.0.0 Safari/537.36"
20.172.218.20 - - [21/Jul/2026:21:13:07 +0000] "GET /edit-tags.php HTTP/1.1" 400 52 "-" "Mozilla/5.0 (Windows NT 10.0; Win64; x64) AppleWebKit/537.36 (KHTML, like Gecko) Chrome/120.0.0.0 Safari/537.36"
20.172.218.20 - - [21/Jul/2026:21:13:07 +0000] "GET /u.php HTTP/1.1" 400 52 "-" "Mozilla/5.0 (Windows NT 10.0; Win64; x64) AppleWebKit/537.36 (KHTML, like Gecko) Chrome/120.0.0.0 Safari/537.36"
20.172.218.20 - - [21/Jul/2026:21:13:08 +0000] "GET /wp-content/themes/admin.php HTTP/1.1" 400 52 "-" "Mozilla/5.0 (Windows NT 10.0; Win64; x64) AppleWebKit/537.36 (KHTML, like Gecko) Chrome/120.0.0.0 Safari/537.36"
40.77.167.36 - - [21/Jul/2026:21:13:07 +0000] "GET /?t=6418345031860&mod=28e2ec06&uri=category-info.php%3Fid%3D214721-190%26name%3Dhvac+maintenance+commercial+heating+services HTTP/2" 301 0 "-" "Mozilla/5.0 AppleWebKit/537.36 (KHTML, like Gecko; compatible; bingbot/2.0; +http://www.bing.com/bingbot.htm) Chrome/116.0.1938.76 Safari/537.36"
20.172.218.20 - - [21/Jul/2026:21:13:08 +0000] "GET /h.php HTTP/1.1" 400 52 "-" "Mozilla/5.0 (Windows NT 10.0; Win64; x64) AppleWebKit/537.36 (KHTML, like Gecko) Chrome/120.0.0.0 Safari/537.36"
20.172.218.20 - - [21/Jul/2026:21:13:08 +0000] "GET /ms-edit.php HTTP/1.1" 400 52 "-" "Mozilla/5.0 (Windows NT 10.0; Win64; x64) AppleWebKit/537.36 (KHTML, like Gecko) Chrome/120.0.0.0 Safari/537.36"
40.77.167.36 - - [21/Jul/2026:21:13:08 +0000] "GET /?t=73417254001860&mod=d91d1b4d&uri=news.php%3Fid%3D2455612-10%26name%3Dantique+cane+rocker+chair HTTP/2" 301 0 "-" "Mozilla/5.0 AppleWebKit/537.36 (KHTML, like Gecko; compatible; bingbot/2.0; +http://www.bing.com/bingbot.htm) Chrome/116.0.1938.76 Safari/537.36"
20.172.218.20 - - [21/Jul/2026:21:13:08 +0000] "GET /a7.php HTTP/1.1" 400 52 "-" "Mozilla/5.0 (Windows NT 10.0; Win64; x64) AppleWebKit/537.36 (KHTML, like Gecko) Chrome/120.0.0.0 Safari/537.36"
20.172.218.20 - - [21/Jul/2026:21:13:08 +0000] "GET /manager.php HTTP/1.1" 400 52 "-" "Mozilla/5.0 (Windows NT 10.0; Win64; x64) AppleWebKit/537.36 (KHTML, like Gecko) Chrome/120.0.0.0 Safari/537.36"
20.172.218.20 - - [21/Jul/2026:21:13:09 +0000] "GET /w1.php HTTP/1.1" 400 52 "-" "Mozilla/5.0 (Windows NT 10.0; Win64; x64) AppleWebKit/537.36 (KHTML, like Gecko) Chrome/120.0.0.0 Safari/537.36"
20.172.218.20 - - [21/Jul/2026:21:13:09 +0000] "GET /wp-includes/fonts/ HTTP/1.1" 400 52 "-" "Mozilla/5.0 (Windows NT 10.0; Win64; x64) AppleWebKit/537.36 (KHTML, like Gecko) Chrome/120.0.0.0 Safari/537.36"
40.77.167.36 - - [21/Jul/2026:21:13:08 +0000] "GET /?t=73294567141860&mod=52ef2da9&uri=shop.php%3Fid%3D2451513-358%26name%3Delectric+radiator+alexa+controlled+electric+heater HTTP/2" 301 0 "-" "Mozilla/5.0 AppleWebKit/537.36 (KHTML, like Gecko; compatible; bingbot/2.0; +http://www.bing.com/bingbot.htm) Chrome/116.0.1938.76 Safari/537.36"
20.172.218.20 - - [21/Jul/2026:21:13:09 +0000] "GET /wp-login.php HTTP/1.1" 400 52 "-" "Mozilla/5.0 (Windows NT 10.0; Win64; x64) AppleWebKit/537.36 (KHTML, like Gecko) Chrome/120.0.0.0 Safari/537.36"
20.172.218.20 - - [21/Jul/2026:21:13:09 +0000] "GET /default.php HTTP/1.1" 400 52 "-" "Mozilla/5.0 (Windows NT 10.0; Win64; x64) AppleWebKit/537.36 (KHTML, like Gecko) Chrome/120.0.0.0 Safari/537.36"
20.172.218.20 - - [21/Jul/2026:21:13:09 +0000] "GET /i.php HTTP/1.1" 400 52 "-" "Mozilla/5.0 (Windows NT 10.0; Win64; x64) AppleWebKit/537.36 (KHTML, like Gecko) Chrome/120.0.0.0 Safari/537.36"
40.77.167.36 - - [21/Jul/2026:21:13:09 +0000] "GET /?t=40206146011860&mod=4b5fb5ef&uri=shared.php%3Fid%3D1344830-252%26name%3Dwellensteyn+mantel+winter+rot HTTP/2" 301 0 "-" "Mozilla/5.0 AppleWebKit/537.36 (KHTML, like Gecko; compatible; bingbot/2.0; +http://www.bing.com/bingbot.htm) Chrome/116.0.1938.76 Safari/537.36"
20.172.218.20 - - [21/Jul/2026:21:13:10 +0000] "GET /wp-content/uploads/ HTTP/1.1" 400 52 "-" "Mozilla/5.0 (Windows NT 10.0; Win64; x64) AppleWebKit/537.36 (KHTML, like Gecko) Chrome/120.0.0.0 Safari/537.36"
20.172.218.20 - - [21/Jul/2026:21:13:10 +0000] "GET /wp-includes/Requests/library/index.php HTTP/1.1" 400 52 "-" "Mozilla/5.0 (Windows NT 10.0; Win64; x64) AppleWebKit/537.36 (KHTML, like Gecko) Chrome/120.0.0.0 Safari/537.36"
20.172.218.20 - - [21/Jul/2026:21:13:10 +0000] "GET /wp-content/themes/index.php HTTP/1.1" 400 52 "-" "Mozilla/5.0 (Windows NT 10.0; Win64; x64) AppleWebKit/537.36 (KHTML, like Gecko) Chrome/120.0.0.0 Safari/537.36"
20.172.218.20 - - [21/Jul/2026:21:13:10 +0000] "GET /gecko-new.php HTTP/1.1" 400 52 "-" "Mozilla/5.0 (Windows NT 10.0; Win64; x64) AppleWebKit/537.36 (KHTML, like Gecko) Chrome/120.0.0.0 Safari/537.36"
40.77.167.36 - - [21/Jul/2026:21:13:10 +0000] "GET /?t=6138421131860&mod=7d66788d&uri=products.php%3Fid%3D205369-487%26name%3Djhumka+earrings+gold+kundal+design+for+female HTTP/2" 301 0 "-" "Mozilla/5.0 AppleWebKit/537.36 (KHTML, like Gecko; compatible; bingbot/2.0; +http://www.bing.com/bingbot.htm) Chrome/116.0.1938.76 Safari/537.36"
20.172.218.20 - - [21/Jul/2026:21:13:10 +0000] "GET /NewFile.php HTTP/1.1" 400 52 "-" "Mozilla/5.0 (Windows NT 10.0; Win64; x64) AppleWebKit/537.36 (KHTML, like Gecko) Chrome/120.0.0.0 Safari/537.36"
20.172.218.20 - - [21/Jul/2026:21:13:11 +0000] "GET /wp-Blogs.php HTTP/1.1" 400 52 "-" "Mozilla/5.0 (Windows NT 10.0; Win64; x64) AppleWebKit/537.36 (KHTML, like Gecko) Chrome/120.0.0.0 Safari/537.36"
20.172.218.20 - - [21/Jul/2026:21:13:11 +0000] "GET /wp-includes/fonts/index.php HTTP/1.1" 400 52 "-" "Mozilla/5.0 (Windows NT 10.0; Win64; x64) AppleWebKit/537.36 (KHTML, like Gecko) Chrome/120.0.0.0 Safari/537.36"
20.172.218.20 - - [21/Jul/2026:21:13:11 +0000] "GET /themes.php HTTP/1.1" 400 52 "-" "Mozilla/5.0 (Windows NT 10.0; Win64; x64) AppleWebKit/537.36 (KHTML, like Gecko) Chrome/120.0.0.0 Safari/537.36"
20.172.218.20 - - [21/Jul/2026:21:13:11 +0000] "GET /cv.php HTTP/1.1" 400 52 "-" "Mozilla/5.0 (Windows NT 10.0; Win64; x64) AppleWebKit/537.36 (KHTML, like Gecko) Chrome/120.0.0.0 Safari/537.36"
20.172.218.20 - - [21/Jul/2026:21:13:12 +0000] "GET /wp-admin/js/ HTTP/1.1" 400 52 "-" "Mozilla/5.0 (Windows NT 10.0; Win64; x64) AppleWebKit/537.36 (KHTML, like Gecko) Chrome/120.0.0.0 Safari/537.36"
20.172.218.20 - - [21/Jul/2026:21:13:12 +0000] "GET /wp-content/uploads/index.php HTTP/1.1" 400 52 "-" "Mozilla/5.0 (Windows NT 10.0; Win64; x64) AppleWebKit/537.36 (KHTML, like Gecko) Chrome/120.0.0.0 Safari/537.36"
20.172.218.20 - - [21/Jul/2026:21:13:13 +0000] "GET /ws83.php HTTP/1.1" 400 52 "-" "Mozilla/5.0 (Windows NT 10.0; Win64; x64) AppleWebKit/537.36 (KHTML, like Gecko) Chrome/120.0.0.0 Safari/537.36"
20.172.218.20 - - [21/Jul/2026:21:13:13 +0000] "GET /atex1.php HTTP/1.1" 400 52 "-" "Mozilla/5.0 (Windows NT 10.0; Win64; x64) AppleWebKit/537.36 (KHTML, like Gecko) Chrome/120.0.0.0 Safari/537.36"
40.77.167.51 - - [21/Jul/2026:21:13:12 +0000] "GET /?t=5363570081860&mod=8e94a88f&uri=search.php%3Fid%3D179438-590%26name%3Dstretchwick+bedgear+pillow+protector HTTP/2" 301 0 "-" "Mozilla/5.0 AppleWebKit/537.36 (KHTML, like Gecko; compatible; bingbot/2.0; +http://www.bing.com/bingbot.htm) Chrome/116.0.1938.76 Safari/537.36"
20.172.218.20 - - [21/Jul/2026:21:13:13 +0000] "GET /class-t.api.php HTTP/1.1" 400 52 "-" "Mozilla/5.0 (Windows NT 10.0; Win64; x64) AppleWebKit/537.36 (KHTML, like Gecko) Chrome/120.0.0.0 Safari/537.36"
20.172.218.20 - - [21/Jul/2026:21:13:14 +0000] "GET /w.php HTTP/1.1" 400 52 "-" "Mozilla/5.0 (Windows NT 10.0; Win64; x64) AppleWebKit/537.36 (KHTML, like Gecko) Chrome/120.0.0.0 Safari/537.36"
40.77.167.51 - - [21/Jul/2026:21:13:13 +0000] "GET /?t=5390677031860&mod=af78d2a3&uri=category-info.php%3Fid%3D180347-204%26name%3Ddiscount+panchic+black+friday+panchic HTTP/2" 301 0 "-" "Mozilla/5.0 AppleWebKit/537.36 (KHTML, like Gecko; compatible; bingbot/2.0; +http://www.bing.com/bingbot.htm) Chrome/116.0.1938.76 Safari/537.36"
20.172.218.20 - - [21/Jul/2026:21:13:14 +0000] "GET /archive.php HTTP/1.1" 400 52 "-" "Mozilla/5.0 (Windows NT 10.0; Win64; x64) AppleWebKit/537.36 (KHTML, like Gecko) Chrome/120.0.0.0 Safari/537.36"
20.172.218.20 - - [21/Jul/2026:21:13:14 +0000] "GET /bless.php HTTP/1.1" 400 52 "-" "Mozilla/5.0 (Windows NT 10.0; Win64; x64) AppleWebKit/537.36 (KHTML, like Gecko) Chrome/120.0.0.0 Safari/537.36"
20.172.218.20 - - [21/Jul/2026:21:13:14 +0000] "GET /sagax1.php HTTP/1.1" 400 52 "-" "Mozilla/5.0 (Windows NT 10.0; Win64; x64) AppleWebKit/537.36 (KHTML, like Gecko) Chrome/120.0.0.0 Safari/537.36"
20.172.218.20 - - [21/Jul/2026:21:13:15 +0000] "GET /wpc.php HTTP/1.1" 400 52 "-" "Mozilla/5.0 (Windows NT 10.0; Win64; x64) AppleWebKit/537.36 (KHTML, like Gecko) Chrome/120.0.0.0 Safari/537.36"
40.77.167.51 - - [21/Jul/2026:21:13:14 +0000] "GET /?t=50807818001860&mod=0467100d&uri=shared.php%3Fid%3D1699434-668%26name%3Dsuperga+2750+superga+floral+shoes HTTP/2" 301 0 "-" "Mozilla/5.0 AppleWebKit/537.36 (KHTML, like Gecko; compatible; bingbot/2.0; +http://www.bing.com/bingbot.htm) Chrome/116.0.1938.76 Safari/537.36"
20.172.218.20 - - [21/Jul/2026:21:13:15 +0000] "GET /fone1.php HTTP/1.1" 400 52 "-" "Mozilla/5.0 (Windows NT 10.0; Win64; x64) AppleWebKit/537.36 (KHTML, like Gecko) Chrome/120.0.0.0 Safari/537.36"
20.172.218.20 - - [21/Jul/2026:21:13:15 +0000] "GET /ncx.php HTTP/1.1" 400 52 "-" "Mozilla/5.0 (Windows NT 10.0; Win64; x64) AppleWebKit/537.36 (KHTML, like Gecko) Chrome/120.0.0.0 Safari/537.36"
20.172.218.20 - - [21/Jul/2026:21:13:15 +0000] "GET /wp-admin/js/index.php HTTP/1.1" 400 52 "-" "Mozilla/5.0 (Windows NT 10.0; Win64; x64) AppleWebKit/537.36 (KHTML, like Gecko) Chrome/120.0.0.0 Safari/537.36"
20.172.218.20 - - [21/Jul/2026:21:13:15 +0000] "GET /wso.php HTTP/1.1" 400 52 "-" "Mozilla/5.0 (Windows NT 10.0; Win64; x64) AppleWebKit/537.36 (KHTML, like Gecko) Chrome/120.0.0.0 Safari/537.36"
20.172.218.20 - - [21/Jul/2026:21:13:16 +0000] "GET /zup.php73 HTTP/1.1" 400 52 "-" "Mozilla/5.0 (Windows NT 10.0; Win64; x64) AppleWebKit/537.36 (KHTML, like Gecko) Chrome/120.0.0.0 Safari/537.36"
20.172.218.20 - - [21/Jul/2026:21:13:16 +0000] "GET /k.php HTTP/1.1" 400 52 "-" "Mozilla/5.0 (Windows NT 10.0; Win64; x64) AppleWebKit/537.36 (KHTML, like Gecko) Chrome/120.0.0.0 Safari/537.36"
20.172.218.20 - - [21/Jul/2026:21:13:16 +0000] "GET /wp-blink.php HTTP/1.1" 400 52 "-" "Mozilla/5.0 (Windows NT 10.0; Win64; x64) AppleWebKit/537.36 (KHTML, like Gecko) Chrome/120.0.0.0 Safari/537.36"
20.172.218.20 - - [21/Jul/2026:21:13:16 +0000] "GET /randkeyword.PhP7 HTTP/1.1" 400 52 "-" "Mozilla/5.0 (Windows NT 10.0; Win64; x64) AppleWebKit/537.36 (KHTML, like Gecko) Chrome/120.0.0.0 Safari/537.36"
20.172.218.20 - - [21/Jul/2026:21:13:16 +0000] "GET /wp-admin/css/colors/ectoplasm/ HTTP/1.1" 400 52 "-" "Mozilla/5.0 (Windows NT 10.0; Win64; x64) AppleWebKit/537.36 (KHTML, like Gecko) Chrome/120.0.0.0 Safari/537.36"
20.172.218.20 - - [21/Jul/2026:21:13:17 +0000] "GET /wp-content/ HTTP/1.1" 400 52 "-" "Mozilla/5.0 (Windows NT 10.0; Win64; x64) AppleWebKit/537.36 (KHTML, like Gecko) Chrome/120.0.0.0 Safari/537.36"
20.172.218.20 - - [21/Jul/2026:21:13:17 +0000] "GET /ww5.php HTTP/1.1" 400 52 "-" "Mozilla/5.0 (Windows NT 10.0; Win64; x64) AppleWebKit/537.36 (KHTML, like Gecko) Chrome/120.0.0.0 Safari/537.36"
20.172.218.20 - - [21/Jul/2026:21:13:17 +0000] "GET /2.php HTTP/1.1" 400 52 "-" "Mozilla/5.0 (Windows NT 10.0; Win64; x64) AppleWebKit/537.36 (KHTML, like Gecko) Chrome/120.0.0.0 Safari/537.36"
20.172.218.20 - - [21/Jul/2026:21:13:17 +0000] "GET /wp-admin/classwithtostring.php HTTP/1.1" 400 52 "-" "Mozilla/5.0 (Windows NT 10.0; Win64; x64) AppleWebKit/537.36 (KHTML, like Gecko) Chrome/120.0.0.0 Safari/537.36"
20.172.218.20 - - [21/Jul/2026:21:13:17 +0000] "GET /atomlib.php HTTP/1.1" 400 52 "-" "Mozilla/5.0 (Windows NT 10.0; Win64; x64) AppleWebKit/537.36 (KHTML, like Gecko) Chrome/120.0.0.0 Safari/537.36"
20.172.218.20 - - [21/Jul/2026:21:13:18 +0000] "GET /rip.php HTTP/1.1" 400 52 "-" "Mozilla/5.0 (Windows NT 10.0; Win64; x64) AppleWebKit/537.36 (KHTML, like Gecko) Chrome/120.0.0.0 Safari/537.36"
20.172.218.20 - - [21/Jul/2026:21:13:18 +0000] "GET /p.php HTTP/1.1" 400 52 "-" "Mozilla/5.0 (Windows NT 10.0; Win64; x64) AppleWebKit/537.36 (KHTML, like Gecko) Chrome/120.0.0.0 Safari/537.36"
