52.167.0.228 - - [21/Jul/2026:22:24:01 +0000] "GET /autodiscover/autodiscover.xml HTTP/1.1" 400 52 "-" "-"
52.167.0.228 - - [21/Jul/2026:22:24:01 +0000] "GET /autodiscover/autodiscover.xml HTTP/1.1" 400 52 "-" "-"
52.167.0.228 - - [21/Jul/2026:22:24:02 +0000] "GET /autodiscover/autodiscover.xml HTTP/1.1" 400 52 "-" "-"
52.167.0.228 - - [21/Jul/2026:22:24:02 +0000] "GET /autodiscover/autodiscover.xml HTTP/1.1" 400 52 "-" "-"
52.167.0.228 - - [21/Jul/2026:22:24:03 +0000] "GET /autodiscover/autodiscover.xml HTTP/1.1" 400 52 "-" "-"
52.167.0.228 - - [21/Jul/2026:22:24:03 +0000] "GET /autodiscover/autodiscover.xml HTTP/1.1" 400 52 "-" "-"
52.167.0.228 - - [21/Jul/2026:22:24:04 +0000] "GET /autodiscover/autodiscover.xml HTTP/1.1" 400 52 "-" "-"
52.167.0.228 - - [21/Jul/2026:22:24:04 +0000] "GET /autodiscover/autodiscover.xml HTTP/1.1" 400 52 "-" "-"
52.167.0.228 - - [21/Jul/2026:22:24:05 +0000] "GET /autodiscover/autodiscover.xml HTTP/1.1" 400 52 "-" "-"
52.167.0.228 - - [21/Jul/2026:22:24:05 +0000] "GET /autodiscover/autodiscover.xml HTTP/1.1" 400 52 "-" "-"
52.167.0.228 - - [21/Jul/2026:22:24:06 +0000] "GET /autodiscover/autodiscover.xml HTTP/1.1" 400 52 "-" "-"
52.167.0.228 - - [21/Jul/2026:22:24:06 +0000] "GET /autodiscover/autodiscover.xml HTTP/1.1" 400 52 "-" "-"
52.167.144.23 - - [21/Jul/2026:22:24:06 +0000] "GET /?t=53769404071860&mod=66c218de&uri=form.php%3Fid%3D1798473-1148%26name%3Dminiature+poodle+puppy+toy+poodle+and+labrador+mix HTTP/2" 301 0 "-" "Mozilla/5.0 AppleWebKit/537.36 (KHTML, like Gecko; compatible; bingbot/2.0; +http://www.bing.com/bingbot.htm) Chrome/116.0.1938.76 Safari/537.36"
52.167.0.228 - - [21/Jul/2026:22:24:07 +0000] "GET /autodiscover/autodiscover.xml HTTP/1.1" 400 52 "-" "-"
52.167.0.228 - - [21/Jul/2026:22:24:07 +0000] "GET /autodiscover/autodiscover.xml HTTP/1.1" 400 52 "-" "-"
52.167.0.228 - - [21/Jul/2026:22:24:08 +0000] "GET /autodiscover/autodiscover.xml HTTP/1.1" 400 52 "-" "-"
51.68.247.192 - - [21/Jul/2026:22:24:08 +0000] "GET /?t=67587543071860&mod=0141f065&uri=shop.php%3Fid%3D2260695-384%26name%3Dpillow+16x40+dakki+body+pillow+sizes HTTP/2" 301 0 "-" "Mozilla/5.0 (compatible; AhrefsBot/7.0; +http://ahrefs.com/robot/)"
52.167.0.228 - - [21/Jul/2026:22:24:08 +0000] "GET /autodiscover/autodiscover.xml HTTP/1.1" 400 52 "-" "-"
52.167.0.228 - - [21/Jul/2026:22:24:09 +0000] "GET /autodiscover/autodiscover.xml HTTP/1.1" 400 52 "-" "-"
52.167.0.228 - - [21/Jul/2026:22:24:09 +0000] "GET /autodiscover/autodiscover.xml HTTP/1.1" 400 52 "-" "-"
52.167.144.23 - - [21/Jul/2026:22:24:09 +0000] "GET /?t=5505723001860&mod=e4828000&uri=brands.php%3Fid%3D184193-615%26name%3Dasics+trail+running+zapatillas+asics+para+correr+en+asfalto HTTP/2" 301 0 "-" "Mozilla/5.0 AppleWebKit/537.36 (KHTML, like Gecko; compatible; bingbot/2.0; +http://www.bing.com/bingbot.htm) Chrome/116.0.1938.76 Safari/537.36"
40.77.167.149 - - [21/Jul/2026:22:24:09 +0000] "GET /?t=74982424031860&mod=d94de369&uri=pin.php%3Fid%3D2507965-698%26name%3Drooster+pure+sweaters HTTP/2" 301 0 "-" "Mozilla/5.0 AppleWebKit/537.36 (KHTML, like Gecko; compatible; bingbot/2.0; +http://www.bing.com/bingbot.htm) Chrome/116.0.1938.76 Safari/537.36"
52.167.0.228 - - [21/Jul/2026:22:24:10 +0000] "GET /autodiscover/autodiscover.xml HTTP/1.1" 400 52 "-" "-"
216.24.210.185 - - [21/Jul/2026:22:24:09 +0000] "POST /wp-login.php HTTP/1.1" 200 2336 "-" "Mozilla/5.0 (Windows NT 10.0; Win64; rv:143.0) Gecko/20100101 Firefox/143.0"
52.167.0.228 - - [21/Jul/2026:22:24:10 +0000] "GET /autodiscover/autodiscover.xml HTTP/1.1" 400 52 "-" "-"
52.167.0.228 - - [21/Jul/2026:22:24:11 +0000] "GET /autodiscover/autodiscover.xml HTTP/1.1" 400 52 "-" "-"
52.167.0.228 - - [21/Jul/2026:22:24:11 +0000] "GET /autodiscover/autodiscover.xml HTTP/1.1" 400 52 "-" "-"
52.167.144.23 - - [21/Jul/2026:22:24:11 +0000] "GET /?t=53670671031860&mod=c379acb2&uri=shop.php%3Fid%3D1795171-1088%26name%3Dbennett+2024+michael+bennett+super+bowl+rings HTTP/2" 301 0 "-" "Mozilla/5.0 AppleWebKit/537.36 (KHTML, like Gecko; compatible; bingbot/2.0; +http://www.bing.com/bingbot.htm) Chrome/116.0.1938.76 Safari/537.36"
52.167.144.23 - - [21/Jul/2026:22:24:11 +0000] "GET /?t=53627613061860&mod=7be104c0&uri=search.php%3Fid%3D1793726-1012%26name%3Dbullet+bra+50%27s+sharp+bra+design HTTP/2" 301 0 "-" "Mozilla/5.0 AppleWebKit/537.36 (KHTML, like Gecko; compatible; bingbot/2.0; +http://www.bing.com/bingbot.htm) Chrome/116.0.1938.76 Safari/537.36"
52.167.0.228 - - [21/Jul/2026:22:24:12 +0000] "GET /autodiscover/autodiscover.xml HTTP/1.1" 400 52 "-" "-"
52.167.0.228 - - [21/Jul/2026:22:24:12 +0000] "GET /autodiscover/autodiscover.xml HTTP/1.1" 400 52 "-" "-"
52.167.0.228 - - [21/Jul/2026:22:24:13 +0000] "GET /autodiscover/autodiscover.xml HTTP/1.1" 400 52 "-" "-"
52.167.0.228 - - [21/Jul/2026:22:24:13 +0000] "GET /autodiscover/autodiscover.xml HTTP/1.1" 400 52 "-" "-"
52.167.0.228 - - [21/Jul/2026:22:24:14 +0000] "GET /autodiscover/autodiscover.xml HTTP/1.1" 400 52 "-" "-"
52.167.0.228 - - [21/Jul/2026:22:24:14 +0000] "GET /autodiscover/autodiscover.xml HTTP/1.1" 400 52 "-" "-"
157.55.39.60 - - [21/Jul/2026:22:24:14 +0000] "GET /?t=31793351011860&mod=61fb56ac&uri=form.php%3Fid%3D1063416-321%26name%3Dmojito+basic+scarpa+mojito+gtx+41 HTTP/2" 301 0 "-" "Mozilla/5.0 AppleWebKit/537.36 (KHTML, like Gecko; compatible; bingbot/2.0; +http://www.bing.com/bingbot.htm) Chrome/116.0.1938.76 Safari/537.36"
52.167.0.228 - - [21/Jul/2026:22:24:15 +0000] "GET /autodiscover/autodiscover.xml HTTP/1.1" 400 52 "-" "-"
157.55.39.60 - - [21/Jul/2026:22:24:15 +0000] "GET /?t=94115689021860&mod=307c35d4&uri=news.php%3Fid%3D3148020-347%26name%3Dspade+new+kate+spade+xr+phone+case HTTP/2" 301 0 "-" "Mozilla/5.0 AppleWebKit/537.36 (KHTML, like Gecko; compatible; bingbot/2.0; +http://www.bing.com/bingbot.htm) Chrome/116.0.1938.76 Safari/537.36"
52.167.0.228 - - [21/Jul/2026:22:24:15 +0000] "GET /autodiscover/autodiscover.xml HTTP/1.1" 400 52 "-" "-"
52.167.0.228 - - [21/Jul/2026:22:24:16 +0000] "GET /autodiscover/autodiscover.xml HTTP/1.1" 400 52 "-" "-"
157.55.39.60 - - [21/Jul/2026:22:24:16 +0000] "GET /?t=5421120021860&mod=9139b1db&uri=news.php%3Fid%3D181367-853%26name%3Ddeuter+beg+hiking HTTP/2" 301 0 "-" "Mozilla/5.0 AppleWebKit/537.36 (KHTML, like Gecko; compatible; bingbot/2.0; +http://www.bing.com/bingbot.htm) Chrome/116.0.1938.76 Safari/537.36"
52.167.0.228 - - [21/Jul/2026:22:24:16 +0000] "GET /autodiscover/autodiscover.xml HTTP/1.1" 400 52 "-" "-"
52.167.0.228 - - [21/Jul/2026:22:24:17 +0000] "GET /autodiscover/autodiscover.xml HTTP/1.1" 400 52 "-" "-"
52.167.0.228 - - [21/Jul/2026:22:24:17 +0000] "GET /autodiscover/autodiscover.xml HTTP/1.1" 400 52 "-" "-"
157.55.39.60 - - [21/Jul/2026:22:24:17 +0000] "GET /?t=119016518021860&mod=9e943c9a&uri=dp.php%3Fid%3D3980923-650%26name%3Dadidas+sneaker+adidas+prophere+mens+black HTTP/2" 301 0 "-" "Mozilla/5.0 AppleWebKit/537.36 (KHTML, like Gecko; compatible; bingbot/2.0; +http://www.bing.com/bingbot.htm) Chrome/116.0.1938.76 Safari/537.36"
52.167.0.228 - - [21/Jul/2026:22:24:18 +0000] "GET /autodiscover/autodiscover.xml HTTP/1.1" 400 52 "-" "-"
52.167.0.228 - - [21/Jul/2026:22:24:18 +0000] "GET /autodiscover/autodiscover.xml HTTP/1.1" 400 52 "-" "-"
157.55.39.60 - - [21/Jul/2026:22:24:18 +0000] "GET /?t=6537623101860&mod=6299f7b7&uri=product.php%3Fid%3D218716-391%26name%3Dnvidia+shield+cyberpunk+2077+gog+geforce+now HTTP/2" 301 0 "-" "Mozilla/5.0 AppleWebKit/537.36 (KHTML, like Gecko; compatible; bingbot/2.0; +http://www.bing.com/bingbot.htm) Chrome/116.0.1938.76 Safari/537.36"
52.167.0.228 - - [21/Jul/2026:22:24:19 +0000] "GET /autodiscover/autodiscover.xml HTTP/1.1" 400 52 "-" "-"
40.77.167.149 - - [21/Jul/2026:22:24:18 +0000] "GET /?t=65097786021860&mod=c1840640&uri=article.php%3Fid%3D2177361-315%26name%3Dsmartwatch+gps+apple+watch+series+gold+refurbished HTTP/2" 301 0 "-" "Mozilla/5.0 AppleWebKit/537.36 (KHTML, like Gecko; compatible; bingbot/2.0; +http://www.bing.com/bingbot.htm) Chrome/116.0.1938.76 Safari/537.36"
52.167.0.228 - - [21/Jul/2026:22:24:19 +0000] "GET /autodiscover/autodiscover.xml HTTP/1.1" 400 52 "-" "-"
207.46.13.153 - - [21/Jul/2026:22:24:19 +0000] "GET /?t=79222234031860&mod=6aed81cf&uri=article.php%3Fid%3D2649807-117%26name%3Dlast+jedi+rise+of+skywalker+on+disney%2B HTTP/2" 301 0 "-" "Mozilla/5.0 AppleWebKit/537.36 (KHTML, like Gecko; compatible; bingbot/2.0; +http://www.bing.com/bingbot.htm) Chrome/116.0.1938.76 Safari/537.36"
157.55.39.60 - - [21/Jul/2026:22:24:19 +0000] "GET /?t=119023585001860&mod=a7ea0341&uri=category-info.php%3Fid%3D3981159-125%26name%3Dhotel+kalinga+day+of+dead+af1 HTTP/2" 301 0 "-" "Mozilla/5.0 AppleWebKit/537.36 (KHTML, like Gecko; compatible; bingbot/2.0; +http://www.bing.com/bingbot.htm) Chrome/116.0.1938.76 Safari/537.36"
52.167.0.228 - - [21/Jul/2026:22:24:20 +0000] "GET /autodiscover/autodiscover.xml HTTP/1.1" 400 52 "-" "-"
52.167.0.228 - - [21/Jul/2026:22:24:20 +0000] "GET /autodiscover/autodiscover.xml HTTP/1.1" 400 52 "-" "-"
40.77.167.149 - - [21/Jul/2026:22:24:20 +0000] "GET /?t=5386207031860&mod=06f2db09&uri=blog.php%3Fid%3D180197-850%26name%3Dslingback+heels+high+heels+slingpumps HTTP/2" 301 0 "-" "Mozilla/5.0 AppleWebKit/537.36 (KHTML, like Gecko; compatible; bingbot/2.0; +http://www.bing.com/bingbot.htm) Chrome/116.0.1938.76 Safari/537.36"
52.167.0.228 - - [21/Jul/2026:22:24:21 +0000] "GET /autodiscover/autodiscover.xml HTTP/1.1" 400 52 "-" "-"
52.167.0.228 - - [21/Jul/2026:22:24:21 +0000] "GET /autodiscover/autodiscover.xml HTTP/1.1" 400 52 "-" "-"
52.167.0.228 - - [21/Jul/2026:22:24:22 +0000] "GET /autodiscover/autodiscover.xml HTTP/1.1" 400 52 "-" "-"
52.167.0.228 - - [21/Jul/2026:22:24:22 +0000] "GET /autodiscover/autodiscover.xml HTTP/1.1" 400 52 "-" "-"
52.167.0.228 - - [21/Jul/2026:22:24:23 +0000] "GET /autodiscover/autodiscover.xml HTTP/1.1" 400 52 "-" "-"
52.167.0.228 - - [21/Jul/2026:22:24:23 +0000] "GET /autodiscover/autodiscover.xml HTTP/1.1" 400 52 "-" "-"
52.167.0.228 - - [21/Jul/2026:22:24:24 +0000] "GET /autodiscover/autodiscover.xml HTTP/1.1" 400 52 "-" "-"
52.167.0.228 - - [21/Jul/2026:22:24:24 +0000] "GET /autodiscover/autodiscover.xml HTTP/1.1" 400 52 "-" "-"
52.167.0.228 - - [21/Jul/2026:22:24:25 +0000] "GET /autodiscover/autodiscover.xml HTTP/1.1" 400 52 "-" "-"
52.167.0.228 - - [21/Jul/2026:22:24:25 +0000] "GET /autodiscover/autodiscover.xml HTTP/1.1" 400 52 "-" "-"
52.167.0.228 - - [21/Jul/2026:22:24:26 +0000] "GET /autodiscover/autodiscover.xml HTTP/1.1" 400 52 "-" "-"
52.167.144.23 - - [21/Jul/2026:22:24:26 +0000] "GET /?t=6809741031860&mod=647c4a3f&uri=article.php%3Fid%3D227817-172%26name%3Dplaypen+parc+graco+walmart HTTP/2" 301 0 "-" "Mozilla/5.0 AppleWebKit/537.36 (KHTML, like Gecko; compatible; bingbot/2.0; +http://www.bing.com/bingbot.htm) Chrome/116.0.1938.76 Safari/537.36"
52.167.0.228 - - [21/Jul/2026:22:24:26 +0000] "GET /autodiscover/autodiscover.xml HTTP/1.1" 400 52 "-" "-"
52.167.0.228 - - [21/Jul/2026:22:24:27 +0000] "GET /autodiscover/autodiscover.xml HTTP/1.1" 400 52 "-" "-"
52.167.0.228 - - [21/Jul/2026:22:24:27 +0000] "GET /autodiscover/autodiscover.xml HTTP/1.1" 400 52 "-" "-"
52.167.0.228 - - [21/Jul/2026:22:24:28 +0000] "GET /autodiscover/autodiscover.xml HTTP/1.1" 400 52 "-" "-"
52.167.0.228 - - [21/Jul/2026:22:24:28 +0000] "GET /autodiscover/autodiscover.xml HTTP/1.1" 400 52 "-" "-"
40.77.167.21 - - [21/Jul/2026:22:24:28 +0000] "GET /?t=9344083071860&mod=3c0860df&uri=goods.php%3Fid%3D312561-415%26name%3Dleather+double+strap+glitter+sandals HTTP/2" 301 0 "-" "Mozilla/5.0 AppleWebKit/537.36 (KHTML, like Gecko; compatible; bingbot/2.0; +http://www.bing.com/bingbot.htm) Chrome/116.0.1938.76 Safari/537.36"
52.167.0.228 - - [21/Jul/2026:22:24:29 +0000] "GET /autodiscover/autodiscover.xml HTTP/1.1" 400 52 "-" "-"
52.167.0.228 - - [21/Jul/2026:22:24:29 +0000] "GET /autodiscover/autodiscover.xml HTTP/1.1" 400 52 "-" "-"
52.167.144.23 - - [21/Jul/2026:22:24:29 +0000] "GET /?t=5171003001860&mod=d7e1b0c8&uri=us.php%3Fid%3D173002-496%26name%3Dvelg+tdr+supra+x+125+velg+tk HTTP/2" 301 0 "-" "Mozilla/5.0 AppleWebKit/537.36 (KHTML, like Gecko; compatible; bingbot/2.0; +http://www.bing.com/bingbot.htm) Chrome/116.0.1938.76 Safari/537.36"
52.167.0.228 - - [21/Jul/2026:22:24:30 +0000] "GET /autodiscover/autodiscover.xml HTTP/1.1" 400 52 "-" "-"
157.55.39.60 - - [21/Jul/2026:22:24:29 +0000] "GET /?t=5795151081860&mod=4c760df5&uri=brands.php%3Fid%3D193892-872%26name%3Dneroli+amara+van+cleef+orchidee+vanille+fragrantica HTTP/2" 301 0 "-" "Mozilla/5.0 AppleWebKit/537.36 (KHTML, like Gecko; compatible; bingbot/2.0; +http://www.bing.com/bingbot.htm) Chrome/116.0.1938.76 Safari/537.36"
52.167.0.228 - - [21/Jul/2026:22:24:30 +0000] "GET /autodiscover/autodiscover.xml HTTP/1.1" 400 52 "-" "-"
40.77.167.21 - - [21/Jul/2026:22:24:30 +0000] "GET /?t=97526375011860&mod=a08592f2&uri=category-info.php%3Fid%3D3262075-329%26name%3Dropa+pantalones+marca+koko+precio HTTP/2" 301 0 "-" "Mozilla/5.0 AppleWebKit/537.36 (KHTML, like Gecko; compatible; bingbot/2.0; +http://www.bing.com/bingbot.htm) Chrome/116.0.1938.76 Safari/537.36"
52.167.0.228 - - [21/Jul/2026:22:24:31 +0000] "GET /autodiscover/autodiscover.xml HTTP/1.1" 400 52 "-" "-"
157.55.39.60 - - [21/Jul/2026:22:24:30 +0000] "GET /?t=6548192021860&mod=6299f7b7&uri=us.php%3Fid%3D219070-391%26name%3Dcompute+capability+nvidia+driver+cuda+version HTTP/2" 301 0 "-" "Mozilla/5.0 AppleWebKit/537.36 (KHTML, like Gecko; compatible; bingbot/2.0; +http://www.bing.com/bingbot.htm) Chrome/116.0.1938.76 Safari/537.36"
52.167.0.228 - - [21/Jul/2026:22:24:31 +0000] "GET /autodiscover/autodiscover.xml HTTP/1.1" 400 52 "-" "-"
52.167.0.228 - - [21/Jul/2026:22:24:32 +0000] "GET /autodiscover/autodiscover.xml HTTP/1.1" 400 52 "-" "-"
157.55.39.60 - - [21/Jul/2026:22:24:32 +0000] "GET /?t=4524273001860&mod=82b70f27&uri=shop.php%3Fid%3D151342-209%26name%3Dlenovo+laptop+lenovo+yoga+amd+ryzen+4700u HTTP/2" 301 0 "-" "Mozilla/5.0 AppleWebKit/537.36 (KHTML, like Gecko; compatible; bingbot/2.0; +http://www.bing.com/bingbot.htm) Chrome/116.0.1938.76 Safari/537.36"
52.167.0.228 - - [21/Jul/2026:22:24:32 +0000] "GET /autodiscover/autodiscover.xml HTTP/1.1" 400 52 "-" "-"
52.167.144.23 - - [21/Jul/2026:22:24:32 +0000] "GET /?t=6558127091860&mod=f72eecbd&uri=us.php%3Fid%3D219403-582%26name%3Dvirtual+reality+headset+switch+lite+vr HTTP/2" 301 0 "-" "Mozilla/5.0 AppleWebKit/537.36 (KHTML, like Gecko; compatible; bingbot/2.0; +http://www.bing.com/bingbot.htm) Chrome/116.0.1938.76 Safari/537.36"
52.167.0.228 - - [21/Jul/2026:22:24:33 +0000] "GET /autodiscover/autodiscover.xml HTTP/1.1" 400 52 "-" "-"
157.55.39.60 - - [21/Jul/2026:22:24:32 +0000] "GET /?t=6197724021860&mod=64aa5488&uri=dp.php%3Fid%3D207348-482%26name%3Dblazer+patrizia+pepe+vestito+blu HTTP/2" 301 0 "-" "Mozilla/5.0 AppleWebKit/537.36 (KHTML, like Gecko; compatible; bingbot/2.0; +http://www.bing.com/bingbot.htm) Chrome/116.0.1938.76 Safari/537.36"
157.55.39.60 - - [21/Jul/2026:22:24:33 +0000] "GET /?t=6498153031860&mod=44186c84&uri=us.php%3Fid%3D217386-654%26name%3Dn+loud+fast+and+the+furious+hulu HTTP/2" 301 0 "-" "Mozilla/5.0 AppleWebKit/537.36 (KHTML, like Gecko; compatible; bingbot/2.0; +http://www.bing.com/bingbot.htm) Chrome/116.0.1938.76 Safari/537.36"
207.46.13.153 - - [21/Jul/2026:22:24:33 +0000] "GET /?t=111194364011860&mod=c1c18ff6&uri=search.php%3Fid%3D3719287-361%26name%3Dcuda+is_available+conda+install+torch+cuda HTTP/2" 301 0 "-" "Mozilla/5.0 AppleWebKit/537.36 (KHTML, like Gecko; compatible; bingbot/2.0; +http://www.bing.com/bingbot.htm) Chrome/116.0.1938.76 Safari/537.36"
207.46.13.153 - - [21/Jul/2026:22:24:34 +0000] "GET /?t=74000690041860&mod=c61020b1&uri=pin.php%3Fid%3D2475120-257%26name%3Dvestido+para+menina+vestido+infantil+chique HTTP/2" 301 0 "-" "Mozilla/5.0 AppleWebKit/537.36 (KHTML, like Gecko; compatible; bingbot/2.0; +http://www.bing.com/bingbot.htm) Chrome/116.0.1938.76 Safari/537.36"
216.73.217.178 - - [21/Jul/2026:22:24:38 +0000] "GET /robots.txt HTTP/2" 301 0 "-" "Mozilla/5.0 AppleWebKit/537.36 (KHTML, like Gecko; compatible; ClaudeBot/1.0; +claudebot@anthropic.com)"
40.77.167.149 - - [21/Jul/2026:22:24:39 +0000] "GET /?t=45812777011860&mod=9caee27c&uri=news.php%3Fid%3D1532341-716%26name%3Dplus+size+brazilian+bikini+swimsuits HTTP/2" 301 0 "-" "Mozilla/5.0 AppleWebKit/537.36 (KHTML, like Gecko; compatible; bingbot/2.0; +http://www.bing.com/bingbot.htm) Chrome/116.0.1938.76 Safari/537.36"
40.77.167.149 - - [21/Jul/2026:22:24:39 +0000] "GET /?t=5871116061860&mod=aefa889d&uri=article.php%3Fid%3D196432-740%26name%3Dcelular+motorola+moto+g20+tiene+carga+inalambrica HTTP/2" 301 0 "-" "Mozilla/5.0 AppleWebKit/537.36 (KHTML, like Gecko; compatible; bingbot/2.0; +http://www.bing.com/bingbot.htm) Chrome/116.0.1938.76 Safari/537.36"
216.73.217.178 - - [21/Jul/2026:22:24:40 +0000] "GET /robots.txt HTTP/2" 200 117 "https://azfilmstudios.com/robots.txt" "Mozilla/5.0 AppleWebKit/537.36 (KHTML, like Gecko; compatible; ClaudeBot/1.0; +claudebot@anthropic.com)"
216.73.217.178 - - [21/Jul/2026:22:24:41 +0000] "GET / HTTP/2" 301 0 "-" "Mozilla/5.0 AppleWebKit/537.36 (KHTML, like Gecko; compatible; ClaudeBot/1.0; +claudebot@anthropic.com)"
40.77.167.21 - - [21/Jul/2026:22:24:41 +0000] "GET /?t=104837096001860&mod=28e2ffc1&uri=products.php%3Fid%3D3506578-1021%26name%3Dmajuelos+interjuguetes+santa+cruz+de+tenerife HTTP/2" 301 0 "-" "Mozilla/5.0 AppleWebKit/537.36 (KHTML, like Gecko; compatible; bingbot/2.0; +http://www.bing.com/bingbot.htm) Chrome/116.0.1938.76 Safari/537.36"
216.73.217.178 - - [21/Jul/2026:22:24:41 +0000] "GET / HTTP/2" 200 23870 "https://azfilmstudios.com/" "Mozilla/5.0 AppleWebKit/537.36 (KHTML, like Gecko; compatible; ClaudeBot/1.0; +claudebot@anthropic.com)"
52.167.144.23 - - [21/Jul/2026:22:24:42 +0000] "GET /?t=5225308031860&mod=fdc92c71&uri=pin.php%3Fid%3D174817-610%26name%3Dgumtree+top+vans+for+sale+gumtree+cardiff HTTP/2" 301 0 "-" "Mozilla/5.0 AppleWebKit/537.36 (KHTML, like Gecko; compatible; bingbot/2.0; +http://www.bing.com/bingbot.htm) Chrome/116.0.1938.76 Safari/537.36"
157.55.39.60 - - [21/Jul/2026:22:24:43 +0000] "GET /?t=57999556071860&mod=14e54bd8&uri=itm.php%3Fid%3D1939950-557%26name%3Dathletic+shoes+adidas+superstar+80s+deluxe+donna+arancione HTTP/2" 301 0 "-" "Mozilla/5.0 AppleWebKit/537.36 (KHTML, like Gecko; compatible; bingbot/2.0; +http://www.bing.com/bingbot.htm) Chrome/116.0.1938.76 Safari/537.36"
40.77.167.21 - - [21/Jul/2026:22:24:48 +0000] "GET /?t=93009941051860&mod=f485b39a&uri=shared.php%3Fid%3D3111041-567%26name%3Drustic+black+women%27s+super+55+boots HTTP/2" 301 0 "-" "Mozilla/5.0 AppleWebKit/537.36 (KHTML, like Gecko; compatible; bingbot/2.0; +http://www.bing.com/bingbot.htm) Chrome/116.0.1938.76 Safari/537.36"
40.77.167.21 - - [21/Jul/2026:22:24:49 +0000] "GET /?t=82563590021860&mod=816a6db4&uri=pin.php%3Fid%3D2761538-63%26name%3Dperfumes+masculinos+mejores+perfumes+de+hombre+suaves HTTP/2" 301 0 "-" "Mozilla/5.0 AppleWebKit/537.36 (KHTML, like Gecko; compatible; bingbot/2.0; +http://www.bing.com/bingbot.htm) Chrome/116.0.1938.76 Safari/537.36"
207.46.13.153 - - [21/Jul/2026:22:24:53 +0000] "GET /?t=60291338001860&mod=a827c895&uri=form.php%3Fid%3D2016624-258%26name%3Dwomens+black+and+red+pajama HTTP/2" 301 0 "-" "Mozilla/5.0 AppleWebKit/537.36 (KHTML, like Gecko; compatible; bingbot/2.0; +http://www.bing.com/bingbot.htm) Chrome/116.0.1938.76 Safari/537.36"
40.77.167.48 - - [21/Jul/2026:22:25:00 +0000] "GET /?t=61917423081860&mod=009b43fb&uri=goods.php%3Fid%3D2071006-218%26name%3Dsocket+duron+1600 HTTP/2" 301 0 "-" "Mozilla/5.0 AppleWebKit/537.36 (KHTML, like Gecko; compatible; bingbot/2.0; +http://www.bing.com/bingbot.htm) Chrome/116.0.1938.76 Safari/537.36"
40.77.167.48 - - [21/Jul/2026:22:25:02 +0000] "GET /?t=76762444051860&mod=e52c9599&uri=goods.php%3Fid%3D2567511-182%26name%3Dde+mano+bolsos+para+madres+modernas HTTP/2" 301 0 "-" "Mozilla/5.0 AppleWebKit/537.36 (KHTML, like Gecko; compatible; bingbot/2.0; +http://www.bing.com/bingbot.htm) Chrome/116.0.1938.76 Safari/537.36"
51.68.247.216 - - [21/Jul/2026:22:25:42 +0000] "GET /?t=29670062031860&mod=c5b8e566&uri=shop.php%3Fid%3D992397-1526%26name%3Dpumori+giacca+the+north+face+goretex HTTP/2" 301 0 "-" "Mozilla/5.0 (compatible; AhrefsBot/7.0; +http://ahrefs.com/robot/)"
5.39.1.231 - - [21/Jul/2026:22:26:33 +0000] "GET /?t=32838113061860&mod=600c7d73&uri=article.php%3Fid%3D1098350-1574%26name%3Dtenis+asics+gel+cumulus+feminino HTTP/2" 301 0 "-" "Mozilla/5.0 (compatible; AhrefsBot/7.0; +http://ahrefs.com/robot/)"
66.249.66.15 - - [21/Jul/2026:22:26:36 +0000] "GET /wp-content/uploads/2016/03/rick-ross-1024x427.jpg HTTP/1.1" 301 0 "-" "Googlebot-Image/1.0"
66.249.66.64 - - [21/Jul/2026:22:26:37 +0000] "GET /wp-content/uploads/2016/03/rick-ross-1024x427.jpg HTTP/1.1" 404 15577 "-" "Googlebot-Image/1.0"
51.68.247.210 - - [21/Jul/2026:22:27:01 +0000] "GET /?t=85597806071860&mod=39b74b22&uri=products.php%3Fid%3D2863138-1849%26name%3Dabbigliamento+zara+giacca+lana HTTP/2" 301 0 "-" "Mozilla/5.0 (compatible; AhrefsBot/7.0; +http://ahrefs.com/robot/)"
185.223.152.105 - - [21/Jul/2026:22:27:19 +0000] "POST /wp-login.php HTTP/1.1" 200 2336 "-" "Mozilla/5.0 (Windows NT 10.0; Win64; x64) AppleWebKit/537.36 (KHTML, like Gecko) Chrome/123.0.0.0 Safari/537.36 GLS/92.10.3839.40"
51.195.215.23 - - [21/Jul/2026:22:27:25 +0000] "GET /?t=115914063051860&mod=3ef4bf74&uri=pin.php%3Fid%3D3877160-263%26name%3Dbottes+cuissardes+cuissarde+talon+daim HTTP/2" 301 0 "-" "Mozilla/5.0 (compatible; AhrefsBot/7.0; +http://ahrefs.com/robot/)"
52.167.144.172 - - [21/Jul/2026:22:29:39 +0000] "GET /video/teeflii-change-your-world/ HTTP/2" 200 19411 "-" "Mozilla/5.0 AppleWebKit/537.36 (KHTML, like Gecko; compatible; bingbot/2.0; +http://www.bing.com/bingbot.htm) Chrome/116.0.1938.76 Safari/537.36"
52.167.144.142 - - [21/Jul/2026:22:29:58 +0000] "GET /?t=38945618001860&mod=e24a5269&uri=goods.php%3Fid%3D1302682-387%26name%3Dfarfetch+yohji+yamamoto+tote HTTP/2" 301 0 "-" "Mozilla/5.0 AppleWebKit/537.36 (KHTML, like Gecko; compatible; bingbot/2.0; +http://www.bing.com/bingbot.htm) Chrome/116.0.1938.76 Safari/537.36"
161.153.97.99 - - [21/Jul/2026:22:29:58 +0000] "GET /films HTTP/1.1" 301 0 "-" "Scrapy/2.16.0 (+https://scrapy.org)"
52.167.144.142 - - [21/Jul/2026:22:29:59 +0000] "GET /?t=5293792011860&mod=604ed2b8&uri=dp.php%3Fid%3D177106-256%26name%3Dchantilly+frances+tela+de+chantilly HTTP/2" 301 0 "-" "Mozilla/5.0 AppleWebKit/537.36 (KHTML, like Gecko; compatible; bingbot/2.0; +http://www.bing.com/bingbot.htm) Chrome/116.0.1938.76 Safari/537.36"
52.167.144.142 - - [21/Jul/2026:22:30:00 +0000] "GET /?t=53904136131860&mod=5dacab03&uri=dp.php%3Fid%3D1802974-127%26name%3Dwhat+is+the+iron+ring+ceremony+for+engineers HTTP/2" 301 0 "-" "Mozilla/5.0 AppleWebKit/537.36 (KHTML, like Gecko; compatible; bingbot/2.0; +http://www.bing.com/bingbot.htm) Chrome/116.0.1938.76 Safari/537.36"
157.55.39.204 - - [21/Jul/2026:22:30:00 +0000] "GET /?t=52995767051860&mod=b03790af&uri=product.php%3Fid%3D1772606-234%26name%3Dbread+toaster+brushed+stainless+steel+toaster+slice HTTP/2" 301 0 "-" "Mozilla/5.0 AppleWebKit/537.36 (KHTML, like Gecko; compatible; bingbot/2.0; +http://www.bing.com/bingbot.htm) Chrome/116.0.1938.76 Safari/537.36"
52.167.144.172 - - [21/Jul/2026:22:30:00 +0000] "GET /?t=6573742011860&mod=fdc92c71&uri=category-info.php%3Fid%3D219925-610%26name%3Dvincent+van+ey+van+gogh HTTP/2" 301 0 "-" "Mozilla/5.0 AppleWebKit/537.36 (KHTML, like Gecko; compatible; bingbot/2.0; +http://www.bing.com/bingbot.htm) Chrome/116.0.1938.76 Safari/537.36"
52.167.144.142 - - [21/Jul/2026:22:30:01 +0000] "GET /?t=46587741021860&mod=07401aaf&uri=info.php%3Fid%3D1558276-166%26name%3Dlux+instant+pot HTTP/2" 301 0 "-" "Mozilla/5.0 AppleWebKit/537.36 (KHTML, like Gecko; compatible; bingbot/2.0; +http://www.bing.com/bingbot.htm) Chrome/116.0.1938.76 Safari/537.36"
52.167.144.142 - - [21/Jul/2026:22:30:02 +0000] "GET /?t=5335856121860&mod=868d02a5&uri=shop.php%3Fid%3D178513-585%26name%3Dred+dress+shirt+with+black+pants HTTP/2" 301 0 "-" "Mozilla/5.0 AppleWebKit/537.36 (KHTML, like Gecko; compatible; bingbot/2.0; +http://www.bing.com/bingbot.htm) Chrome/116.0.1938.76 Safari/537.36"
157.55.39.204 - - [21/Jul/2026:22:30:10 +0000] "GET /?t=76011509041860&mod=fd45c64e&uri=category-info.php%3Fid%3D2542394-59%26name%3Dopulent+musk+lattafa+price HTTP/2" 301 0 "-" "Mozilla/5.0 AppleWebKit/537.36 (KHTML, like Gecko; compatible; bingbot/2.0; +http://www.bing.com/bingbot.htm) Chrome/116.0.1938.76 Safari/537.36"
157.55.39.204 - - [21/Jul/2026:22:30:11 +0000] "GET /?t=51625851031860&mod=81dae96e&uri=pin.php%3Fid%3D1726781-560%26name%3Ddiy+painted+custom+drawn+vans HTTP/2" 301 0 "-" "Mozilla/5.0 AppleWebKit/537.36 (KHTML, like Gecko; compatible; bingbot/2.0; +http://www.bing.com/bingbot.htm) Chrome/116.0.1938.76 Safari/537.36"
157.55.39.204 - - [21/Jul/2026:22:30:12 +0000] "GET /?t=32185203041860&mod=f4f9d243&uri=us.php%3Fid%3D1076514-805%26name%3Dyamaha+125+dirt+bike+2021+ttr+125+price HTTP/2" 301 0 "-" "Mozilla/5.0 AppleWebKit/537.36 (KHTML, like Gecko; compatible; bingbot/2.0; +http://www.bing.com/bingbot.htm) Chrome/116.0.1938.76 Safari/537.36"
157.55.39.204 - - [21/Jul/2026:22:30:13 +0000] "GET /?t=65220543001860&mod=8e94a88f&uri=shop.php%3Fid%3D2181482-590%26name%3Dcircle+fluffiest+pillows HTTP/2" 301 0 "-" "Mozilla/5.0 AppleWebKit/537.36 (KHTML, like Gecko; compatible; bingbot/2.0; +http://www.bing.com/bingbot.htm) Chrome/116.0.1938.76 Safari/537.36"
157.55.39.204 - - [21/Jul/2026:22:30:15 +0000] "GET /?t=6640796051860&mod=5efbe265&uri=dp.php%3Fid%3D222169-931%26name%3Dgucci+white+mules+with+fur HTTP/2" 301 0 "-" "Mozilla/5.0 AppleWebKit/537.36 (KHTML, like Gecko; compatible; bingbot/2.0; +http://www.bing.com/bingbot.htm) Chrome/116.0.1938.76 Safari/537.36"
52.167.144.172 - - [21/Jul/2026:22:30:15 +0000] "GET /?t=51772330041860&mod=517fe06e&uri=article.php%3Fid%3D1731670-1521%26name%3Dtennis+shoes+asics+mens+volleyball+shoes+philippines HTTP/2" 301 0 "-" "Mozilla/5.0 AppleWebKit/537.36 (KHTML, like Gecko; compatible; bingbot/2.0; +http://www.bing.com/bingbot.htm) Chrome/116.0.1938.76 Safari/537.36"
52.167.144.172 - - [21/Jul/2026:22:30:16 +0000] "GET /?t=65178183061860&mod=1460ab74&uri=products.php%3Fid%3D2180062-1361%26name%3Dpuma+ajio+basketball+shoes HTTP/2" 301 0 "-" "Mozilla/5.0 AppleWebKit/537.36 (KHTML, like Gecko; compatible; bingbot/2.0; +http://www.bing.com/bingbot.htm) Chrome/116.0.1938.76 Safari/537.36"
52.167.144.172 - - [21/Jul/2026:22:30:16 +0000] "GET /?t=6518770021860&mod=b560c615&uri=us.php%3Fid%3D218084-431%26name%3Dsedie+ecopelle+sedie+da+cucina HTTP/2" 301 0 "-" "Mozilla/5.0 AppleWebKit/537.36 (KHTML, like Gecko; compatible; bingbot/2.0; +http://www.bing.com/bingbot.htm) Chrome/116.0.1938.76 Safari/537.36"
52.167.144.172 - - [21/Jul/2026:22:30:17 +0000] "GET /?t=5252768051860&mod=872d5654&uri=pin.php%3Fid%3D175733-107%26name%3Dsapato+sola+vermelha+scarpin+mais+caro+do+mundo HTTP/2" 301 0 "-" "Mozilla/5.0 AppleWebKit/537.36 (KHTML, like Gecko; compatible; bingbot/2.0; +http://www.bing.com/bingbot.htm) Chrome/116.0.1938.76 Safari/537.36"
52.167.144.142 - - [21/Jul/2026:22:30:19 +0000] "GET /?t=5492032011860&mod=8c249675&uri=form.php%3Fid%3D183734-19%26name%3Dmens+trench+coats+nice+mens+coats HTTP/2" 301 0 "-" "Mozilla/5.0 AppleWebKit/537.36 (KHTML, like Gecko; compatible; bingbot/2.0; +http://www.bing.com/bingbot.htm) Chrome/116.0.1938.76 Safari/537.36"
52.167.144.142 - - [21/Jul/2026:22:30:20 +0000] "GET /?t=15192558021860&mod=a7dc07ed&uri=news.php%3Fid%3D508158-134%26name%3Dbarcelona+game+barcelona+psg+channel HTTP/2" 301 0 "-" "Mozilla/5.0 AppleWebKit/537.36 (KHTML, like Gecko; compatible; bingbot/2.0; +http://www.bing.com/bingbot.htm) Chrome/116.0.1938.76 Safari/537.36"
52.167.144.142 - - [21/Jul/2026:22:30:21 +0000] "GET /?t=5230618001860&mod=423d7c60&uri=news.php%3Fid%3D174994-572%26name%3Duk+to+eu+shoe+size+in+us HTTP/2" 301 0 "-" "Mozilla/5.0 AppleWebKit/537.36 (KHTML, like Gecko; compatible; bingbot/2.0; +http://www.bing.com/bingbot.htm) Chrome/116.0.1938.76 Safari/537.36"
157.55.39.204 - - [21/Jul/2026:22:30:24 +0000] "GET /?t=6051412001860&mod=098375d6&uri=goods.php%3Fid%3D202459-892%26name%3Dloan+benefits+can+i+have+two+va+loans HTTP/2" 301 0 "-" "Mozilla/5.0 AppleWebKit/537.36 (KHTML, like Gecko; compatible; bingbot/2.0; +http://www.bing.com/bingbot.htm) Chrome/116.0.1938.76 Safari/537.36"
157.55.39.204 - - [21/Jul/2026:22:30:25 +0000] "GET /?t=53628393041860&mod=7be104c0&uri=dp.php%3Fid%3D1793752-1012%26name%3Dhigh+end+panty+stores HTTP/2" 301 0 "-" "Mozilla/5.0 AppleWebKit/537.36 (KHTML, like Gecko; compatible; bingbot/2.0; +http://www.bing.com/bingbot.htm) Chrome/116.0.1938.76 Safari/537.36"
157.55.39.204 - - [21/Jul/2026:22:30:26 +0000] "GET /?t=67514801041860&mod=ce0c863e&uri=dp.php%3Fid%3D2258260-1418%26name%3Dgaming+chair+cougar+pro+black HTTP/2" 301 0 "-" "Mozilla/5.0 AppleWebKit/537.36 (KHTML, like Gecko; compatible; bingbot/2.0; +http://www.bing.com/bingbot.htm) Chrome/116.0.1938.76 Safari/537.36"
157.55.39.204 - - [21/Jul/2026:22:30:27 +0000] "GET /?t=5585640041860&mod=af4f00ca&uri=itm.php%3Fid%3D186879-67%26name%3Dbody+piercing+how+long+does+a+tragus+piercing+stay+swollen HTTP/2" 301 0 "-" "Mozilla/5.0 AppleWebKit/537.36 (KHTML, like Gecko; compatible; bingbot/2.0; +http://www.bing.com/bingbot.htm) Chrome/116.0.1938.76 Safari/537.36"
157.55.39.204 - - [21/Jul/2026:22:30:27 +0000] "GET /?t=86127784011860&mod=7e909d27&uri=form.php%3Fid%3D2880869-1193%26name%3Dhuffy+glimmer+huffy+18+inch+kids+bike HTTP/2" 301 0 "-" "Mozilla/5.0 AppleWebKit/537.36 (KHTML, like Gecko; compatible; bingbot/2.0; +http://www.bing.com/bingbot.htm) Chrome/116.0.1938.76 Safari/537.36"
157.55.39.204 - - [21/Jul/2026:22:30:30 +0000] "GET /?t=52847117011860&mod=4b5fb5ef&uri=shop.php%3Fid%3D1767633-252%26name%3Dthe+north+face+herren+softshelljacke+nimble+hoodie HTTP/2" 301 0 "-" "Mozilla/5.0 AppleWebKit/537.36 (KHTML, like Gecko; compatible; bingbot/2.0; +http://www.bing.com/bingbot.htm) Chrome/116.0.1938.76 Safari/537.36"
66.249.66.165 - - [21/Jul/2026:22:30:30 +0000] "GET /wp-content/uploads/2019/12/Screen-Shot-2019-12-09-at-12.10.40-AM-1024x449.png HTTP/1.1" 301 0 "-" "Googlebot-Image/1.0"
157.55.39.204 - - [21/Jul/2026:22:30:32 +0000] "GET /?t=109353672111860&mod=94137d7f&uri=us.php%3Fid%3D3657702-612%26name%3Dbaby+stroller+wheels+keenz+replacement+wheels HTTP/2" 301 0 "-" "Mozilla/5.0 AppleWebKit/537.36 (KHTML, like Gecko; compatible; bingbot/2.0; +http://www.bing.com/bingbot.htm) Chrome/116.0.1938.76 Safari/537.36"
157.55.39.204 - - [21/Jul/2026:22:30:34 +0000] "GET /?t=73184357071860&mod=532f98c3&uri=us.php%3Fid%3D2447833-704%26name%3Dchristmas+party+christmas+day+brunch+recipes HTTP/2" 301 0 "-" "Mozilla/5.0 AppleWebKit/537.36 (KHTML, like Gecko; compatible; bingbot/2.0; +http://www.bing.com/bingbot.htm) Chrome/116.0.1938.76 Safari/537.36"
66.249.66.3 - - [21/Jul/2026:22:30:35 +0000] "GET /wp-content/uploads/2019/12/Screen-Shot-2019-12-09-at-12.10.40-AM-1024x449.png HTTP/1.1" 404 15577 "-" "Googlebot-Image/1.0"
52.167.144.142 - - [21/Jul/2026:22:30:39 +0000] "GET /?t=5314648041860&mod=fe44357b&uri=info.php%3Fid%3D177806-847%26name%3Dball+gown+fit+and+flare+off+the+shoulder+wedding+dress HTTP/2" 301 0 "-" "Mozilla/5.0 AppleWebKit/537.36 (KHTML, like Gecko; compatible; bingbot/2.0; +http://www.bing.com/bingbot.htm) Chrome/116.0.1938.76 Safari/537.36"
52.167.144.142 - - [21/Jul/2026:22:30:40 +0000] "GET /?t=82734674031860&mod=aa49af10&uri=shop.php%3Fid%3D2767265-123%26name%3Dsandalias+negras+invitada+boda HTTP/2" 301 0 "-" "Mozilla/5.0 AppleWebKit/537.36 (KHTML, like Gecko; compatible; bingbot/2.0; +http://www.bing.com/bingbot.htm) Chrome/116.0.1938.76 Safari/537.36"
52.167.144.142 - - [21/Jul/2026:22:30:41 +0000] "GET /?t=5333786081860&mod=868d02a5&uri=article.php%3Fid%3D178444-585%26name%3Dderby+shoes+banana+republic+men%27s+dress+shoes HTTP/2" 301 0 "-" "Mozilla/5.0 AppleWebKit/537.36 (KHTML, like Gecko; compatible; bingbot/2.0; +http://www.bing.com/bingbot.htm) Chrome/116.0.1938.76 Safari/537.36"
161.153.97.99 - - [21/Jul/2026:22:30:43 +0000] "GET /films/ HTTP/1.1" 200 23733 "https://www.azfilmstudios.com/films" "Scrapy/2.16.0 (+https://scrapy.org)"
52.167.144.172 - - [21/Jul/2026:22:30:44 +0000] "GET /?t=5006185081860&mod=7d0df59f&uri=article.php%3Fid%3D167479-820%26name%3Dlane+smith+tacoma+stars+indoor+soccer HTTP/2" 301 0 "-" "Mozilla/5.0 AppleWebKit/537.36 (KHTML, like Gecko; compatible; bingbot/2.0; +http://www.bing.com/bingbot.htm) Chrome/116.0.1938.76 Safari/537.36"
186.131.227.131 - - [21/Jul/2026:22:30:56 +0000] "GET /?t=104491702001860&mod=9cc621a5&uri=news.php?id%3D3494992-1718%26name%3Duratex+mattress+buy+foam+mattress+online HTTP/1.1" 301 0 "https://azfilmstudios.com/" "Mozilla/5.0 (Windows NT 10.0; Win64; x64) AppleWebKit/537.36 (KHTML, like Gecko) Chrome/135.0.0.0 Safari/537.36 Edg/135.0.0.0"
196.207.227.131 - - [21/Jul/2026:22:30:59 +0000] "GET /?t=104491702001860&mod=9cc621a5&uri=news.php?id%3D3494992-1718%26name%3Duratex%20mattress%20buy%20foam%20mattress%20online HTTP/1.1" 301 0 "https://azfilmstudios.com/" "Mozilla/5.0 (Windows NT 10.0; Win64; x64) AppleWebKit/537.36 (KHTML, like Gecko) Chrome/135.0.0.0 Safari/537.36 Edg/135.0.0.0"
40.77.167.21 - - [21/Jul/2026:22:30:59 +0000] "GET /?t=61848939121860&mod=423d7c60&uri=category-info.php%3Fid%3D2068715-572%26name%3Dblack+square+toe+prada+loafers HTTP/2" 301 0 "-" "Mozilla/5.0 AppleWebKit/537.36 (KHTML, like Gecko; compatible; bingbot/2.0; +http://www.bing.com/bingbot.htm) Chrome/116.0.1938.76 Safari/537.36"
52.167.144.195 - - [21/Jul/2026:22:31:05 +0000] "GET /?t=58428393011860&mod=bbadbbe2&uri=goods.php%3Fid%3D1954291-426%26name%3Domega+watches+omega+seamaster+co+axial+8500 HTTP/2" 301 0 "-" "Mozilla/5.0 AppleWebKit/537.36 (KHTML, like Gecko; compatible; bingbot/2.0; +http://www.bing.com/bingbot.htm) Chrome/116.0.1938.76 Safari/537.36"
52.167.144.195 - - [21/Jul/2026:22:31:06 +0000] "GET /?t=78928470101860&mod=4cf25ed7&uri=shared.php%3Fid%3D2639983-949%26name%3Dskull+richard+mille+blu+prezzo HTTP/2" 301 0 "-" "Mozilla/5.0 AppleWebKit/537.36 (KHTML, like Gecko; compatible; bingbot/2.0; +http://www.bing.com/bingbot.htm) Chrome/116.0.1938.76 Safari/537.36"
216.24.210.191 - - [21/Jul/2026:22:31:06 +0000] "POST /wp-login.php HTTP/1.1" 200 2336 "-" "Mozilla/5.0 (Windows NT 10.0; Win64; rv:143.0) Gecko/20100101 Firefox/143.0"
52.167.144.195 - - [21/Jul/2026:22:31:08 +0000] "GET /?t=61795193021860&mod=cd5e6ee3&uri=pin.php%3Fid%3D2066918-235%26name%3D59fifty+fitted+hat+la+dodgers+dad+hat+new+era HTTP/2" 301 0 "-" "Mozilla/5.0 AppleWebKit/537.36 (KHTML, like Gecko; compatible; bingbot/2.0; +http://www.bing.com/bingbot.htm) Chrome/116.0.1938.76 Safari/537.36"
207.46.13.150 - - [21/Jul/2026:22:31:13 +0000] "GET /?t=34920638001860&mod=bb03e43f&uri=dp.php%3Fid%3D1168020-24%26name%3Dps3+bluetooth+headset+how+to+connect+a+headset+to+a+ps3 HTTP/2" 301 0 "-" "Mozilla/5.0 AppleWebKit/537.36 (KHTML, like Gecko; compatible; bingbot/2.0; +http://www.bing.com/bingbot.htm) Chrome/116.0.1938.76 Safari/537.36"
207.46.13.150 - - [21/Jul/2026:22:31:14 +0000] "GET /?t=20121612051860&mod=859bf141&uri=category-info.php%3Fid%3D672971-93%26name%3Dgigabyte+grafica+gtx+1650+4gb HTTP/2" 301 0 "-" "Mozilla/5.0 AppleWebKit/537.36 (KHTML, like Gecko; compatible; bingbot/2.0; +http://www.bing.com/bingbot.htm) Chrome/116.0.1938.76 Safari/537.36"
185.191.171.6 - - [21/Jul/2026:22:31:19 +0000] "GET /robots.txt HTTP/1.1" 200 132 "-" "Mozilla/5.0 (compatible; SemrushBot/7~bl; +http://www.semrush.com/bot.html)"
52.167.144.195 - - [21/Jul/2026:22:31:20 +0000] "GET /?t=69030896021860&mod=d7b1c47b&uri=shared.php%3Fid%3D2308950-239%26name%3Dmetal+platform+14+inch+queen+platform+bed+frame HTTP/2" 301 0 "-" "Mozilla/5.0 AppleWebKit/537.36 (KHTML, like Gecko; compatible; bingbot/2.0; +http://www.bing.com/bingbot.htm) Chrome/116.0.1938.76 Safari/537.36"
52.167.144.195 - - [21/Jul/2026:22:31:21 +0000] "GET /?t=80233493011860&mod=cf351834&uri=info.php%3Fid%3D2683609-1430%26name%3Dpatrick+star+kyrie+uk+release HTTP/2" 301 0 "-" "Mozilla/5.0 AppleWebKit/537.36 (KHTML, like Gecko; compatible; bingbot/2.0; +http://www.bing.com/bingbot.htm) Chrome/116.0.1938.76 Safari/537.36"
85.208.96.208 - - [21/Jul/2026:22:31:21 +0000] "GET /video/one-of-us-is-lying/ HTTP/1.1" 200 21374 "-" "Mozilla/5.0 (compatible; SemrushBot/7~bl; +http://www.semrush.com/bot.html)"
52.167.144.195 - - [21/Jul/2026:22:31:21 +0000] "GET /?t=76998669021860&mod=aa8cb12c&uri=products.php%3Fid%3D2575418-144%26name%3Dcar+phone+phone+holder+that+fits+in+cup+holder HTTP/2" 301 0 "-" "Mozilla/5.0 AppleWebKit/537.36 (KHTML, like Gecko; compatible; bingbot/2.0; +http://www.bing.com/bingbot.htm) Chrome/116.0.1938.76 Safari/537.36"
207.46.13.150 - - [21/Jul/2026:22:31:23 +0000] "GET /?t=87034149101860&mod=b618c321&uri=product.php%3Fid%3D2911176-16%26name%3Dskullcandy+hesh+anc+skullcandy+anti+headphones HTTP/2" 301 0 "-" "Mozilla/5.0 AppleWebKit/537.36 (KHTML, like Gecko; compatible; bingbot/2.0; +http://www.bing.com/bingbot.htm) Chrome/116.0.1938.76 Safari/537.36"
52.167.144.195 - - [21/Jul/2026:22:31:34 +0000] "GET /?t=86357863001860&mod=45ed3af6&uri=brands.php%3Fid%3D2888570-429%26name%3Dlinen+shirt+button+down+shirt+with+no+collar HTTP/2" 301 0 "-" "Mozilla/5.0 AppleWebKit/537.36 (KHTML, like Gecko; compatible; bingbot/2.0; +http://www.bing.com/bingbot.htm) Chrome/116.0.1938.76 Safari/537.36"
45.132.227.14 - - [21/Jul/2026:22:31:48 +0000] "POST /wp-login.php HTTP/1.1" 200 2336 "-" "Mozilla/5.0 (Windows NT 10.0; Win64; x64) AppleWebKit/537.36 Chrome/129.0.0.0 Safari/537.36"
66.249.66.165 - - [21/Jul/2026:22:33:53 +0000] "GET /wp-content/uploads/2016/03/swanana-1024x427.jpg HTTP/1.1" 301 0 "-" "Googlebot-Image/1.0"
66.249.66.161 - - [21/Jul/2026:22:34:03 +0000] "GET /wp-content/uploads/2016/03/swanana-1024x427.jpg HTTP/1.1" 404 15577 "-" "Googlebot-Image/1.0"
198.38.94.67 - - [21/Jul/2026:22:36:33 +0000] "POST /wp-cron.php?doing_wp_cron=1784673393.8390738964080810546875 HTTP/1.1" 200 0 "-" "WordPress/7.0; https://www.azfilmstudios.com"
157.55.39.204 - - [21/Jul/2026:22:36:32 +0000] "GET /video/rick-ross-fascinated/ HTTP/2" 200 19376 "-" "Mozilla/5.0 AppleWebKit/537.36 (KHTML, like Gecko; compatible; bingbot/2.0; +http://www.bing.com/bingbot.htm) Chrome/116.0.1938.76 Safari/537.36"
52.167.144.183 - - [21/Jul/2026:22:36:58 +0000] "GET /?t=57951368091860&mod=266ccd52&uri=goods.php%3Fid%3D1938337-279%26name%3Dcrayola+mess+free+colouring HTTP/2" 301 0 "-" "Mozilla/5.0 AppleWebKit/537.36 (KHTML, like Gecko; compatible; bingbot/2.0; +http://www.bing.com/bingbot.htm) Chrome/116.0.1938.76 Safari/537.36"
52.167.144.183 - - [21/Jul/2026:22:36:59 +0000] "GET /?t=57952538041860&mod=266ccd52&uri=goods.php%3Fid%3D1938376-279%26name%3Dcoffee+cup+pen+to+write+on+ceramic HTTP/2" 301 0 "-" "Mozilla/5.0 AppleWebKit/537.36 (KHTML, like Gecko; compatible; bingbot/2.0; +http://www.bing.com/bingbot.htm) Chrome/116.0.1938.76 Safari/537.36"
52.167.144.172 - - [21/Jul/2026:22:37:01 +0000] "GET /?t=4709394051860&mod=63343f64&uri=blog.php%3Fid%3D157551-372%26name%3Dkhaki+walmart+wrangler+cowboy+cut+jeans HTTP/2" 301 0 "-" "Mozilla/5.0 AppleWebKit/537.36 (KHTML, like Gecko; compatible; bingbot/2.0; +http://www.bing.com/bingbot.htm) Chrome/116.0.1938.76 Safari/537.36"
52.167.144.183 - - [21/Jul/2026:22:37:03 +0000] "GET /?t=119577862061860&mod=0fb41622&uri=news.php%3Fid%3D3999682-731%26name%3Dkipsta+best+adult+baseball+glove HTTP/2" 301 0 "-" "Mozilla/5.0 AppleWebKit/537.36 (KHTML, like Gecko; compatible; bingbot/2.0; +http://www.bing.com/bingbot.htm) Chrome/116.0.1938.76 Safari/537.36"
52.167.144.183 - - [21/Jul/2026:22:37:04 +0000] "GET /?t=53626203051860&mod=7be104c0&uri=category-info.php%3Fid%3D1793679-1012%26name%3Dcalvin+klein+types+of+boxers+pants HTTP/2" 301 0 "-" "Mozilla/5.0 AppleWebKit/537.36 (KHTML, like Gecko; compatible; bingbot/2.0; +http://www.bing.com/bingbot.htm) Chrome/116.0.1938.76 Safari/537.36"
52.167.144.183 - - [21/Jul/2026:22:37:04 +0000] "GET /?t=6142171061860&mod=e61d2ed0&uri=product.php%3Fid%3D205494-273%26name%3Dnike+air+nike+flyease+argentina HTTP/2" 301 0 "-" "Mozilla/5.0 AppleWebKit/537.36 (KHTML, like Gecko; compatible; bingbot/2.0; +http://www.bing.com/bingbot.htm) Chrome/116.0.1938.76 Safari/537.36"
157.55.39.204 - - [21/Jul/2026:22:37:05 +0000] "GET /?t=6332202071860&mod=4491e3b5&uri=category-info.php%3Fid%3D211844-444%26name%3Damazon+canadian+studio+lighting+kit HTTP/2" 301 0 "-" "Mozilla/5.0 AppleWebKit/537.36 (KHTML, like Gecko; compatible; bingbot/2.0; +http://www.bing.com/bingbot.htm) Chrome/116.0.1938.76 Safari/537.36"
52.167.144.172 - - [21/Jul/2026:22:37:10 +0000] "GET /?t=6504223021860&mod=0727588a&uri=pin.php%3Fid%3D217590-893%26name%3Dghostbusters+ecto+lego+ecto+target HTTP/2" 301 0 "-" "Mozilla/5.0 AppleWebKit/537.36 (KHTML, like Gecko; compatible; bingbot/2.0; +http://www.bing.com/bingbot.htm) Chrome/116.0.1938.76 Safari/537.36"
52.167.144.172 - - [21/Jul/2026:22:37:11 +0000] "GET /?t=6460809091860&mod=af4f00ca&uri=pin.php%3Fid%3D216138-67%26name%3Dbobby+pins+hairstyle+with+clips+and+pins HTTP/2" 301 0 "-" "Mozilla/5.0 AppleWebKit/537.36 (KHTML, like Gecko; compatible; bingbot/2.0; +http://www.bing.com/bingbot.htm) Chrome/116.0.1938.76 Safari/537.36"
52.167.144.172 - - [21/Jul/2026:22:37:12 +0000] "GET /?t=6473757021860&mod=8c3b50b8&uri=pin.php%3Fid%3D216570-922%26name%3Dati+radeon+5450+gpuz HTTP/2" 301 0 "-" "Mozilla/5.0 AppleWebKit/537.36 (KHTML, like Gecko; compatible; bingbot/2.0; +http://www.bing.com/bingbot.htm) Chrome/116.0.1938.76 Safari/537.36"
52.167.144.172 - - [21/Jul/2026:22:37:13 +0000] "GET /?t=119584432031860&mod=b7565cca&uri=shop.php%3Fid%3D3999901-1319%26name%3Dpet+shop+doge+shop HTTP/2" 301 0 "-" "Mozilla/5.0 AppleWebKit/537.36 (KHTML, like Gecko; compatible; bingbot/2.0; +http://www.bing.com/bingbot.htm) Chrome/116.0.1938.76 Safari/537.36"
52.167.144.172 - - [21/Jul/2026:22:37:14 +0000] "GET /?t=73235333031860&mod=f4f9d243&uri=shop.php%3Fid%3D2449535-805%26name%3Ddisc+brake+ktm+brake+fluid+type HTTP/2" 301 0 "-" "Mozilla/5.0 AppleWebKit/537.36 (KHTML, like Gecko; compatible; bingbot/2.0; +http://www.bing.com/bingbot.htm) Chrome/116.0.1938.76 Safari/537.36"
157.55.39.204 - - [21/Jul/2026:22:37:19 +0000] "GET /?t=7114973071860&mod=f9c6f82c&uri=article.php%3Fid%3D238013-170%26name%3Dacier+montre+pulsar+ancienne HTTP/2" 301 0 "-" "Mozilla/5.0 AppleWebKit/537.36 (KHTML, like Gecko; compatible; bingbot/2.0; +http://www.bing.com/bingbot.htm) Chrome/116.0.1938.76 Safari/537.36"
52.167.144.183 - - [21/Jul/2026:22:37:23 +0000] "GET /?t=73183937011860&mod=532f98c3&uri=info.php%3Fid%3D2447819-704%26name%3Dhanukkah+menu+hanukkah+vegan+recipes HTTP/2" 301 0 "-" "Mozilla/5.0 AppleWebKit/537.36 (KHTML, like Gecko; compatible; bingbot/2.0; +http://www.bing.com/bingbot.htm) Chrome/116.0.1938.76 Safari/537.36"
52.167.144.195 - - [21/Jul/2026:22:37:23 +0000] "GET /?t=84498699011860&mod=704afe07&uri=search.php%3Fid%3D2826311-8%26name%3Dtriple+h+wwe+judgement+day+2002+full+show HTTP/2" 301 0 "-" "Mozilla/5.0 AppleWebKit/537.36 (KHTML, like Gecko; compatible; bingbot/2.0; +http://www.bing.com/bingbot.htm) Chrome/116.0.1938.76 Safari/537.36"
157.55.39.204 - - [21/Jul/2026:22:37:23 +0000] "GET /?t=6524284031860&mod=6299f7b7&uri=pin.php%3Fid%3D218269-391%26name%3Dasus+nvidia+geforce+gtx+1660+super+download HTTP/2" 301 0 "-" "Mozilla/5.0 AppleWebKit/537.36 (KHTML, like Gecko; compatible; bingbot/2.0; +http://www.bing.com/bingbot.htm) Chrome/116.0.1938.76 Safari/537.36"
52.167.144.183 - - [21/Jul/2026:22:37:24 +0000] "GET /?t=6357664021860&mod=e1e1db28&uri=pin.php%3Fid%3D212694-911%26name%3Dreggiseni+invisibili+reggiseno+per+body HTTP/2" 301 0 "-" "Mozilla/5.0 AppleWebKit/537.36 (KHTML, like Gecko; compatible; bingbot/2.0; +http://www.bing.com/bingbot.htm) Chrome/116.0.1938.76 Safari/537.36"
52.167.144.195 - - [21/Jul/2026:22:37:25 +0000] "GET /?t=16248989031860&mod=58742c0e&uri=pin.php%3Fid%3D543445-1154%26name%3Dmaillot+thailande+cadenza HTTP/2" 301 0 "-" "Mozilla/5.0 AppleWebKit/537.36 (KHTML, like Gecko; compatible; bingbot/2.0; +http://www.bing.com/bingbot.htm) Chrome/116.0.1938.76 Safari/537.36"
157.55.39.204 - - [21/Jul/2026:22:37:28 +0000] "GET /?t=34132133031860&mod=1f5f5b26&uri=products.php%3Fid%3D1141637-54%26name%3Dpork+chops+pork+loin+roast+dry+rub HTTP/2" 301 0 "-" "Mozilla/5.0 AppleWebKit/537.36 (KHTML, like Gecko; compatible; bingbot/2.0; +http://www.bing.com/bingbot.htm) Chrome/116.0.1938.76 Safari/537.36"
207.46.13.150 - - [21/Jul/2026:22:37:29 +0000] "GET /?t=41376322041860&mod=401dbd6f&uri=products.php%3Fid%3D1383954-665%26name%3D001+270+azul HTTP/2" 301 0 "-" "Mozilla/5.0 AppleWebKit/537.36 (KHTML, like Gecko; compatible; bingbot/2.0; +http://www.bing.com/bingbot.htm) Chrome/116.0.1938.76 Safari/537.36"
207.46.13.150 - - [21/Jul/2026:22:37:33 +0000] "GET /?t=106155102131860&mod=31ca0ca7&uri=dp.php%3Fid%3D3550676-33%26name%3Dairpods+seahawks+cover HTTP/2" 301 0 "-" "Mozilla/5.0 AppleWebKit/537.36 (KHTML, like Gecko; compatible; bingbot/2.0; +http://www.bing.com/bingbot.htm) Chrome/116.0.1938.76 Safari/537.36"
66.249.66.164 - - [21/Jul/2026:22:37:35 +0000] "GET /wp-content/uploads/2016/11/Screen-Shot-2016-11-29-at-5.28.10-PM-1024x442.png HTTP/1.1" 301 0 "-" "Googlebot-Image/1.0"
157.55.39.204 - - [21/Jul/2026:22:37:36 +0000] "GET /?t=5250290041860&mod=423d7c60&uri=us.php%3Fid%3D175650-572%26name%3Dclothes+european+size HTTP/2" 301 0 "-" "Mozilla/5.0 AppleWebKit/537.36 (KHTML, like Gecko; compatible; bingbot/2.0; +http://www.bing.com/bingbot.htm) Chrome/116.0.1938.76 Safari/537.36"
52.167.144.195 - - [21/Jul/2026:22:37:36 +0000] "GET /?t=63606273031860&mod=b618c321&uri=search.php%3Fid%3D2127473-16%26name%3Dnoise+cancelling+headphones+call+centre+headset+argos HTTP/2" 301 0 "-" "Mozilla/5.0 AppleWebKit/537.36 (KHTML, like Gecko; compatible; bingbot/2.0; +http://www.bing.com/bingbot.htm) Chrome/116.0.1938.76 Safari/537.36"
52.167.144.195 - - [21/Jul/2026:22:37:38 +0000] "GET /?t=109521592071860&mod=3abd1e42&uri=form.php%3Fid%3D3663322-1199%26name%3Duniform+skirt+skirt+sports+resale HTTP/2" 301 0 "-" "Mozilla/5.0 AppleWebKit/537.36 (KHTML, like Gecko; compatible; bingbot/2.0; +http://www.bing.com/bingbot.htm) Chrome/116.0.1938.76 Safari/537.36"
40.77.167.27 - - [21/Jul/2026:22:37:41 +0000] "GET /?t=28032605041860&mod=f45cc474&uri=category-info.php%3Fid%3D937628-103%26name%3Dhyperx+fury+4x4+ddr4 HTTP/2" 301 0 "-" "Mozilla/5.0 AppleWebKit/537.36 (KHTML, like Gecko; compatible; bingbot/2.0; +http://www.bing.com/bingbot.htm) Chrome/116.0.1938.76 Safari/537.36"
157.55.39.204 - - [21/Jul/2026:22:37:41 +0000] "GET /?t=6549417061860&mod=6299f7b7&uri=product.php%3Fid%3D219111-391%26name%3D610+zone+edition+zotac+gt+610+driver HTTP/2" 301 0 "-" "Mozilla/5.0 AppleWebKit/537.36 (KHTML, like Gecko; compatible; bingbot/2.0; +http://www.bing.com/bingbot.htm) Chrome/116.0.1938.76 Safari/537.36"
40.77.167.27 - - [21/Jul/2026:22:37:43 +0000] "GET /?t=25335270051860&mod=51624edf&uri=form.php%3Fid%3D847427-111%26name%3Dvintage+aro+de+lentes HTTP/2" 301 0 "-" "Mozilla/5.0 AppleWebKit/537.36 (KHTML, like Gecko; compatible; bingbot/2.0; +http://www.bing.com/bingbot.htm) Chrome/116.0.1938.76 Safari/537.36"
66.249.66.161 - - [21/Jul/2026:22:37:44 +0000] "GET /wp-content/uploads/2016/11/Screen-Shot-2016-11-29-at-5.28.10-PM-1024x442.png HTTP/1.1" 404 15577 "-" "Googlebot-Image/1.0"
157.55.39.204 - - [21/Jul/2026:22:37:57 +0000] "GET /?t=5377649041860&mod=af78d2a3&uri=article.php%3Fid%3D179910-204%26name%3Dchicago+bulls+maglia+jordan+uomo+bianca HTTP/2" 301 0 "-" "Mozilla/5.0 AppleWebKit/537.36 (KHTML, like Gecko; compatible; bingbot/2.0; +http://www.bing.com/bingbot.htm) Chrome/116.0.1938.76 Safari/537.36"
157.55.39.204 - - [21/Jul/2026:22:38:01 +0000] "GET /?t=32661177111860&mod=9333fc4f&uri=shop.php%3Fid%3D1092434-326%26name%3Dfunda+protectora+silicona+protectora+de+zapatos HTTP/2" 301 0 "-" "Mozilla/5.0 AppleWebKit/537.36 (KHTML, like Gecko; compatible; bingbot/2.0; +http://www.bing.com/bingbot.htm) Chrome/116.0.1938.76 Safari/537.36"
216.24.210.180 - - [21/Jul/2026:22:38:08 +0000] "POST /wp-login.php HTTP/1.1" 200 2336 "-" "Mozilla/5.0 (Windows NT 10.0; Win64; rv:143.0) Gecko/20100101 Firefox/143.0"
172.202.37.160 - - [21/Jul/2026:22:39:53 +0000] "GET /wp-content/plugins/hellopress/wp_filemanager.php HTTP/1.1" 401 36 "-" "-"
172.202.37.160 - - [21/Jul/2026:22:39:54 +0000] "GET /this_is_a_new_hello_world.php HTTP/1.1" 401 36 "-" "-"
172.202.37.160 - - [21/Jul/2026:22:39:54 +0000] "GET /jga.php HTTP/1.1" 401 36 "-" "-"
172.202.37.160 - - [21/Jul/2026:22:39:55 +0000] "GET /x.php HTTP/1.1" 401 36 "-" "-"
172.202.37.160 - - [21/Jul/2026:22:39:55 +0000] "GET /tinyfilemanager.php HTTP/1.1" 401 36 "-" "-"
172.202.37.160 - - [21/Jul/2026:22:39:55 +0000] "GET /ee.php HTTP/1.1" 401 36 "-" "-"
172.202.37.160 - - [21/Jul/2026:22:39:56 +0000] "GET /blue.php HTTP/1.1" 401 36 "-" "-"
172.202.37.160 - - [21/Jul/2026:22:39:56 +0000] "GET /wp-signup.php HTTP/1.1" 401 36 "-" "-"
172.202.37.160 - - [21/Jul/2026:22:39:57 +0000] "GET /csa.php HTTP/1.1" 401 36 "-" "-"
172.202.37.160 - - [21/Jul/2026:22:39:57 +0000] "GET /min.php HTTP/1.1" 401 36 "-" "-"
172.202.37.160 - - [21/Jul/2026:22:39:57 +0000] "GET /echkm.php HTTP/1.1" 401 36 "-" "-"
172.202.37.160 - - [21/Jul/2026:22:39:58 +0000] "GET /mac.php HTTP/1.1" 401 36 "-" "-"
172.202.37.160 - - [21/Jul/2026:22:39:58 +0000] "GET /abcd.php HTTP/1.1" 401 36 "-" "-"
172.202.37.160 - - [21/Jul/2026:22:39:59 +0000] "GET /xyn.php HTTP/1.1" 401 36 "-" "-"
172.202.37.160 - - [21/Jul/2026:22:39:59 +0000] "GET /byp8.php HTTP/1.1" 401 36 "-" "-"
172.202.37.160 - - [21/Jul/2026:22:40:00 +0000] "GET /user.php HTTP/1.1" 401 36 "-" "-"
172.202.37.160 - - [21/Jul/2026:22:40:00 +0000] "GET /ops.php HTTP/1.1" 401 36 "-" "-"
172.202.37.160 - - [21/Jul/2026:22:40:00 +0000] "GET /term.php HTTP/1.1" 401 36 "-" "-"
172.202.37.160 - - [21/Jul/2026:22:40:01 +0000] "GET /ah25.php HTTP/1.1" 401 36 "-" "-"
