66.249.66.66 - - [21/Jul/2026:16:54:35 +0000] "GET /sorority-party-massacre/ HTTP/1.1" 200 19069 "-" "Mozilla/5.0 (Linux; Android 6.0.1; Nexus 5X Build/MMB29P) AppleWebKit/537.36 (KHTML, like Gecko) Chrome/150.0.7871.128 Mobile Safari/537.36 (compatible; Googlebot/2.1; +http://www.google.com/bot.html)"
66.249.66.34 - - [21/Jul/2026:16:54:41 +0000] "GET /wp-content/plugins/elementor-pro/assets/js/webpack-pro.runtime.min.js?ver=3.30.1 HTTP/1.1" 200 2621 "https://www.azfilmstudios.com/sorority-party-massacre/" "Mozilla/5.0 (Linux; Android 6.0.1; Nexus 5X Build/MMB29P) AppleWebKit/537.36 (KHTML, like Gecko) Chrome/150.0.7871.128 Mobile Safari/537.36 (compatible; Googlebot/2.1; +http://www.google.com/bot.html)"
45.138.16.237 - - [21/Jul/2026:16:55:12 +0000] "GET / HTTP/2" 302 0 "azfilmstudios.com" "Mozilla/5.0 (Linux; Android 9; SM-J730FM Build/PPR1.180610.011) AppleWebKit/537.36 (KHTML, like Gecko) Chrome/81.0.4044.138 Mobile Safari/537.36 YaApp_Android/10.61 YaSearchBrowser/10.61"
216.73.217.178 - - [21/Jul/2026:16:55:42 +0000] "GET /sitemap_index.xml HTTP/2" 200 382 "-" "Mozilla/5.0 AppleWebKit/537.36 (KHTML, like Gecko; compatible; ClaudeBot/1.0; +claudebot@anthropic.com)"
40.77.167.149 - - [21/Jul/2026:16:57:21 +0000] "GET /?t=98034482051860&mod=307c35d4&uri=us.php%3Fid%3D3279067-347%26name%3Dgg+1000+how+much+g+shock+watches+cost HTTP/2" 301 0 "-" "Mozilla/5.0 AppleWebKit/537.36 (KHTML, like Gecko; compatible; bingbot/2.0; +http://www.bing.com/bingbot.htm) Chrome/116.0.1938.76 Safari/537.36"
40.77.167.152 - - [21/Jul/2026:16:57:24 +0000] "GET /?t=6486519041860&mod=8464c6c8&uri=shared.php%3Fid%3D216996-354%26name%3Duniform+cardinals+retro+jersey HTTP/2" 301 0 "-" "Mozilla/5.0 AppleWebKit/537.36 (KHTML, like Gecko; compatible; bingbot/2.0; +http://www.bing.com/bingbot.htm) Chrome/116.0.1938.76 Safari/537.36"
40.77.167.152 - - [21/Jul/2026:16:57:25 +0000] "GET /?t=22528927001860&mod=a827c895&uri=info.php%3Fid%3D753532-258%26name%3Dlinen+kurta+z+black+kurta+pajama HTTP/2" 301 0 "-" "Mozilla/5.0 AppleWebKit/537.36 (KHTML, like Gecko; compatible; bingbot/2.0; +http://www.bing.com/bingbot.htm) Chrome/116.0.1938.76 Safari/537.36"
40.77.167.149 - - [21/Jul/2026:16:57:26 +0000] "GET /?t=87128440011860&mod=fa2431bf&uri=article.php%3Fid%3D2914329-22%26name%3Dindego+bicycle+indego+stations HTTP/2" 301 0 "-" "Mozilla/5.0 AppleWebKit/537.36 (KHTML, like Gecko; compatible; bingbot/2.0; +http://www.bing.com/bingbot.htm) Chrome/116.0.1938.76 Safari/537.36"
40.77.167.152 - - [21/Jul/2026:16:57:26 +0000] "GET /?t=64670274081860&mod=5222b700&uri=category-info.php%3Fid%3D2163052-717%26name%3Dcrochet+paso+vestidos+de+dama+tejidos+a+crochet HTTP/2" 301 0 "-" "Mozilla/5.0 AppleWebKit/537.36 (KHTML, like Gecko; compatible; bingbot/2.0; +http://www.bing.com/bingbot.htm) Chrome/116.0.1938.76 Safari/537.36"
40.77.167.152 - - [21/Jul/2026:16:57:27 +0000] "GET /?t=75640081071860&mod=c1840640&uri=itm.php%3Fid%3D2529969-315%26name%3Dsteel+fossil+watches+online+shopping HTTP/2" 301 0 "-" "Mozilla/5.0 AppleWebKit/537.36 (KHTML, like Gecko; compatible; bingbot/2.0; +http://www.bing.com/bingbot.htm) Chrome/116.0.1938.76 Safari/537.36"
52.167.144.143 - - [21/Jul/2026:16:57:27 +0000] "GET /?t=44950809001860&mod=92718589&uri=shared.php%3Fid%3D1503526-104%26name%3Dfolding+flipkart+cloth+stand HTTP/2" 301 0 "-" "Mozilla/5.0 AppleWebKit/537.36 (KHTML, like Gecko; compatible; bingbot/2.0; +http://www.bing.com/bingbot.htm) Chrome/116.0.1938.76 Safari/537.36"
157.55.39.192 - - [21/Jul/2026:16:57:29 +0000] "GET /?t=53602792131860&mod=c1840640&uri=article.php%3Fid%3D1792895-315%26name%3Dtable+real+madrid+stream HTTP/2" 301 0 "-" "Mozilla/5.0 AppleWebKit/537.36 (KHTML, like Gecko; compatible; bingbot/2.0; +http://www.bing.com/bingbot.htm) Chrome/116.0.1938.76 Safari/537.36"
157.55.39.192 - - [21/Jul/2026:16:57:30 +0000] "GET /?t=73160423031860&mod=d0379e4d&uri=info.php%3Fid%3D2447035-91%26name%3Dvinyl+figures+harry+potter+prisoner+of+azkaban+funko+pop HTTP/2" 301 0 "-" "Mozilla/5.0 AppleWebKit/537.36 (KHTML, like Gecko; compatible; bingbot/2.0; +http://www.bing.com/bingbot.htm) Chrome/116.0.1938.76 Safari/537.36"
157.55.39.192 - - [21/Jul/2026:16:57:30 +0000] "GET /?t=32529330001860&mod=e24a5269&uri=products.php%3Fid%3D1088022-387%26name%3Dfossil+willa+leather+tote+bag HTTP/2" 301 0 "-" "Mozilla/5.0 AppleWebKit/537.36 (KHTML, like Gecko; compatible; bingbot/2.0; +http://www.bing.com/bingbot.htm) Chrome/116.0.1938.76 Safari/537.36"
66.249.66.193 - - [21/Jul/2026:16:57:36 +0000] "GET /maul-dogs/ HTTP/1.1" 301 0 "-" "Mozilla/5.0 (Linux; Android 6.0.1; Nexus 5X Build/MMB29P) AppleWebKit/537.36 (KHTML, like Gecko) Chrome/150.0.7871.128 Mobile Safari/537.36 (compatible; Googlebot/2.1; +http://www.google.com/bot.html)"
52.167.144.143 - - [21/Jul/2026:16:57:37 +0000] "GET /?t=5305997031860&mod=604ed2b8&uri=goods.php%3Fid%3D177517-256%26name%3Dtutu+vestidos+de+la+sirenita HTTP/2" 301 0 "-" "Mozilla/5.0 AppleWebKit/537.36 (KHTML, like Gecko; compatible; bingbot/2.0; +http://www.bing.com/bingbot.htm) Chrome/116.0.1938.76 Safari/537.36"
52.167.144.143 - - [21/Jul/2026:16:57:37 +0000] "GET /?t=87641131061860&mod=b49732e7&uri=dp.php%3Fid%3D2931458-146%26name%3Dandroid+smart+top+cheap+smart+watches HTTP/2" 301 0 "-" "Mozilla/5.0 AppleWebKit/537.36 (KHTML, like Gecko; compatible; bingbot/2.0; +http://www.bing.com/bingbot.htm) Chrome/116.0.1938.76 Safari/537.36"
157.55.39.6 - - [21/Jul/2026:16:57:38 +0000] "GET /?t=98141584051860&mod=2a44fc01&uri=search.php%3Fid%3D3282655-322%26name%3Dfitness+equipment+exercise+karne+wali+machine HTTP/2" 301 0 "-" "Mozilla/5.0 AppleWebKit/537.36 (KHTML, like Gecko; compatible; bingbot/2.0; +http://www.bing.com/bingbot.htm) Chrome/116.0.1938.76 Safari/537.36"
52.167.144.143 - - [21/Jul/2026:16:57:38 +0000] "GET /?t=86012253001860&mod=a7dc07ed&uri=us.php%3Fid%3D2877005-134%26name%3Djohn+hughes+home+alone+amazon+prime HTTP/2" 301 0 "-" "Mozilla/5.0 AppleWebKit/537.36 (KHTML, like Gecko; compatible; bingbot/2.0; +http://www.bing.com/bingbot.htm) Chrome/116.0.1938.76 Safari/537.36"
157.55.39.6 - - [21/Jul/2026:16:57:39 +0000] "GET /?t=47580535021860&mod=ce2dc9bb&uri=search.php%3Fid%3D1591481-738%26name%3Dbraune+ledersandalen+braune+absatz+sandalen HTTP/2" 301 0 "-" "Mozilla/5.0 AppleWebKit/537.36 (KHTML, like Gecko; compatible; bingbot/2.0; +http://www.bing.com/bingbot.htm) Chrome/116.0.1938.76 Safari/537.36"
52.167.144.143 - - [21/Jul/2026:16:57:39 +0000] "GET /?t=63730113031860&mod=48237d9f&uri=article.php%3Fid%3D2131613-52%26name%3Dgraphic+tees+funny+shirt+slogans HTTP/2" 301 0 "-" "Mozilla/5.0 AppleWebKit/537.36 (KHTML, like Gecko; compatible; bingbot/2.0; +http://www.bing.com/bingbot.htm) Chrome/116.0.1938.76 Safari/537.36"
52.167.144.143 - - [21/Jul/2026:16:57:40 +0000] "GET /?t=6406078061860&mod=fd45c64e&uri=form.php%3Fid%3D214312-59%26name%3Dolympea+paco+rabanne+30+ml HTTP/2" 301 0 "-" "Mozilla/5.0 AppleWebKit/537.36 (KHTML, like Gecko; compatible; bingbot/2.0; +http://www.bing.com/bingbot.htm) Chrome/116.0.1938.76 Safari/537.36"
157.55.39.6 - - [21/Jul/2026:16:57:41 +0000] "GET /?t=10927183031860&mod=0c2bcf2e&uri=blog.php%3Fid%3D365497-89%26name%3Dwhite+colour+white+dress+website HTTP/2" 301 0 "-" "Mozilla/5.0 AppleWebKit/537.36 (KHTML, like Gecko; compatible; bingbot/2.0; +http://www.bing.com/bingbot.htm) Chrome/116.0.1938.76 Safari/537.36"
40.77.167.14 - - [21/Jul/2026:16:57:41 +0000] "GET /?t=65435183031860&mod=5d8804b8&uri=article.php%3Fid%3D2188665-755%26name%3Ddeuter+toiletry+bag HTTP/2" 301 0 "-" "Mozilla/5.0 AppleWebKit/537.36 (KHTML, like Gecko; compatible; bingbot/2.0; +http://www.bing.com/bingbot.htm) Chrome/116.0.1938.76 Safari/537.36"
40.77.167.14 - - [21/Jul/2026:16:57:42 +0000] "GET /?t=6166578001860&mod=b03790af&uri=news.php%3Fid%3D206308-234%26name%3Dparty+plates+heavy+duty+plastic+dinnerware+sets HTTP/2" 301 0 "-" "Mozilla/5.0 AppleWebKit/537.36 (KHTML, like Gecko; compatible; bingbot/2.0; +http://www.bing.com/bingbot.htm) Chrome/116.0.1938.76 Safari/537.36"
40.77.167.14 - - [21/Jul/2026:16:57:43 +0000] "GET /?t=6854657051860&mod=e61d2ed0&uri=pin.php%3Fid%3D229317-273%26name%3Dmatch+ball+uefa+champions+league+balon HTTP/2" 301 0 "-" "Mozilla/5.0 AppleWebKit/537.36 (KHTML, like Gecko; compatible; bingbot/2.0; +http://www.bing.com/bingbot.htm) Chrome/116.0.1938.76 Safari/537.36"
40.77.167.14 - - [21/Jul/2026:16:57:44 +0000] "GET /?t=22914505021860&mod=b618c321&uri=blog.php%3Fid%3D766426-16%26name%3Dwireless+headphones+officeworks+headset+with+mic HTTP/2" 301 0 "-" "Mozilla/5.0 AppleWebKit/537.36 (KHTML, like Gecko; compatible; bingbot/2.0; +http://www.bing.com/bingbot.htm) Chrome/116.0.1938.76 Safari/537.36"
40.77.167.48 - - [21/Jul/2026:16:57:44 +0000] "GET /?t=26917546031860&mod=b19ce567&uri=dp.php%3Fid%3D900335-1306%26name%3Dfashion+nigeer+backpack HTTP/2" 301 0 "-" "Mozilla/5.0 AppleWebKit/537.36 (KHTML, like Gecko; compatible; bingbot/2.0; +http://www.bing.com/bingbot.htm) Chrome/116.0.1938.76 Safari/537.36"
40.77.167.48 - - [21/Jul/2026:16:57:45 +0000] "GET /?t=98140744001860&mod=ca9547f9&uri=shared.php%3Fid%3D3282627-1466%26name%3Dskate+shoes+sb+stefan+janoski+max+black%2Fblack HTTP/2" 301 0 "-" "Mozilla/5.0 AppleWebKit/537.36 (KHTML, like Gecko; compatible; bingbot/2.0; +http://www.bing.com/bingbot.htm) Chrome/116.0.1938.76 Safari/537.36"
66.249.66.194 - - [21/Jul/2026:16:57:46 +0000] "GET /maul-dogs/ HTTP/1.1" 200 19169 "-" "Mozilla/5.0 (Linux; Android 6.0.1; Nexus 5X Build/MMB29P) AppleWebKit/537.36 (KHTML, like Gecko) Chrome/150.0.7871.128 Mobile Safari/537.36 (compatible; Googlebot/2.1; +http://www.google.com/bot.html)"
40.77.167.48 - - [21/Jul/2026:16:57:47 +0000] "GET /?t=29802558021860&mod=44186c84&uri=news.php%3Fid%3D996840-654%26name%3Dsmartphone+heart+rate+sensor+galaxy+s10 HTTP/2" 301 0 "-" "Mozilla/5.0 AppleWebKit/537.36 (KHTML, like Gecko; compatible; bingbot/2.0; +http://www.bing.com/bingbot.htm) Chrome/116.0.1938.76 Safari/537.36"
157.55.39.11 - - [21/Jul/2026:16:57:47 +0000] "GET /?t=119389097021860&mod=45ed3af6&uri=us.php%3Fid%3D3993376-429%26name%3Dadidas+originals+adidas+trofeo+tracksuit HTTP/2" 301 0 "-" "Mozilla/5.0 AppleWebKit/537.36 (KHTML, like Gecko; compatible; bingbot/2.0; +http://www.bing.com/bingbot.htm) Chrome/116.0.1938.76 Safari/537.36"
157.55.39.11 - - [21/Jul/2026:16:57:48 +0000] "GET /?t=5320046111860&mod=868d02a5&uri=info.php%3Fid%3D177986-585%26name%3Dsquare+neck+dress+neckline+too+low HTTP/2" 301 0 "-" "Mozilla/5.0 AppleWebKit/537.36 (KHTML, like Gecko; compatible; bingbot/2.0; +http://www.bing.com/bingbot.htm) Chrome/116.0.1938.76 Safari/537.36"
52.167.144.168 - - [21/Jul/2026:16:57:50 +0000] "GET /?t=12543613011860&mod=236cd939&uri=blog.php%3Fid%3D419576-1165%26name%3Dflap+wallet+loungefly+avengers+wallet HTTP/2" 301 0 "-" "Mozilla/5.0 AppleWebKit/537.36 (KHTML, like Gecko; compatible; bingbot/2.0; +http://www.bing.com/bingbot.htm) Chrome/116.0.1938.76 Safari/537.36"
52.167.144.143 - - [21/Jul/2026:16:57:51 +0000] "GET /?t=6663132011860&mod=9f425117&uri=form.php%3Fid%3D222919-845%26name%3Dcanvas+the+kooples+high+top+sneakers HTTP/2" 301 0 "-" "Mozilla/5.0 AppleWebKit/537.36 (KHTML, like Gecko; compatible; bingbot/2.0; +http://www.bing.com/bingbot.htm) Chrome/116.0.1938.76 Safari/537.36"
66.249.66.64 - - [21/Jul/2026:16:57:52 +0000] "GET /wp-content/themes/frames/assets/libraries/animate/animate.min.css?ver=7.0 HTTP/1.1" 200 1548 "https://www.azfilmstudios.com/maul-dogs/" "Mozilla/5.0 (Linux; Android 6.0.1; Nexus 5X Build/MMB29P) AppleWebKit/537.36 (KHTML, like Gecko) Chrome/150.0.7871.128 Mobile Safari/537.36 (compatible; Googlebot/2.1; +http://www.google.com/bot.html)"
52.167.144.168 - - [21/Jul/2026:16:57:52 +0000] "GET /?t=95622846071860&mod=a0f56bb4&uri=brands.php%3Fid%3D3198405-562%26name%3Dmitsubishi+ecodan+r32+mitsubishi+monobloc+heat+pump HTTP/2" 301 0 "-" "Mozilla/5.0 AppleWebKit/537.36 (KHTML, like Gecko; compatible; bingbot/2.0; +http://www.bing.com/bingbot.htm) Chrome/116.0.1938.76 Safari/537.36"
52.167.144.168 - - [21/Jul/2026:16:57:52 +0000] "GET /?t=56128524031860&mod=1f034ade&uri=pin.php%3Fid%3D1877384-316%26name%3Dpink+marian+rivera+evening+gowns HTTP/2" 301 0 "-" "Mozilla/5.0 AppleWebKit/537.36 (KHTML, like Gecko; compatible; bingbot/2.0; +http://www.bing.com/bingbot.htm) Chrome/116.0.1938.76 Safari/537.36"
66.249.66.200 - - [21/Jul/2026:16:57:54 +0000] "GET /wp-content/uploads/elementor/css/post-1850.css?ver=1779325509 HTTP/1.1" 200 922 "https://www.azfilmstudios.com/maul-dogs/" "Mozilla/5.0 (Linux; Android 6.0.1; Nexus 5X Build/MMB29P) AppleWebKit/537.36 (KHTML, like Gecko) Chrome/150.0.7871.128 Mobile Safari/537.36 (compatible; Googlebot/2.1; +http://www.google.com/bot.html)"
52.167.144.168 - - [21/Jul/2026:16:57:55 +0000] "GET /?t=97960127051860&mod=3097980e&uri=info.php%3Fid%3D3276582-1876%26name%3Dgoose+francy+high+top+golden+goose+sale HTTP/2" 301 0 "-" "Mozilla/5.0 AppleWebKit/537.36 (KHTML, like Gecko; compatible; bingbot/2.0; +http://www.bing.com/bingbot.htm) Chrome/116.0.1938.76 Safari/537.36"
66.249.66.165 - - [21/Jul/2026:17:02:35 +0000] "GET /opus-of-an-angel/ HTTP/1.1" 301 0 "-" "Mozilla/5.0 (Linux; Android 6.0.1; Nexus 5X Build/MMB29P) AppleWebKit/537.36 (KHTML, like Gecko) Chrome/150.0.7871.128 Mobile Safari/537.36 (compatible; Googlebot/2.1; +http://www.google.com/bot.html)"
66.249.66.32 - - [21/Jul/2026:17:02:48 +0000] "GET /opus-of-an-angel/ HTTP/1.1" 200 19209 "-" "Mozilla/5.0 (Linux; Android 6.0.1; Nexus 5X Build/MMB29P) AppleWebKit/537.36 (KHTML, like Gecko) Chrome/150.0.7871.128 Mobile Safari/537.36 (compatible; Googlebot/2.1; +http://www.google.com/bot.html)"
66.249.66.2 - - [21/Jul/2026:17:02:57 +0000] "GET /wp-content/uploads/elementor/css/post-1850.css?ver=1779325509 HTTP/1.1" 200 922 "https://www.azfilmstudios.com/opus-of-an-angel/" "Mozilla/5.0 (Linux; Android 6.0.1; Nexus 5X Build/MMB29P) AppleWebKit/537.36 (KHTML, like Gecko) Chrome/150.0.7871.128 Mobile Safari/537.36 (compatible; Googlebot/2.1; +http://www.google.com/bot.html)"
66.249.66.192 - - [21/Jul/2026:17:03:06 +0000] "GET /wp-includes/js/comment-reply.min.js?ver=7.0 HTTP/1.1" 200 1247 "https://www.azfilmstudios.com/opus-of-an-angel/" "Mozilla/5.0 (Linux; Android 6.0.1; Nexus 5X Build/MMB29P) AppleWebKit/537.36 (KHTML, like Gecko) Chrome/150.0.7871.128 Mobile Safari/537.36 (compatible; Googlebot/2.1; +http://www.google.com/bot.html)"
213.180.203.93 - - [21/Jul/2026:17:03:10 +0000] "GET /robots.txt HTTP/1.1" 200 179 "-" "Mozilla/5.0 (compatible; YandexBot/3.0; +http://yandex.com/bots)"
95.108.213.136 - - [21/Jul/2026:17:03:11 +0000] "GET /wp-content/uploads/2025/08/cropped-WhatsApp-Image-2025-08-29-at-04.15.11-192x192.jpeg HTTP/2" 200 8615 "-" "Mozilla/5.0 (compatible; YandexFavicons/1.0; +http://yandex.com/bots)"
5.255.231.172 - - [21/Jul/2026:17:03:12 +0000] "GET /wp-content/uploads/2025/08/cropped-WhatsApp-Image-2025-08-29-at-04.15.11-32x32.jpeg HTTP/2" 200 885 "-" "Mozilla/5.0 (compatible; YandexFavicons/1.0; +http://yandex.com/bots)"
198.38.94.67 - - [21/Jul/2026:17:03:57 +0000] "POST /wp-cron.php?doing_wp_cron=1784653436.9848260879516601562500 HTTP/1.1" 200 0 "-" "WordPress/7.0; https://www.azfilmstudios.com"
157.55.39.11 - - [21/Jul/2026:17:03:56 +0000] "GET /?t=26318263051860&mod=fa2431bf&uri=product.php%3Fid%3D880293-22%26name%3Ddown+country+best+short+travel+mountain+bikes+2021 HTTP/2" 301 0 "-" "Mozilla/5.0 AppleWebKit/537.36 (KHTML, like Gecko; compatible; bingbot/2.0; +http://www.bing.com/bingbot.htm) Chrome/116.0.1938.76 Safari/537.36"
157.55.39.11 - - [21/Jul/2026:17:03:57 +0000] "GET /?t=6749716051860&mod=e231a950&uri=info.php%3Fid%3D225813-183%26name%3Dbolsas+negras+bolsas+de+plastico+por+mayoreo HTTP/2" 301 0 "-" "Mozilla/5.0 AppleWebKit/537.36 (KHTML, like Gecko; compatible; bingbot/2.0; +http://www.bing.com/bingbot.htm) Chrome/116.0.1938.76 Safari/537.36"
52.167.144.143 - - [21/Jul/2026:17:03:58 +0000] "GET /?t=118992664141860&mod=9e943c9a&uri=form.php%3Fid%3D3980127-650%26name%3Dbuty+adidas+adidas+dragon+shoes+for+sale HTTP/2" 301 0 "-" "Mozilla/5.0 AppleWebKit/537.36 (KHTML, like Gecko; compatible; bingbot/2.0; +http://www.bing.com/bingbot.htm) Chrome/116.0.1938.76 Safari/537.36"
157.55.39.11 - - [21/Jul/2026:17:03:58 +0000] "GET /?t=5172833051860&mod=26b5f411&uri=shop.php%3Fid%3D173063-556%26name%3Dduck+camo+adidas+nmd+purple+camo HTTP/2" 301 0 "-" "Mozilla/5.0 AppleWebKit/537.36 (KHTML, like Gecko; compatible; bingbot/2.0; +http://www.bing.com/bingbot.htm) Chrome/116.0.1938.76 Safari/537.36"
40.77.167.14 - - [21/Jul/2026:17:03:58 +0000] "GET /?t=85707529101860&mod=a7dc07ed&uri=article.php%3Fid%3D2866805-134%26name%3Dmovie+synecdoche+new+york+online+free HTTP/2" 301 0 "-" "Mozilla/5.0 AppleWebKit/537.36 (KHTML, like Gecko; compatible; bingbot/2.0; +http://www.bing.com/bingbot.htm) Chrome/116.0.1938.76 Safari/537.36"
198.38.94.67 - - [21/Jul/2026:17:04:00 +0000] "POST /wp-cron.php?doing_wp_cron=1784653440.2694730758666992187500 HTTP/1.1" 200 0 "-" "WordPress/7.0; https://www.azfilmstudios.com"
52.167.144.143 - - [21/Jul/2026:17:03:59 +0000] "GET /?t=119579212051860&mod=266ccd52&uri=goods.php%3Fid%3D3999727-279%26name%3Dwacom+one+drawing+tablet+expensive HTTP/2" 301 0 "-" "Mozilla/5.0 AppleWebKit/537.36 (KHTML, like Gecko; compatible; bingbot/2.0; +http://www.bing.com/bingbot.htm) Chrome/116.0.1938.76 Safari/537.36"
52.167.144.143 - - [21/Jul/2026:17:04:00 +0000] "GET /?t=45287019051860&mod=28e2ec06&uri=itm.php%3Fid%3D1514765-190%26name%3Dexposed+ceiling+exposed+ventilation+ducts HTTP/2" 301 0 "-" "Mozilla/5.0 AppleWebKit/537.36 (KHTML, like Gecko; compatible; bingbot/2.0; +http://www.bing.com/bingbot.htm) Chrome/116.0.1938.76 Safari/537.36"
52.167.144.143 - - [21/Jul/2026:17:04:01 +0000] "GET /?t=6169128001860&mod=b03790af&uri=news.php%3Fid%3D206393-234%26name%3Dcordless+travel+hair+blower HTTP/2" 301 0 "-" "Mozilla/5.0 AppleWebKit/537.36 (KHTML, like Gecko; compatible; bingbot/2.0; +http://www.bing.com/bingbot.htm) Chrome/116.0.1938.76 Safari/537.36"
52.167.144.143 - - [21/Jul/2026:17:04:02 +0000] "GET /?t=57870301031860&mod=4b5fb5ef&uri=shared.php%3Fid%3D1935629-252%26name%3Dherrenjacken+winterjacke+business+herren HTTP/2" 301 0 "-" "Mozilla/5.0 AppleWebKit/537.36 (KHTML, like Gecko; compatible; bingbot/2.0; +http://www.bing.com/bingbot.htm) Chrome/116.0.1938.76 Safari/537.36"
52.167.144.143 - - [21/Jul/2026:17:04:03 +0000] "GET /?t=5988598041860&mod=9d120ada&uri=article.php%3Fid%3D200361-427%26name%3Dyellow+gold+emerald+emerald+engagement+rings+uk HTTP/2" 301 0 "-" "Mozilla/5.0 AppleWebKit/537.36 (KHTML, like Gecko; compatible; bingbot/2.0; +http://www.bing.com/bingbot.htm) Chrome/116.0.1938.76 Safari/537.36"
157.55.39.11 - - [21/Jul/2026:17:04:05 +0000] "GET /?t=85842046031860&mod=ad91f9d3&uri=brands.php%3Fid%3D2871312-775%26name%3Dcombiner+wars+transformers+juguetes+devastador HTTP/2" 301 0 "-" "Mozilla/5.0 AppleWebKit/537.36 (KHTML, like Gecko; compatible; bingbot/2.0; +http://www.bing.com/bingbot.htm) Chrome/116.0.1938.76 Safari/537.36"
157.55.39.11 - - [21/Jul/2026:17:04:06 +0000] "GET /?t=32088644031860&mod=e1df947c&uri=shared.php%3Fid%3D1073287-929%26name%3Dfranke+sale+griferia+franke+repuestos HTTP/2" 301 0 "-" "Mozilla/5.0 AppleWebKit/537.36 (KHTML, like Gecko; compatible; bingbot/2.0; +http://www.bing.com/bingbot.htm) Chrome/116.0.1938.76 Safari/537.36"
40.77.167.14 - - [21/Jul/2026:17:04:09 +0000] "GET /?t=65313253091860&mod=92718589&uri=pin.php%3Fid%3D2184585-104%26name%3Dtruck+rack+wind+deflector HTTP/2" 301 0 "-" "Mozilla/5.0 AppleWebKit/537.36 (KHTML, like Gecko; compatible; bingbot/2.0; +http://www.bing.com/bingbot.htm) Chrome/116.0.1938.76 Safari/537.36"
40.77.167.14 - - [21/Jul/2026:17:04:10 +0000] "GET /?t=6551869061860&mod=f72eecbd&uri=itm.php%3Fid%3D219194-582%26name%3Dstandalone+vr+what+vr+headset+is+compatible+with+steam HTTP/2" 301 0 "-" "Mozilla/5.0 AppleWebKit/537.36 (KHTML, like Gecko; compatible; bingbot/2.0; +http://www.bing.com/bingbot.htm) Chrome/116.0.1938.76 Safari/537.36"
157.55.39.6 - - [21/Jul/2026:17:04:17 +0000] "GET /?t=2536137111860&mod=b618c321&uri=shared.php%3Fid%3D84831-16%26name%3Dneckband+google+pixel+3a+headphones HTTP/2" 301 0 "-" "Mozilla/5.0 AppleWebKit/537.36 (KHTML, like Gecko; compatible; bingbot/2.0; +http://www.bing.com/bingbot.htm) Chrome/116.0.1938.76 Safari/537.36"
52.167.144.143 - - [21/Jul/2026:17:04:17 +0000] "GET /?t=7038208031860&mod=50c59a54&uri=itm.php%3Fid%3D235449-714%26name%3Dhaute+couture+ysl+le+smoking+suit HTTP/2" 301 0 "-" "Mozilla/5.0 AppleWebKit/537.36 (KHTML, like Gecko; compatible; bingbot/2.0; +http://www.bing.com/bingbot.htm) Chrome/116.0.1938.76 Safari/537.36"
52.167.144.143 - - [21/Jul/2026:17:04:18 +0000] "GET /?t=40128254021860&mod=75a8729c&uri=shop.php%3Fid%3D1342224-350%26name%3Dmini+backpack+amazon+school+bags+for+girls HTTP/2" 301 0 "-" "Mozilla/5.0 AppleWebKit/537.36 (KHTML, like Gecko; compatible; bingbot/2.0; +http://www.bing.com/bingbot.htm) Chrome/116.0.1938.76 Safari/537.36"
185.191.171.15 - - [21/Jul/2026:17:04:18 +0000] "GET /robots.txt HTTP/1.1" 200 132 "-" "Mozilla/5.0 (compatible; SemrushBot/7~bl; +http://www.semrush.com/bot.html)"
185.191.171.4 - - [21/Jul/2026:17:04:20 +0000] "GET /video/newtons-cradle/ HTTP/1.1" 200 21375 "-" "Mozilla/5.0 (compatible; SemrushBot/7~bl; +http://www.semrush.com/bot.html)"
104.198.164.23 - - [21/Jul/2026:17:04:23 +0000] "GET /video/ae-c-i-ape-2021 HTTP/2" 301 0 "-" "Mozilla/5.0 AppleWebKit/537.36 (KHTML, like Gecko; compatible; SleepBot/1.0; +http://sleepbot.com/) Chrome/131.0.0.0 Safari/537.36"
104.198.164.23 - - [21/Jul/2026:17:04:24 +0000] "GET /video/ae-c-i-ape-2021/ HTTP/2" 200 19225 "https://azfilmstudios.com/video/ae-c-i-ape-2021" "Mozilla/5.0 AppleWebKit/537.36 (KHTML, like Gecko; compatible; SleepBot/1.0; +http://sleepbot.com/) Chrome/131.0.0.0 Safari/537.36"
40.77.167.48 - - [21/Jul/2026:17:04:28 +0000] "GET /?t=98033912041860&mod=307c35d4&uri=info.php%3Fid%3D3279048-347%26name%3Dgold+casio+watch+sydney HTTP/2" 301 0 "-" "Mozilla/5.0 AppleWebKit/537.36 (KHTML, like Gecko; compatible; bingbot/2.0; +http://www.bing.com/bingbot.htm) Chrome/116.0.1938.76 Safari/537.36"
52.167.144.168 - - [21/Jul/2026:17:04:31 +0000] "GET /?t=37083473041860&mod=9f550693&uri=products.php%3Fid%3D1240406-99%26name%3Dbicycle+telaio+pinarello+prince HTTP/2" 301 0 "-" "Mozilla/5.0 AppleWebKit/537.36 (KHTML, like Gecko; compatible; bingbot/2.0; +http://www.bing.com/bingbot.htm) Chrome/116.0.1938.76 Safari/537.36"
40.77.167.48 - - [21/Jul/2026:17:04:41 +0000] "GET /?t=91684555071860&mod=4954adfa&uri=dp.php%3Fid%3D3066675-611%26name%3Dsolitaire+engagement+ring+with+pave+wedding+band HTTP/2" 301 0 "-" "Mozilla/5.0 AppleWebKit/537.36 (KHTML, like Gecko; compatible; bingbot/2.0; +http://www.bing.com/bingbot.htm) Chrome/116.0.1938.76 Safari/537.36"
40.77.167.48 - - [21/Jul/2026:17:04:42 +0000] "GET /?t=92893543081860&mod=b7745559&uri=blog.php%3Fid%3D3107150-1248%26name%3Dnon+woven+ppe+shoe+covers HTTP/2" 301 0 "-" "Mozilla/5.0 AppleWebKit/537.36 (KHTML, like Gecko; compatible; bingbot/2.0; +http://www.bing.com/bingbot.htm) Chrome/116.0.1938.76 Safari/537.36"
40.77.167.48 - - [21/Jul/2026:17:04:43 +0000] "GET /?t=100395156001860&mod=3450c09b&uri=shop.php%3Fid%3D3357984-849%26name%3Dvisor+shoei+j+cruise+white HTTP/2" 301 0 "-" "Mozilla/5.0 AppleWebKit/537.36 (KHTML, like Gecko; compatible; bingbot/2.0; +http://www.bing.com/bingbot.htm) Chrome/116.0.1938.76 Safari/537.36"
40.77.167.48 - - [21/Jul/2026:17:04:44 +0000] "GET /?t=54679469041860&mod=639a9bd0&uri=us.php%3Fid%3D1828900-912%26name%3Dauriculares+hyperx+cloud+flight HTTP/2" 301 0 "-" "Mozilla/5.0 AppleWebKit/537.36 (KHTML, like Gecko; compatible; bingbot/2.0; +http://www.bing.com/bingbot.htm) Chrome/116.0.1938.76 Safari/537.36"
52.167.144.205 - - [21/Jul/2026:17:04:48 +0000] "GET /?t=108779932031860&mod=a15bfdc3&uri=itm.php%3Fid%3D3638509-1584%26name%3Dchampro+piece+football+girdle HTTP/2" 301 0 "-" "Mozilla/5.0 AppleWebKit/537.36 (KHTML, like Gecko; compatible; bingbot/2.0; +http://www.bing.com/bingbot.htm) Chrome/116.0.1938.76 Safari/537.36"
52.167.144.168 - - [21/Jul/2026:17:04:57 +0000] "GET /?t=9540905001860&mod=67eb5eb6&uri=shop.php%3Fid%3D319149-882%26name%3Dveste+achat+coq+sportif HTTP/2" 301 0 "-" "Mozilla/5.0 AppleWebKit/537.36 (KHTML, like Gecko; compatible; bingbot/2.0; +http://www.bing.com/bingbot.htm) Chrome/116.0.1938.76 Safari/537.36"
157.55.39.6 - - [21/Jul/2026:17:04:57 +0000] "GET /?t=95558948031860&mod=a081cab4&uri=itm.php%3Fid%3D3196271-30%26name%3Dcommander+gree+battle+for+the+stolen+crystals HTTP/2" 301 0 "-" "Mozilla/5.0 AppleWebKit/537.36 (KHTML, like Gecko; compatible; bingbot/2.0; +http://www.bing.com/bingbot.htm) Chrome/116.0.1938.76 Safari/537.36"
104.155.179.242 - - [21/Jul/2026:17:05:04 +0000] "GET /?mod=3450c09b&name=guardian%20cap%20steelers%20new%20helmet&t=77608034061860&uri=category-info.php?id%3D2595806-849 HTTP/2" 301 0 "-" "Mozilla/5.0 AppleWebKit/537.36 (KHTML, like Gecko; compatible; SleepBot/1.0; +http://sleepbot.com/) Chrome/131.0.0.0 Safari/537.36"
157.55.39.6 - - [21/Jul/2026:17:05:05 +0000] "GET /?t=58714862001860&mod=c4becca5&uri=product.php%3Fid%3D1963878-1586%26name%3Ddeals+adidas+adidas+prophere+outfits HTTP/2" 301 0 "-" "Mozilla/5.0 AppleWebKit/537.36 (KHTML, like Gecko; compatible; bingbot/2.0; +http://www.bing.com/bingbot.htm) Chrome/116.0.1938.76 Safari/537.36"
104.155.179.242 - - [21/Jul/2026:17:05:05 +0000] "GET /?mod=3450c09b&name=guardian%20cap%20steelers%20new%20helmet&t=77608034061860&uri=category-info.php?id%3D2595806-849 HTTP/2" 404 15577 "https://azfilmstudios.com/?mod=3450c09b&name=guardian%20cap%20steelers%20new%20helmet&t=77608034061860&uri=category-info.php?id%3D2595806-849" "Mozilla/5.0 AppleWebKit/537.36 (KHTML, like Gecko; compatible; SleepBot/1.0; +http://sleepbot.com/) Chrome/131.0.0.0 Safari/537.36"
52.167.144.205 - - [21/Jul/2026:17:05:08 +0000] "GET /?t=24684698021860&mod=00ad4587&uri=form.php%3Fid%3D825670-220%26name%3Dfitness+abs+stimulator+before+and+after HTTP/2" 301 0 "-" "Mozilla/5.0 AppleWebKit/537.36 (KHTML, like Gecko; compatible; bingbot/2.0; +http://www.bing.com/bingbot.htm) Chrome/116.0.1938.76 Safari/537.36"
87.250.224.221 - - [21/Jul/2026:17:05:14 +0000] "GET /sitemap_index.xml HTTP/2" 200 426 "-" "Mozilla/5.0 (compatible; YandexBot/3.0; +http://yandex.com/bots)"
94.23.188.217 - - [21/Jul/2026:17:08:37 +0000] "GET /?t=1567588021860&mod=c6517985&uri=us.php%3Fid%3D52436-389%26name%3Drusty+vision+anteojos HTTP/2" 301 0 "-" "Mozilla/5.0 (compatible; AhrefsBot/7.0; +http://ahrefs.com/robot/)"
89.124.103.152 - - [21/Jul/2026:17:09:07 +0000] "GET / HTTP/1.0" 200 140969 "https://www.azfilmstudios.com/" "Mozilla/5.0 (Windows NT 10.0; Win64; x64) AppleWebKit/537.36 (KHTML, like Gecko) Chrome/131.0.0.0 Safari/537.36"
89.124.103.152 - - [21/Jul/2026:17:09:09 +0000] "POST / HTTP/1.0" 200 141058 "https://www.azfilmstudios.com/" "Mozilla/5.0 (Windows NT 10.0; Win64; x64) AppleWebKit/537.36 (KHTML, like Gecko) Chrome/131.0.0.0 Safari/537.36"
181.237.216.109 - - [21/Jul/2026:17:11:05 +0000] "GET /?t=50755784041860&mod=dc727151&uri=shared.php?id%3D1697696-36%26name%3Dwireless+charger+amazon+iphone+battery+charger HTTP/1.1" 301 0 "https://azfilmstudios.com/" "Mozilla/5.0 (Windows NT 10.0; Win64; x64) AppleWebKit/537.36 (KHTML, like Gecko) Chrome/134.0.0.0 Safari/537.36"
41.228.8.21 - - [21/Jul/2026:17:11:11 +0000] "GET /?t=50755784041860&mod=dc727151&uri=shared.php?id%3D1697696-36%26name%3Dwireless%20charger%20amazon%20iphone%20battery%20charger HTTP/1.1" 301 0 "https://azfilmstudios.com/" "Mozilla/5.0 (Windows NT 10.0; Win64; x64) AppleWebKit/537.36 (KHTML, like Gecko) Chrome/134.0.0.0 Safari/537.36"
188.39.109.162 - - [21/Jul/2026:17:12:30 +0000] "GET /person-category/harutheme HTTP/1.1" 301 0 "-" "uk-nhs-data/0.0 (internal fraud-research)"
185.223.152.102 - - [21/Jul/2026:17:12:30 +0000] "POST /wp-login.php HTTP/1.1" 200 2336 "-" "explorer|Mozilla/5.0 (compatible; MSIE 11.0; Windows NT 6.1; Win64; x64 Trident/7.0)"
188.39.109.162 - - [21/Jul/2026:17:12:31 +0000] "GET / HTTP/1.1" 200 27240 "-" "uk-nhs-data/0.0 (internal fraud-research)"
157.55.39.53 - - [21/Jul/2026:17:15:57 +0000] "GET /?t=79980420001860&mod=b5c480f6&uri=itm.php%3Fid%3D2675156-189%26name%3Dstuffed+animals+burger+king+reindeer+toys HTTP/2" 301 0 "-" "Mozilla/5.0 AppleWebKit/537.36 (KHTML, like Gecko; compatible; bingbot/2.0; +http://www.bing.com/bingbot.htm) Chrome/116.0.1938.76 Safari/537.36"
40.77.167.6 - - [21/Jul/2026:17:15:58 +0000] "GET /portfolio_category/music-video/page/11/ HTTP/2" 301 0 "-" "Mozilla/5.0 AppleWebKit/537.36 (KHTML, like Gecko; compatible; bingbot/2.0; +http://www.bing.com/bingbot.htm) Chrome/116.0.1938.76 Safari/537.36"
157.55.39.53 - - [21/Jul/2026:17:16:12 +0000] "GET /?t=92151605071860&mod=7d183753&uri=itm.php%3Fid%3D3082299-1246%26name%3Dzara+home+bolso+yute+zara HTTP/2" 301 0 "-" "Mozilla/5.0 AppleWebKit/537.36 (KHTML, like Gecko; compatible; bingbot/2.0; +http://www.bing.com/bingbot.htm) Chrome/116.0.1938.76 Safari/537.36"
40.77.167.6 - - [21/Jul/2026:17:16:20 +0000] "GET /?t=78460801001860&mod=0fdde93f&uri=category-info.php%3Fid%3D2624338-563%26name%3Dkenzo+paris+kenzo+neon+backpack HTTP/2" 301 0 "-" "Mozilla/5.0 AppleWebKit/537.36 (KHTML, like Gecko; compatible; bingbot/2.0; +http://www.bing.com/bingbot.htm) Chrome/116.0.1938.76 Safari/537.36"
40.77.167.6 - - [21/Jul/2026:17:16:21 +0000] "GET /?t=79004065001860&mod=443461f2&uri=search.php%3Fid%3D2642508-685%26name%3Dk30+5g+nillkin+poco+x2 HTTP/2" 301 0 "-" "Mozilla/5.0 AppleWebKit/537.36 (KHTML, like Gecko; compatible; bingbot/2.0; +http://www.bing.com/bingbot.htm) Chrome/116.0.1938.76 Safari/537.36"
157.55.39.53 - - [21/Jul/2026:17:16:27 +0000] "GET /?t=77794821051860&mod=55648907&uri=shop.php%3Fid%3D2602057-269%26name%3Dtattoo+bandana+for+long+hair+men HTTP/2" 301 0 "-" "Mozilla/5.0 AppleWebKit/537.36 (KHTML, like Gecko; compatible; bingbot/2.0; +http://www.bing.com/bingbot.htm) Chrome/116.0.1938.76 Safari/537.36"
52.167.144.146 - - [21/Jul/2026:17:16:33 +0000] "GET /?t=92853680001860&mod=82b70f27&uri=products.php%3Fid%3D3105820-209%26name%3Ds300+cheapest+mini+itx+case HTTP/2" 301 0 "-" "Mozilla/5.0 AppleWebKit/537.36 (KHTML, like Gecko; compatible; bingbot/2.0; +http://www.bing.com/bingbot.htm) Chrome/116.0.1938.76 Safari/537.36"
31.134.15.98 - - [21/Jul/2026:17:16:35 +0000] "GET /contact-us/ HTTP/1.1" 200 17103 "-" "Mozilla/5.0 (Macintosh; Intel Mac OS X 10_15_7) AppleWebKit/537.36 (KHTML, like Gecko) obsidian/1.8.9 Chrome/132.0.6834.210 Electron/34.3.0 Safari/537.36"
52.167.144.146 - - [21/Jul/2026:17:16:36 +0000] "GET /?t=104043596001860&mod=367cc8d9&uri=itm.php%3Fid%3D3480004-194%26name%3Dnurse+romeo+and+juliet+costume+medieval+nurse+costume HTTP/2" 301 0 "-" "Mozilla/5.0 AppleWebKit/537.36 (KHTML, like Gecko; compatible; bingbot/2.0; +http://www.bing.com/bingbot.htm) Chrome/116.0.1938.76 Safari/537.36"
31.134.15.98 - - [21/Jul/2026:17:16:37 +0000] "GET /wp-content/plugins/contact-form-7/includes/js/index.js?ver=6.1.4 HTTP/1.1" 200 4008 "https://www.azfilmstudios.com/contact-us/" "Mozilla/5.0 (Macintosh; Intel Mac OS X 10_15_7) AppleWebKit/537.36 (KHTML, like Gecko) obsidian/1.8.9 Chrome/132.0.6834.210 Electron/34.3.0 Safari/537.36"
52.167.144.146 - - [21/Jul/2026:17:16:41 +0000] "GET /?t=58465335041860&mod=6b07e15f&uri=products.php%3Fid%3D1955528-877%26name%3Dprix+5000+pneu+velo+continental+saisons HTTP/2" 301 0 "-" "Mozilla/5.0 AppleWebKit/537.36 (KHTML, like Gecko; compatible; bingbot/2.0; +http://www.bing.com/bingbot.htm) Chrome/116.0.1938.76 Safari/537.36"
31.134.15.98 - - [21/Jul/2026:17:16:47 +0000] "POST /wp-json/contact-form-7/v1/contact-forms/6344/feedback HTTP/1.1" 200 166 "https://www.azfilmstudios.com/contact-us/" "Mozilla/5.0 (Macintosh; Intel Mac OS X 10_15_7) AppleWebKit/537.36 (KHTML, like Gecko) obsidian/1.8.9 Chrome/132.0.6834.210 Electron/34.3.0 Safari/537.36"
52.167.144.184 - - [21/Jul/2026:17:16:57 +0000] "GET /?t=5484868031860&mod=94137d7f&uri=blog.php%3Fid%3D183495-612%26name%3Dez+spin+fair+world+stroller+review HTTP/2" 301 0 "-" "Mozilla/5.0 AppleWebKit/537.36 (KHTML, like Gecko; compatible; bingbot/2.0; +http://www.bing.com/bingbot.htm) Chrome/116.0.1938.76 Safari/537.36"
52.167.144.184 - - [21/Jul/2026:17:16:58 +0000] "GET /?t=6556759001860&mod=f72eecbd&uri=goods.php%3Fid%3D219357-582%26name%3Dphasmophobia+vr+settings HTTP/2" 301 0 "-" "Mozilla/5.0 AppleWebKit/537.36 (KHTML, like Gecko; compatible; bingbot/2.0; +http://www.bing.com/bingbot.htm) Chrome/116.0.1938.76 Safari/537.36"
52.167.144.172 - - [21/Jul/2026:17:16:58 +0000] "GET /?t=5451249031860&mod=fdc92c71&uri=blog.php%3Fid%3D182373-610%26name%3Dcustom+t5+transporter+conversion HTTP/2" 301 0 "-" "Mozilla/5.0 AppleWebKit/537.36 (KHTML, like Gecko; compatible; bingbot/2.0; +http://www.bing.com/bingbot.htm) Chrome/116.0.1938.76 Safari/537.36"
52.167.144.184 - - [21/Jul/2026:17:16:58 +0000] "GET /?t=5437713001860&mod=7cc762ea&uri=product.php%3Fid%3D181921-605%26name%3Dcanyon+pilo+d482 HTTP/2" 301 0 "-" "Mozilla/5.0 AppleWebKit/537.36 (KHTML, like Gecko; compatible; bingbot/2.0; +http://www.bing.com/bingbot.htm) Chrome/116.0.1938.76 Safari/537.36"
52.167.144.184 - - [21/Jul/2026:17:16:59 +0000] "GET /?t=5188712041860&mod=26b5f411&uri=us.php%3Fid%3D173593-556%26name%3Dathletic+shoe+adidas+nmd+primeknit+foot+locker HTTP/2" 301 0 "-" "Mozilla/5.0 AppleWebKit/537.36 (KHTML, like Gecko; compatible; bingbot/2.0; +http://www.bing.com/bingbot.htm) Chrome/116.0.1938.76 Safari/537.36"
52.167.144.184 - - [21/Jul/2026:17:17:00 +0000] "GET /?t=24761440021860&mod=34620866&uri=brands.php%3Fid%3D828236-1460%26name%3Dboots+outlet+mini+boots+talon HTTP/2" 301 0 "-" "Mozilla/5.0 AppleWebKit/537.36 (KHTML, like Gecko; compatible; bingbot/2.0; +http://www.bing.com/bingbot.htm) Chrome/116.0.1938.76 Safari/537.36"
207.46.13.116 - - [21/Jul/2026:17:17:02 +0000] "GET /?t=6168078001860&mod=b03790af&uri=shared.php%3Fid%3D206358-234%26name%3Dphilips+hair+hair+dryer+cheap+price HTTP/2" 301 0 "-" "Mozilla/5.0 AppleWebKit/537.36 (KHTML, like Gecko; compatible; bingbot/2.0; +http://www.bing.com/bingbot.htm) Chrome/116.0.1938.76 Safari/537.36"
207.46.13.116 - - [21/Jul/2026:17:17:02 +0000] "GET /?t=6335232011860&mod=4491e3b5&uri=info.php%3Fid%3D211945-444%26name%3Dphotoshoot+umbrella+lights HTTP/2" 301 0 "-" "Mozilla/5.0 AppleWebKit/537.36 (KHTML, like Gecko; compatible; bingbot/2.0; +http://www.bing.com/bingbot.htm) Chrome/116.0.1938.76 Safari/537.36"
207.46.13.116 - - [21/Jul/2026:17:17:03 +0000] "GET /?t=53166265081860&mod=9c58cf4d&uri=form.php%3Fid%3D1778310-197%26name%3Dmotorcycle+wheel+splendor+rim+wheel+price HTTP/2" 301 0 "-" "Mozilla/5.0 AppleWebKit/537.36 (KHTML, like Gecko; compatible; bingbot/2.0; +http://www.bing.com/bingbot.htm) Chrome/116.0.1938.76 Safari/537.36"
207.46.13.116 - - [21/Jul/2026:17:17:04 +0000] "GET /?t=6172458041860&mod=b03790af&uri=pin.php%3Fid%3D206504-234%26name%3Dpottery+modern+farmhouse+serving+platters HTTP/2" 301 0 "-" "Mozilla/5.0 AppleWebKit/537.36 (KHTML, like Gecko; compatible; bingbot/2.0; +http://www.bing.com/bingbot.htm) Chrome/116.0.1938.76 Safari/537.36"
207.46.13.116 - - [21/Jul/2026:17:17:06 +0000] "GET /?t=53580976001860&mod=c1840640&uri=info.php%3Fid%3D1792164-315%26name%3Dwho+viewed+how+to+see+archived+stories+on+instagram HTTP/2" 301 0 "-" "Mozilla/5.0 AppleWebKit/537.36 (KHTML, like Gecko; compatible; bingbot/2.0; +http://www.bing.com/bingbot.htm) Chrome/116.0.1938.76 Safari/537.36"
52.167.144.172 - - [21/Jul/2026:17:17:08 +0000] "GET /?t=6709050141860&mod=29f71ea7&uri=form.php%3Fid%3D224453-933%26name%3Dshoes+adidas+nmd+white+with+blue HTTP/2" 301 0 "-" "Mozilla/5.0 AppleWebKit/537.36 (KHTML, like Gecko; compatible; bingbot/2.0; +http://www.bing.com/bingbot.htm) Chrome/116.0.1938.76 Safari/537.36"
52.167.144.172 - - [21/Jul/2026:17:17:09 +0000] "GET /?t=8246463051860&mod=1ddd2a3a&uri=blog.php%3Fid%3D275837-1011%26name%3Djacket+80s+windbreaker+pants HTTP/2" 301 0 "-" "Mozilla/5.0 AppleWebKit/537.36 (KHTML, like Gecko; compatible; bingbot/2.0; +http://www.bing.com/bingbot.htm) Chrome/116.0.1938.76 Safari/537.36"
52.167.144.172 - - [21/Jul/2026:17:17:09 +0000] "GET /?t=72351395071860&mod=bb03e43f&uri=brands.php%3Fid%3D2419975-24%26name%3Ddeluxe%20edition%20xbox%20one%20s%201tb%20battlefield%20v%20bundle HTTP/2" 200 23965 "-" "Mozilla/5.0 AppleWebKit/537.36 (KHTML, like Gecko; compatible; bingbot/2.0; +http://www.bing.com/bingbot.htm) Chrome/116.0.1938.76 Safari/537.36"
52.167.144.172 - - [21/Jul/2026:17:17:10 +0000] "GET /?t=80848551041860&mod=b5c480f6&uri=shop.php%3Fid%3D2704194-189%26name%3Dtan+red+nose+eli+pitbull HTTP/2" 301 0 "-" "Mozilla/5.0 AppleWebKit/537.36 (KHTML, like Gecko; compatible; bingbot/2.0; +http://www.bing.com/bingbot.htm) Chrome/116.0.1938.76 Safari/537.36"
52.167.144.172 - - [21/Jul/2026:17:17:11 +0000] "GET /?t=6847309001860&mod=e61d2ed0&uri=category-info.php%3Fid%3D229072-273%26name%3Dadidas+finale+balon+champions+league+2015 HTTP/2" 301 0 "-" "Mozilla/5.0 AppleWebKit/537.36 (KHTML, like Gecko; compatible; bingbot/2.0; +http://www.bing.com/bingbot.htm) Chrome/116.0.1938.76 Safari/537.36"
52.167.144.184 - - [21/Jul/2026:17:17:12 +0000] "GET /?t=5328476031860&mod=868d02a5&uri=shop.php%3Fid%3D178267-585%26name%3Dshort+sleeve+ruched+button+down+dress+black HTTP/2" 301 0 "-" "Mozilla/5.0 AppleWebKit/537.36 (KHTML, like Gecko; compatible; bingbot/2.0; +http://www.bing.com/bingbot.htm) Chrome/116.0.1938.76 Safari/537.36"
52.167.144.184 - - [21/Jul/2026:17:17:13 +0000] "GET /?t=6475077021860&mod=8c3b50b8&uri=itm.php%3Fid%3D216614-922%26name%3Dgigabyte+windforce+gigabyte+geforce+gtx+1060+6gb HTTP/2" 301 0 "-" "Mozilla/5.0 AppleWebKit/537.36 (KHTML, like Gecko; compatible; bingbot/2.0; +http://www.bing.com/bingbot.htm) Chrome/116.0.1938.76 Safari/537.36"
207.46.13.116 - - [21/Jul/2026:17:18:37 +0000] "GET /?t=96420309011860&mod=aa8cb12c&uri=goods.php%3Fid%3D3225075-144%26name%3Dgalaxy+note+does+samsung+s10+lite+support+wireless+charging HTTP/2" 301 0 "-" "Mozilla/5.0 AppleWebKit/537.36 (KHTML, like Gecko; compatible; bingbot/2.0; +http://www.bing.com/bingbot.htm) Chrome/116.0.1938.76 Safari/537.36"
207.46.13.116 - - [21/Jul/2026:17:18:38 +0000] "GET /?t=75979580011860&mod=711d9476&uri=brands.php%3Fid%3D2541327-366%26name%3Deleganti+vestiti+per+cerimonia+donna HTTP/2" 301 0 "-" "Mozilla/5.0 AppleWebKit/537.36 (KHTML, like Gecko; compatible; bingbot/2.0; +http://www.bing.com/bingbot.htm) Chrome/116.0.1938.76 Safari/537.36"
207.46.13.116 - - [21/Jul/2026:17:18:39 +0000] "GET /?t=31919210051860&mod=cf438dbd&uri=news.php%3Fid%3D1067625-1568%26name%3Dv+neck+formal+elegant+gowns HTTP/2" 301 0 "-" "Mozilla/5.0 AppleWebKit/537.36 (KHTML, like Gecko; compatible; bingbot/2.0; +http://www.bing.com/bingbot.htm) Chrome/116.0.1938.76 Safari/537.36"
52.167.144.184 - - [21/Jul/2026:17:18:47 +0000] "GET /?t=100208913071860&mod=b618c321&uri=goods.php%3Fid%3D3351753-16%26name%3Dcharging+cable+jlab+jbuds+air+charging HTTP/2" 301 0 "-" "Mozilla/5.0 AppleWebKit/537.36 (KHTML, like Gecko; compatible; bingbot/2.0; +http://www.bing.com/bingbot.htm) Chrome/116.0.1938.76 Safari/537.36"
52.167.144.184 - - [21/Jul/2026:17:18:48 +0000] "GET /?t=5348926041860&mod=ce42361c&uri=search.php%3Fid%3D178949-594%26name%3Dpillow+protectors+red+body+pillow+case HTTP/2" 301 0 "-" "Mozilla/5.0 AppleWebKit/537.36 (KHTML, like Gecko; compatible; bingbot/2.0; +http://www.bing.com/bingbot.htm) Chrome/116.0.1938.76 Safari/537.36"
52.167.144.184 - - [21/Jul/2026:17:18:48 +0000] "GET /?t=58148437061860&mod=7fbbd1d9&uri=product.php%3Fid%3D1944934-664%26name%3Dredresse+dos+promotion+percko HTTP/2" 301 0 "-" "Mozilla/5.0 AppleWebKit/537.36 (KHTML, like Gecko; compatible; bingbot/2.0; +http://www.bing.com/bingbot.htm) Chrome/116.0.1938.76 Safari/537.36"
52.167.144.184 - - [21/Jul/2026:17:18:49 +0000] "GET /?t=74443726041860&mod=f4401dd0&uri=news.php%3Fid%3D2489948-286%26name%3Dhiplok+sold+secure+diamond HTTP/2" 301 0 "-" "Mozilla/5.0 AppleWebKit/537.36 (KHTML, like Gecko; compatible; bingbot/2.0; +http://www.bing.com/bingbot.htm) Chrome/116.0.1938.76 Safari/537.36"
52.167.144.172 - - [21/Jul/2026:17:18:49 +0000] "GET /?t=6542282081860&mod=6299f7b7&uri=products.php%3Fid%3D218872-391%26name%3Dintel+graphics+dell+update+graphics+driver HTTP/2" 301 0 "-" "Mozilla/5.0 AppleWebKit/537.36 (KHTML, like Gecko; compatible; bingbot/2.0; +http://www.bing.com/bingbot.htm) Chrome/116.0.1938.76 Safari/537.36"
52.167.144.184 - - [21/Jul/2026:17:18:50 +0000] "GET /?t=53146549001860&mod=9c58cf4d&uri=news.php%3Fid%3D1777652-197%26name%3Dbike+splendor+hero+super+splendor+alloy+wheel+price HTTP/2" 301 0 "-" "Mozilla/5.0 AppleWebKit/537.36 (KHTML, like Gecko; compatible; bingbot/2.0; +http://www.bing.com/bingbot.htm) Chrome/116.0.1938.76 Safari/537.36"
52.167.144.184 - - [21/Jul/2026:17:18:50 +0000] "GET /?t=6854297051860&mod=d2781a31&uri=category-info.php%3Fid%3D229305-608%26name%3Dmaglione+multicolor+benetton+maglione+arcobaleno HTTP/2" 301 0 "-" "Mozilla/5.0 AppleWebKit/537.36 (KHTML, like Gecko; compatible; bingbot/2.0; +http://www.bing.com/bingbot.htm) Chrome/116.0.1938.76 Safari/537.36"
207.46.13.116 - - [21/Jul/2026:17:18:51 +0000] "GET /?t=27771304031860&mod=6299f7b7&uri=product.php%3Fid%3D928881-391%26name%3Dgtx+1070+nvidia+geforce+gtx+1080+ti+laptop HTTP/2" 301 0 "-" "Mozilla/5.0 AppleWebKit/537.36 (KHTML, like Gecko; compatible; bingbot/2.0; +http://www.bing.com/bingbot.htm) Chrome/116.0.1938.76 Safari/537.36"
207.46.13.116 - - [21/Jul/2026:17:18:52 +0000] "GET /?t=119561840011860&mod=0fb41622&uri=blog.php%3Fid%3D3999147-731%26name%3Dboxing+equipment+best+pro+boxing+gloves HTTP/2" 301 0 "-" "Mozilla/5.0 AppleWebKit/537.36 (KHTML, like Gecko; compatible; bingbot/2.0; +http://www.bing.com/bingbot.htm) Chrome/116.0.1938.76 Safari/537.36"
207.46.13.116 - - [21/Jul/2026:17:18:52 +0000] "GET /?t=5403726011860&mod=399878d7&uri=goods.php%3Fid%3D180783-602%26name%3Dmens+backpack+sprayground+backpack+clearance HTTP/2" 301 0 "-" "Mozilla/5.0 AppleWebKit/537.36 (KHTML, like Gecko; compatible; bingbot/2.0; +http://www.bing.com/bingbot.htm) Chrome/116.0.1938.76 Safari/537.36"
207.46.13.116 - - [21/Jul/2026:17:18:54 +0000] "GET /?t=6521062011860&mod=44186c84&uri=dp.php%3Fid%3D218161-654%26name%3Daston+villa+mutv+price HTTP/2" 301 0 "-" "Mozilla/5.0 AppleWebKit/537.36 (KHTML, like Gecko; compatible; bingbot/2.0; +http://www.bing.com/bingbot.htm) Chrome/116.0.1938.76 Safari/537.36"
52.167.144.172 - - [21/Jul/2026:17:18:59 +0000] "GET /?t=38205527061860&mod=af4f00ca&uri=dp.php%3Fid%3D1277936-67%26name%3Dsoldering+wire+cardas+eutectic+solder HTTP/2" 301 0 "-" "Mozilla/5.0 AppleWebKit/537.36 (KHTML, like Gecko; compatible; bingbot/2.0; +http://www.bing.com/bingbot.htm) Chrome/116.0.1938.76 Safari/537.36"
52.167.144.172 - - [21/Jul/2026:17:18:59 +0000] "GET /?t=32594450041860&mod=5d1fb615&uri=news.php%3Fid%3D1090202-581%26name%3Dremington+gold+dust+slim+digital+straightener HTTP/2" 301 0 "-" "Mozilla/5.0 AppleWebKit/537.36 (KHTML, like Gecko; compatible; bingbot/2.0; +http://www.bing.com/bingbot.htm) Chrome/116.0.1938.76 Safari/537.36"
52.167.144.172 - - [21/Jul/2026:17:19:00 +0000] "GET /?t=5230558041860&mod=423d7c60&uri=brands.php%3Fid%3D174992-572%26name%3Deuro+size+shoe+size+in+inches HTTP/2" 301 0 "-" "Mozilla/5.0 AppleWebKit/537.36 (KHTML, like Gecko; compatible; bingbot/2.0; +http://www.bing.com/bingbot.htm) Chrome/116.0.1938.76 Safari/537.36"
52.167.144.172 - - [21/Jul/2026:17:19:01 +0000] "GET /?t=6860857081860&mod=e61d2ed0&uri=brands.php%3Fid%3D229524-273%26name%3Dmichael+jordan+jordan+air+bajas HTTP/2" 301 0 "-" "Mozilla/5.0 AppleWebKit/537.36 (KHTML, like Gecko; compatible; bingbot/2.0; +http://www.bing.com/bingbot.htm) Chrome/116.0.1938.76 Safari/537.36"
52.167.144.172 - - [21/Jul/2026:17:19:02 +0000] "GET /?t=43019903031860&mod=bfbce620&uri=blog.php%3Fid%3D1438945-448%26name%3Dsheer+panel+mugler+cut+out+dress HTTP/2" 301 0 "-" "Mozilla/5.0 AppleWebKit/537.36 (KHTML, like Gecko; compatible; bingbot/2.0; +http://www.bing.com/bingbot.htm) Chrome/116.0.1938.76 Safari/537.36"
52.167.144.172 - - [21/Jul/2026:17:19:09 +0000] "GET /?t=4904625091860&mod=2d228295&uri=brands.php%3Fid%3D164073-812%26name%3Dboston+nb+sports+city HTTP/2" 301 0 "-" "Mozilla/5.0 AppleWebKit/537.36 (KHTML, like Gecko; compatible; bingbot/2.0; +http://www.bing.com/bingbot.htm) Chrome/116.0.1938.76 Safari/537.36"
207.46.13.153 - - [21/Jul/2026:17:19:29 +0000] "GET /?t=118296111041860&mod=50c59a54&uri=brands.php%3Fid%3D3956846-714%26name%3Ddinner+jacket+blazer+for+reception+party HTTP/2" 301 0 "-" "Mozilla/5.0 AppleWebKit/537.36 (KHTML, like Gecko; compatible; bingbot/2.0; +http://www.bing.com/bingbot.htm) Chrome/116.0.1938.76 Safari/537.36"
40.77.167.6 - - [21/Jul/2026:17:19:32 +0000] "GET /?t=41353525091860&mod=307c35d4&uri=category-info.php%3Fid%3D1383193-347%26name%3Dthink+im+okay+these+hills+have+eyes+mgk HTTP/2" 301 0 "-" "Mozilla/5.0 AppleWebKit/537.36 (KHTML, like Gecko; compatible; bingbot/2.0; +http://www.bing.com/bingbot.htm) Chrome/116.0.1938.76 Safari/537.36"
52.167.144.146 - - [21/Jul/2026:17:19:43 +0000] "GET /?t=76853864051860&mod=16a5cdae&uri=itm.php%3Fid%3D2570567-2%26name%3Dkurta+12+year+boy+party+wear+dress HTTP/2" 301 0 "-" "Mozilla/5.0 AppleWebKit/537.36 (KHTML, like Gecko; compatible; bingbot/2.0; +http://www.bing.com/bingbot.htm) Chrome/116.0.1938.76 Safari/537.36"
54.37.118.81 - - [21/Jul/2026:17:19:43 +0000] "GET /?t=65970493041860&mod=510c2d0d&uri=us.php%3Fid%3D2206572-1554%26name%3Dleopard+top+h%26m HTTP/2" 301 0 "-" "Mozilla/5.0 (compatible; AhrefsBot/7.0; +http://ahrefs.com/robot/)"
207.46.13.153 - - [21/Jul/2026:17:19:47 +0000] "GET /?t=5638451001860&mod=37e36580&uri=category-info.php%3Fid%3D188646-334%26name%3Dhelson+shark+taucheruhr+shark HTTP/2" 301 0 "-" "Mozilla/5.0 AppleWebKit/537.36 (KHTML, like Gecko; compatible; bingbot/2.0; +http://www.bing.com/bingbot.htm) Chrome/116.0.1938.76 Safari/537.36"
207.46.13.141 - - [21/Jul/2026:17:19:48 +0000] "GET /?t=72018891001860&mod=0fb41622&uri=search.php%3Fid%3D2408860-731%26name%3Dotrain+kids+boxing+gloves+for+sale HTTP/2" 301 0 "-" "Mozilla/5.0 AppleWebKit/537.36 (KHTML, like Gecko; compatible; bingbot/2.0; +http://www.bing.com/bingbot.htm) Chrome/116.0.1938.76 Safari/537.36"
207.46.13.153 - - [21/Jul/2026:17:19:48 +0000] "GET /?t=56644439051860&mod=d0379e4d&uri=dp.php%3Fid%3D1894629-91%26name%3Dstarter+box+q+ba+maze+replacement+marbles HTTP/2" 301 0 "-" "Mozilla/5.0 AppleWebKit/537.36 (KHTML, like Gecko; compatible; bingbot/2.0; +http://www.bing.com/bingbot.htm) Chrome/116.0.1938.76 Safari/537.36"
207.46.13.141 - - [21/Jul/2026:17:19:48 +0000] "GET /?t=64487757101860&mod=d91d1b4d&uri=itm.php%3Fid%3D2156952-10%26name%3Dfred%20segal%20cb2%20lounger HTTP/2" 200 23968 "-" "Mozilla/5.0 AppleWebKit/537.36 (KHTML, like Gecko; compatible; bingbot/2.0; +http://www.bing.com/bingbot.htm) Chrome/116.0.1938.76 Safari/537.36"
207.46.13.153 - - [21/Jul/2026:17:19:50 +0000] "GET /?t=26876008061860&mod=9f460e30&uri=search.php%3Fid%3D898948-346%26name%3Delectric+meat+grinder+luvele+sausage+maker HTTP/2" 301 0 "-" "Mozilla/5.0 AppleWebKit/537.36 (KHTML, like Gecko; compatible; bingbot/2.0; +http://www.bing.com/bingbot.htm) Chrome/116.0.1938.76 Safari/537.36"
207.46.13.141 - - [21/Jul/2026:17:19:51 +0000] "GET /?t=5708338021860&mod=ffa31586&uri=us.php%3Fid%3D190986-869%26name%3Dfitness+shoes+nike+metcon+mat+fraser HTTP/2" 301 0 "-" "Mozilla/5.0 AppleWebKit/537.36 (KHTML, like Gecko; compatible; bingbot/2.0; +http://www.bing.com/bingbot.htm) Chrome/116.0.1938.76 Safari/537.36"
207.46.13.141 - - [21/Jul/2026:17:19:51 +0000] "GET /?t=5255678081860&mod=423d7c60&uri=info.php%3Fid%3D175830-572%26name%3Dnike+best+shoes+for+operating+room HTTP/2" 301 0 "-" "Mozilla/5.0 AppleWebKit/537.36 (KHTML, like Gecko; compatible; bingbot/2.0; +http://www.bing.com/bingbot.htm) Chrome/116.0.1938.76 Safari/537.36"
207.46.13.141 - - [21/Jul/2026:17:19:52 +0000] "GET /?t=5370792021860&mod=af78d2a3&uri=pin.php%3Fid%3D179680-204%26name%3Darizona+birkenstock+bianchi HTTP/2" 301 0 "-" "Mozilla/5.0 AppleWebKit/537.36 (KHTML, like Gecko; compatible; bingbot/2.0; +http://www.bing.com/bingbot.htm) Chrome/116.0.1938.76 Safari/537.36"
52.167.144.23 - - [21/Jul/2026:17:19:54 +0000] "GET /?t=98069814031860&mod=6d032cab&uri=us.php%3Fid%3D3280259-340%26name%3Dshift+dress+ripped+t+shirt+dress HTTP/2" 301 0 "-" "Mozilla/5.0 AppleWebKit/537.36 (KHTML, like Gecko; compatible; bingbot/2.0; +http://www.bing.com/bingbot.htm) Chrome/116.0.1938.76 Safari/537.36"
52.167.144.184 - - [21/Jul/2026:17:19:58 +0000] "GET /?t=6601025071860&mod=7664312c&uri=form.php%3Fid%3D220839-636%26name%3Dpro+huawei+watch+lte HTTP/2" 301 0 "-" "Mozilla/5.0 AppleWebKit/537.36 (KHTML, like Gecko; compatible; bingbot/2.0; +http://www.bing.com/bingbot.htm) Chrome/116.0.1938.76 Safari/537.36"
52.167.144.184 - - [21/Jul/2026:17:19:58 +0000] "GET /?t=4905675001860&mod=a081cab4&uri=info.php%3Fid%3D164108-30%26name%3Dlego+minifigures+lego+simpsons+movie HTTP/2" 301 0 "-" "Mozilla/5.0 AppleWebKit/537.36 (KHTML, like Gecko; compatible; bingbot/2.0; +http://www.bing.com/bingbot.htm) Chrome/116.0.1938.76 Safari/537.36"
52.167.144.184 - - [21/Jul/2026:17:19:59 +0000] "GET /?t=5157455091860&mod=19cad091&uri=shop.php%3Fid%3D172549-550%26name%3D2018+chevrolet+city+express HTTP/2" 301 0 "-" "Mozilla/5.0 AppleWebKit/537.36 (KHTML, like Gecko; compatible; bingbot/2.0; +http://www.bing.com/bingbot.htm) Chrome/116.0.1938.76 Safari/537.36"
52.167.144.184 - - [21/Jul/2026:17:19:59 +0000] "GET /?t=5816447031860&mod=333c04a1&uri=pin.php%3Fid%3D194605-416%26name%3Dlow+neuen+nike+air+force HTTP/2" 301 0 "-" "Mozilla/5.0 AppleWebKit/537.36 (KHTML, like Gecko; compatible; bingbot/2.0; +http://www.bing.com/bingbot.htm) Chrome/116.0.1938.76 Safari/537.36"
