40.77.167.27 - - [21/Jul/2026:20:23:29 +0000] "GET /?t=100803875051860&mod=e2c4a40d&uri=article.php%3Fid%3D3371676-45%26name%3Dleather+shoes+aston+grey+chukka+boots HTTP/2" 301 0 "-" "Mozilla/5.0 AppleWebKit/537.36 (KHTML, like Gecko; compatible; bingbot/2.0; +http://www.bing.com/bingbot.htm) Chrome/116.0.1938.76 Safari/537.36"
207.46.13.36 - - [21/Jul/2026:20:23:29 +0000] "GET /?t=32018046021860&mod=a827c895&uri=news.php%3Fid%3D1070926-258%26name%3Dtall+pajamas+pyjamas+women+tall HTTP/2" 301 0 "-" "Mozilla/5.0 AppleWebKit/537.36 (KHTML, like Gecko; compatible; bingbot/2.0; +http://www.bing.com/bingbot.htm) Chrome/116.0.1938.76 Safari/537.36"
207.46.13.36 - - [21/Jul/2026:20:23:30 +0000] "GET /?t=99146960051860&mod=fa2431bf&uri=itm.php%3Fid%3D3316255-22%26name%3Ddual+suspension+bikes+under+best+mtb+for+1000+dollars HTTP/2" 301 0 "-" "Mozilla/5.0 AppleWebKit/537.36 (KHTML, like Gecko; compatible; bingbot/2.0; +http://www.bing.com/bingbot.htm) Chrome/116.0.1938.76 Safari/537.36"
40.77.167.27 - - [21/Jul/2026:20:23:30 +0000] "GET /?t=79261847021860&mod=b6c6ecb5&uri=article.php%3Fid%3D2651134-518%26name%3Ddunk+low+comme+des+garcons+jordan+mujer HTTP/2" 301 0 "-" "Mozilla/5.0 AppleWebKit/537.36 (KHTML, like Gecko; compatible; bingbot/2.0; +http://www.bing.com/bingbot.htm) Chrome/116.0.1938.76 Safari/537.36"
40.77.167.48 - - [21/Jul/2026:20:23:33 +0000] "GET /?t=98157012021860&mod=93dfcaf5&uri=news.php%3Fid%3D3283170-1608%26name%3Dbuty+nike+92+air+max HTTP/2" 301 0 "-" "Mozilla/5.0 AppleWebKit/537.36 (KHTML, like Gecko; compatible; bingbot/2.0; +http://www.bing.com/bingbot.htm) Chrome/116.0.1938.76 Safari/537.36"
40.77.167.28 - - [21/Jul/2026:20:23:33 +0000] "GET /?t=5237278001860&mod=423d7c60&uri=category-info.php%3Fid%3D175216-572%26name%3Dmen%27s+shoe+shoe+size+chart+women+us HTTP/2" 301 0 "-" "Mozilla/5.0 AppleWebKit/537.36 (KHTML, like Gecko; compatible; bingbot/2.0; +http://www.bing.com/bingbot.htm) Chrome/116.0.1938.76 Safari/537.36"
40.77.167.28 - - [21/Jul/2026:20:23:34 +0000] "GET /?t=6027929041860&mod=d0379e4d&uri=pin.php%3Fid%3D201676-91%26name%3Dpotter+flying+ford+wrebbit+ford+anglia HTTP/2" 301 0 "-" "Mozilla/5.0 AppleWebKit/537.36 (KHTML, like Gecko; compatible; bingbot/2.0; +http://www.bing.com/bingbot.htm) Chrome/116.0.1938.76 Safari/537.36"
40.77.167.28 - - [21/Jul/2026:20:23:35 +0000] "GET /?t=57847792051860&mod=fc999f2e&uri=us.php%3Fid%3D1934877-651%26name%3Ddisney+tsum+disney+small+plush+toys HTTP/2" 301 0 "-" "Mozilla/5.0 AppleWebKit/537.36 (KHTML, like Gecko; compatible; bingbot/2.0; +http://www.bing.com/bingbot.htm) Chrome/116.0.1938.76 Safari/537.36"
40.77.167.48 - - [21/Jul/2026:20:23:35 +0000] "GET /?t=98333682011860&mod=e59ba389&uri=category-info.php%3Fid%3D3289071-199%26name%3Decoalf+oregonalf+ecoalf+deportivas HTTP/2" 301 0 "-" "Mozilla/5.0 AppleWebKit/537.36 (KHTML, like Gecko; compatible; bingbot/2.0; +http://www.bing.com/bingbot.htm) Chrome/116.0.1938.76 Safari/537.36"
40.77.167.28 - - [21/Jul/2026:20:23:36 +0000] "GET /?t=6293695011860&mod=ca708d0d&uri=news.php%3Fid%3D210557-205%26name%3Dmytheresa+stiefel+von+tod%27s HTTP/2" 301 0 "-" "Mozilla/5.0 AppleWebKit/537.36 (KHTML, like Gecko; compatible; bingbot/2.0; +http://www.bing.com/bingbot.htm) Chrome/116.0.1938.76 Safari/537.36"
40.77.167.48 - - [21/Jul/2026:20:23:36 +0000] "GET /?t=98323860051860&mod=b7745559&uri=news.php%3Fid%3D3288743-1248%26name%3Dhiking+boots+hiking+in+trail+running+shoes HTTP/2" 301 0 "-" "Mozilla/5.0 AppleWebKit/537.36 (KHTML, like Gecko; compatible; bingbot/2.0; +http://www.bing.com/bingbot.htm) Chrome/116.0.1938.76 Safari/537.36"
40.77.167.28 - - [21/Jul/2026:20:23:36 +0000] "GET /?t=73243723011860&mod=39be1233&uri=category-info.php%3Fid%3D2449815-1304%26name%3Dnike+sneaker+air+force+lv+utility HTTP/2" 301 0 "-" "Mozilla/5.0 AppleWebKit/537.36 (KHTML, like Gecko; compatible; bingbot/2.0; +http://www.bing.com/bingbot.htm) Chrome/116.0.1938.76 Safari/537.36"
40.77.167.48 - - [21/Jul/2026:20:23:38 +0000] "GET /?t=15263589041860&mod=afa1f9db&uri=info.php%3Fid%3D510530-613%26name%3Ddangle+earrings+kendra+scott+navy+blue+earrings HTTP/2" 301 0 "-" "Mozilla/5.0 AppleWebKit/537.36 (KHTML, like Gecko; compatible; bingbot/2.0; +http://www.bing.com/bingbot.htm) Chrome/116.0.1938.76 Safari/537.36"
40.77.167.48 - - [21/Jul/2026:20:23:39 +0000] "GET /?t=26103212071860&mod=95a9c1ab&uri=info.php%3Fid%3D873103-420%26name%3Dapparel+adidas+30+off+storewide HTTP/2" 301 0 "-" "Mozilla/5.0 AppleWebKit/537.36 (KHTML, like Gecko; compatible; bingbot/2.0; +http://www.bing.com/bingbot.htm) Chrome/116.0.1938.76 Safari/537.36"
40.77.167.27 - - [21/Jul/2026:20:23:46 +0000] "GET /?t=4636302071860&mod=ae51446a&uri=us.php%3Fid%3D155111-337%26name%3Dsandal+la+bottega+veneta+scarpe HTTP/2" 301 0 "-" "Mozilla/5.0 AppleWebKit/537.36 (KHTML, like Gecko; compatible; bingbot/2.0; +http://www.bing.com/bingbot.htm) Chrome/116.0.1938.76 Safari/537.36"
40.77.167.27 - - [21/Jul/2026:20:23:48 +0000] "GET /?t=56552832051860&mod=fd45c64e&uri=dp.php%3Fid%3D1891569-59%26name%3Doz+versace+eros+vs HTTP/2" 301 0 "-" "Mozilla/5.0 AppleWebKit/537.36 (KHTML, like Gecko; compatible; bingbot/2.0; +http://www.bing.com/bingbot.htm) Chrome/116.0.1938.76 Safari/537.36"
40.77.167.48 - - [21/Jul/2026:20:23:49 +0000] "GET /?t=84355775061860&mod=195e3b79&uri=products.php%3Fid%3D2821523-386%26name%3Ddonatella+versace+now HTTP/2" 301 0 "-" "Mozilla/5.0 AppleWebKit/537.36 (KHTML, like Gecko; compatible; bingbot/2.0; +http://www.bing.com/bingbot.htm) Chrome/116.0.1938.76 Safari/537.36"
5.39.1.229 - - [21/Jul/2026:20:24:06 +0000] "GET /?t=87133128041860&mod=ca708d0d&uri=us.php%3Fid%3D2914486-205%26name%3Dnavyboot+overknee+overknee+boots+grau HTTP/2" 301 0 "-" "Mozilla/5.0 (compatible; AhrefsBot/7.0; +http://ahrefs.com/robot/)"
94.23.188.215 - - [21/Jul/2026:20:24:21 +0000] "GET /?t=111839018001860&mod=2ec87a9c&uri=itm.php%3Fid%3D3740852-236%26name%3Dadidas+consortium+a%2F%2Fd+twinstrike HTTP/2" 301 0 "-" "Mozilla/5.0 (compatible; AhrefsBot/7.0; +http://ahrefs.com/robot/)"
40.77.167.28 - - [21/Jul/2026:20:24:39 +0000] "GET /?t=6418135001860&mod=28e2ec06&uri=product.php%3Fid%3D214714-190%26name%3Dscotland+free+boiler+scheme+for+tenants HTTP/2" 301 0 "-" "Mozilla/5.0 AppleWebKit/537.36 (KHTML, like Gecko; compatible; bingbot/2.0; +http://www.bing.com/bingbot.htm) Chrome/116.0.1938.76 Safari/537.36"
40.77.167.28 - - [21/Jul/2026:20:24:39 +0000] "GET /?t=40264690031860&mod=84ea2d89&uri=blog.php%3Fid%3D1346788-508%26name%3Dline+bifocals+how+much+are+bifocal+glasses HTTP/2" 301 0 "-" "Mozilla/5.0 AppleWebKit/537.36 (KHTML, like Gecko; compatible; bingbot/2.0; +http://www.bing.com/bingbot.htm) Chrome/116.0.1938.76 Safari/537.36"
40.77.167.28 - - [21/Jul/2026:20:24:41 +0000] "GET /?t=11401525051860&mod=5558e56d&uri=blog.php%3Fid%3D381373-293%26name%3Dpiano+ct+870+casio HTTP/2" 301 0 "-" "Mozilla/5.0 AppleWebKit/537.36 (KHTML, like Gecko; compatible; bingbot/2.0; +http://www.bing.com/bingbot.htm) Chrome/116.0.1938.76 Safari/537.36"
40.77.167.28 - - [21/Jul/2026:20:24:42 +0000] "GET /?t=6607544051860&mod=cf9819df&uri=search.php%3Fid%3D221057-53%26name%3Dbambas+nike+zapatillas+jordan+con+camara+de+aire HTTP/2" 301 0 "-" "Mozilla/5.0 AppleWebKit/537.36 (KHTML, like Gecko; compatible; bingbot/2.0; +http://www.bing.com/bingbot.htm) Chrome/116.0.1938.76 Safari/537.36"
52.167.144.200 - - [21/Jul/2026:20:24:46 +0000] "GET /?t=6314430021860&mod=fa612be4&uri=us.php%3Fid%3D211250-42%26name%3Dleisure+lakes+mountain+bike+demo+events HTTP/2" 301 0 "-" "Mozilla/5.0 AppleWebKit/537.36 (KHTML, like Gecko; compatible; bingbot/2.0; +http://www.bing.com/bingbot.htm) Chrome/116.0.1938.76 Safari/537.36"
52.167.144.200 - - [21/Jul/2026:20:24:47 +0000] "GET /?t=6585270011860&mod=7664312c&uri=us.php%3Fid%3D220312-636%26name%3Dhuawei+honor+band+smart+watch+huawei+band HTTP/2" 301 0 "-" "Mozilla/5.0 AppleWebKit/537.36 (KHTML, like Gecko; compatible; bingbot/2.0; +http://www.bing.com/bingbot.htm) Chrome/116.0.1938.76 Safari/537.36"
52.167.144.200 - - [21/Jul/2026:20:24:49 +0000] "GET /?t=5148480031860&mod=19cad091&uri=goods.php%3Fid%3D172247-550%26name%3Dgarnet+furniture+intersport+chaussure+vans HTTP/2" 301 0 "-" "Mozilla/5.0 AppleWebKit/537.36 (KHTML, like Gecko; compatible; bingbot/2.0; +http://www.bing.com/bingbot.htm) Chrome/116.0.1938.76 Safari/537.36"
207.46.13.36 - - [21/Jul/2026:20:24:49 +0000] "GET /?t=75931266051860&mod=bb03e43f&uri=article.php%3Fid%3D2539713-24%26name%3Dmicrosoft+xbox+hey+google+xbox+one HTTP/2" 301 0 "-" "Mozilla/5.0 AppleWebKit/537.36 (KHTML, like Gecko; compatible; bingbot/2.0; +http://www.bing.com/bingbot.htm) Chrome/116.0.1938.76 Safari/537.36"
52.167.144.200 - - [21/Jul/2026:20:24:50 +0000] "GET /?t=99224602041860&mod=5bc0e6a1&uri=us.php%3Fid%3D3318848-1066%26name%3Dburner+gas+char+broil+grill+parts+walmart HTTP/2" 301 0 "-" "Mozilla/5.0 AppleWebKit/537.36 (KHTML, like Gecko; compatible; bingbot/2.0; +http://www.bing.com/bingbot.htm) Chrome/116.0.1938.76 Safari/537.36"
40.77.167.28 - - [21/Jul/2026:20:24:51 +0000] "GET /?t=5345356001860&mod=8e94a88f&uri=info.php%3Fid%3D178830-590%26name%3Dseat+cushion+ottoman+pillow+cushion HTTP/2" 301 0 "-" "Mozilla/5.0 AppleWebKit/537.36 (KHTML, like Gecko; compatible; bingbot/2.0; +http://www.bing.com/bingbot.htm) Chrome/116.0.1938.76 Safari/537.36"
40.77.167.28 - - [21/Jul/2026:20:24:52 +0000] "GET /?t=4910882081860&mod=4c038c24&uri=itm.php%3Fid%3D164282-137%26name%3Dapple+iphone+high+quality+phone+case+brands HTTP/2" 301 0 "-" "Mozilla/5.0 AppleWebKit/537.36 (KHTML, like Gecko; compatible; bingbot/2.0; +http://www.bing.com/bingbot.htm) Chrome/116.0.1938.76 Safari/537.36"
52.167.144.200 - - [21/Jul/2026:20:24:56 +0000] "GET /?t=5542919021860&mod=6c7e6074&uri=itm.php%3Fid%3D185436-618%26name%3Dmini+dress+warehouse+foil+dress HTTP/2" 301 0 "-" "Mozilla/5.0 AppleWebKit/537.36 (KHTML, like Gecko; compatible; bingbot/2.0; +http://www.bing.com/bingbot.htm) Chrome/116.0.1938.76 Safari/537.36"
52.167.144.200 - - [21/Jul/2026:20:24:57 +0000] "GET /?t=35704482041860&mod=1f26274c&uri=search.php%3Fid%3D1194274-424%26name%3Drope+chain+warren+james+gold+chains HTTP/2" 301 0 "-" "Mozilla/5.0 AppleWebKit/537.36 (KHTML, like Gecko; compatible; bingbot/2.0; +http://www.bing.com/bingbot.htm) Chrome/116.0.1938.76 Safari/537.36"
52.167.144.200 - - [21/Jul/2026:20:24:57 +0000] "GET /?t=5244538041860&mod=423d7c60&uri=products.php%3Fid%3D175458-572%26name%3Dgrey+yeezy+350+youth HTTP/2" 301 0 "-" "Mozilla/5.0 AppleWebKit/537.36 (KHTML, like Gecko; compatible; bingbot/2.0; +http://www.bing.com/bingbot.htm) Chrome/116.0.1938.76 Safari/537.36"
207.46.13.36 - - [21/Jul/2026:20:25:00 +0000] "GET /?t=6701220041860&mod=29f71ea7&uri=blog.php%3Fid%3D224192-933%26name%3Dglitch+camo+adidas+nmd+xr1+high HTTP/2" 301 0 "-" "Mozilla/5.0 AppleWebKit/537.36 (KHTML, like Gecko; compatible; bingbot/2.0; +http://www.bing.com/bingbot.htm) Chrome/116.0.1938.76 Safari/537.36"
207.46.13.36 - - [21/Jul/2026:20:25:02 +0000] "GET /?t=82762574061860&mod=22764440&uri=pin.php%3Fid%3D2768198-501%26name%3Ddisney+elsa+elsa+talking+doll+frozen HTTP/2" 301 0 "-" "Mozilla/5.0 AppleWebKit/537.36 (KHTML, like Gecko; compatible; bingbot/2.0; +http://www.bing.com/bingbot.htm) Chrome/116.0.1938.76 Safari/537.36"
40.77.167.28 - - [21/Jul/2026:20:25:10 +0000] "GET /?t=6209318031860&mod=7cc762ea&uri=form.php%3Fid%3D207736-605%26name%3Dcontinental+mtb+spike+tyres HTTP/2" 301 0 "-" "Mozilla/5.0 AppleWebKit/537.36 (KHTML, like Gecko; compatible; bingbot/2.0; +http://www.bing.com/bingbot.htm) Chrome/116.0.1938.76 Safari/537.36"
40.77.167.28 - - [21/Jul/2026:20:25:11 +0000] "GET /?t=31803351031860&mod=c38edc97&uri=shared.php%3Fid%3D1063750-1018%26name%3Dgrand+weekender+vera+bradley+iconic+weekender+travel+bag+denim HTTP/2" 301 0 "-" "Mozilla/5.0 AppleWebKit/537.36 (KHTML, like Gecko; compatible; bingbot/2.0; +http://www.bing.com/bingbot.htm) Chrome/116.0.1938.76 Safari/537.36"
40.77.167.28 - - [21/Jul/2026:20:25:12 +0000] "GET /?t=6276586031860&mod=b075f38f&uri=product.php%3Fid%3D209985-783%26name%3Dcolic+remedies+signs+your+baby+is+colic HTTP/2" 301 0 "-" "Mozilla/5.0 AppleWebKit/537.36 (KHTML, like Gecko; compatible; bingbot/2.0; +http://www.bing.com/bingbot.htm) Chrome/116.0.1938.76 Safari/537.36"
94.23.188.209 - - [21/Jul/2026:20:25:37 +0000] "GET /?t=31377809041860&mod=63f4c74d&uri=blog.php%3Fid%3D1049525-223%26name%3Dreloj+cambiar+pantalla+apple+watch+serie HTTP/2" 301 0 "-" "Mozilla/5.0 (compatible; AhrefsBot/7.0; +http://ahrefs.com/robot/)"
51.75.236.139 - - [21/Jul/2026:20:25:53 +0000] "GET /?t=22385272011860&mod=c40fdb7d&uri=us.php%3Fid%3D748723-1423%26name%3Dmens+balenciaga+balenciaga+race+runners+2014 HTTP/2" 301 0 "-" "Mozilla/5.0 (compatible; AhrefsBot/7.0; +http://ahrefs.com/robot/)"
40.77.167.27 - - [21/Jul/2026:20:26:46 +0000] "GET /?t=108483228071860&mod=3c0860df&uri=goods.php%3Fid%3D3628581-415%26name%3Dsandals+size+michael+kors+sandals+for+toddlers HTTP/2" 301 0 "-" "Mozilla/5.0 AppleWebKit/537.36 (KHTML, like Gecko; compatible; bingbot/2.0; +http://www.bing.com/bingbot.htm) Chrome/116.0.1938.76 Safari/537.36"
92.222.104.210 - - [21/Jul/2026:20:26:53 +0000] "GET /?t=71611917021860&mod=d2c1d1d4&uri=product.php%3Fid%3D2395251-1016%26name%3Dbig+smith+buckaroo+jeans+jacket+price HTTP/2" 301 0 "-" "Mozilla/5.0 (compatible; AhrefsBot/7.0; +http://ahrefs.com/robot/)"
40.77.167.151 - - [21/Jul/2026:20:26:54 +0000] "GET /?t=36879280011860&mod=5558e56d&uri=us.php%3Fid%3D1233563-293%26name%3Dsoundtrack+hamilton+an+american+musical+full+broadway+show HTTP/2" 301 0 "-" "Mozilla/5.0 AppleWebKit/537.36 (KHTML, like Gecko; compatible; bingbot/2.0; +http://www.bing.com/bingbot.htm) Chrome/116.0.1938.76 Safari/537.36"
40.77.167.151 - - [21/Jul/2026:20:26:58 +0000] "GET /?t=91297182001860&mod=98f67d0c&uri=itm.php%3Fid%3D3053712-343%26name%3Dbag+kate+spade+cedar+street+maise+pink HTTP/2" 301 0 "-" "Mozilla/5.0 AppleWebKit/537.36 (KHTML, like Gecko; compatible; bingbot/2.0; +http://www.bing.com/bingbot.htm) Chrome/116.0.1938.76 Safari/537.36"
207.46.13.153 - - [21/Jul/2026:20:27:06 +0000] "GET /?t=28042799001860&mod=fd45c64e&uri=shared.php%3Fid%3D937970-59%26name%3Dparker+nyc+sarah+jane+parker+perfume HTTP/2" 301 0 "-" "Mozilla/5.0 AppleWebKit/537.36 (KHTML, like Gecko; compatible; bingbot/2.0; +http://www.bing.com/bingbot.htm) Chrome/116.0.1938.76 Safari/537.36"
207.46.13.153 - - [21/Jul/2026:20:27:07 +0000] "GET /?t=115709042021860&mod=e24a5269&uri=news.php%3Fid%3D3870299-387%26name%3Dleather+prada+nylon+beige+bag HTTP/2" 301 0 "-" "Mozilla/5.0 AppleWebKit/537.36 (KHTML, like Gecko; compatible; bingbot/2.0; +http://www.bing.com/bingbot.htm) Chrome/116.0.1938.76 Safari/537.36"
40.77.167.27 - - [21/Jul/2026:20:27:11 +0000] "GET /?t=91341863091860&mod=99b3ba1c&uri=shared.php%3Fid%3D3055209-967%26name%3Dwomens+trousers+missguided+striped+trousers HTTP/2" 301 0 "-" "Mozilla/5.0 AppleWebKit/537.36 (KHTML, like Gecko; compatible; bingbot/2.0; +http://www.bing.com/bingbot.htm) Chrome/116.0.1938.76 Safari/537.36"
207.46.13.153 - - [21/Jul/2026:20:27:12 +0000] "GET /?t=45572915031860&mod=48b109f9&uri=article.php%3Fid%3D1524322-524%26name%3Dclock+hermle+quarz+uhr HTTP/2" 301 0 "-" "Mozilla/5.0 AppleWebKit/537.36 (KHTML, like Gecko; compatible; bingbot/2.0; +http://www.bing.com/bingbot.htm) Chrome/116.0.1938.76 Safari/537.36"
207.46.13.153 - - [21/Jul/2026:20:27:13 +0000] "GET /?t=21119955001860&mod=1408989d&uri=pin.php%3Fid%3D706376-739%26name%3Dzapdos+the+three+legendary+pokemon HTTP/2" 301 0 "-" "Mozilla/5.0 AppleWebKit/537.36 (KHTML, like Gecko; compatible; bingbot/2.0; +http://www.bing.com/bingbot.htm) Chrome/116.0.1938.76 Safari/537.36"
207.46.13.153 - - [21/Jul/2026:20:27:15 +0000] "GET /?t=89187783071860&mod=8464c6c8&uri=pin.php%3Fid%3D2983179-354%26name%3Dnba+michael+jordan+jersey+history HTTP/2" 301 0 "-" "Mozilla/5.0 AppleWebKit/537.36 (KHTML, like Gecko; compatible; bingbot/2.0; +http://www.bing.com/bingbot.htm) Chrome/116.0.1938.76 Safari/537.36"
40.77.167.151 - - [21/Jul/2026:20:27:21 +0000] "GET /?t=60928082001860&mod=6416beea&uri=blog.php%3Fid%3D2037926-1410%26name%3Djcpenney+outlet+michael+kors+bags+jcpenney HTTP/2" 301 0 "-" "Mozilla/5.0 AppleWebKit/537.36 (KHTML, like Gecko; compatible; bingbot/2.0; +http://www.bing.com/bingbot.htm) Chrome/116.0.1938.76 Safari/537.36"
207.46.13.153 - - [21/Jul/2026:20:27:23 +0000] "GET /?t=95597715001860&mod=768ebda0&uri=itm.php%3Fid%3D3197566-357%26name%3Dfootball+jersey+watford+fc+2021+kit HTTP/2" 301 0 "-" "Mozilla/5.0 AppleWebKit/537.36 (KHTML, like Gecko; compatible; bingbot/2.0; +http://www.bing.com/bingbot.htm) Chrome/116.0.1938.76 Safari/537.36"
207.46.13.153 - - [21/Jul/2026:20:27:24 +0000] "GET /?t=26994019041860&mod=23e93b1f&uri=goods.php%3Fid%3D902889-648%26name%3Dcar+cosi+capsule HTTP/2" 301 0 "-" "Mozilla/5.0 AppleWebKit/537.36 (KHTML, like Gecko; compatible; bingbot/2.0; +http://www.bing.com/bingbot.htm) Chrome/116.0.1938.76 Safari/537.36"
207.46.13.153 - - [21/Jul/2026:20:27:27 +0000] "GET /?t=15469276021860&mod=352d47cf&uri=pin.php%3Fid%3D517402-177%26name%3Dtaiyo+the+claw+rc+car HTTP/2" 301 0 "-" "Mozilla/5.0 AppleWebKit/537.36 (KHTML, like Gecko; compatible; bingbot/2.0; +http://www.bing.com/bingbot.htm) Chrome/116.0.1938.76 Safari/537.36"
40.77.167.27 - - [21/Jul/2026:20:27:29 +0000] "GET /?t=914060051860&mod=a1dd9267&uri=product.php%3Fid%3D30565-287%26name%3Dterminator+genisys+terminator+nike+sneakers HTTP/2" 301 0 "-" "Mozilla/5.0 AppleWebKit/537.36 (KHTML, like Gecko; compatible; bingbot/2.0; +http://www.bing.com/bingbot.htm) Chrome/116.0.1938.76 Safari/537.36"
40.77.167.27 - - [21/Jul/2026:20:27:30 +0000] "GET /?t=13129844071860&mod=61c5cde3&uri=blog.php%3Fid%3D439188-1081%26name%3D231+athletic+fit+jeans+levi+denizen+231 HTTP/2" 301 0 "-" "Mozilla/5.0 AppleWebKit/537.36 (KHTML, like Gecko; compatible; bingbot/2.0; +http://www.bing.com/bingbot.htm) Chrome/116.0.1938.76 Safari/537.36"
40.77.167.27 - - [21/Jul/2026:20:27:31 +0000] "GET /?t=3051168051860&mod=ca7d733a&uri=info.php%3Fid%3D102053-499%26name%3Dadjustable+la+47+hat HTTP/2" 301 0 "-" "Mozilla/5.0 AppleWebKit/537.36 (KHTML, like Gecko; compatible; bingbot/2.0; +http://www.bing.com/bingbot.htm) Chrome/116.0.1938.76 Safari/537.36"
101.32.208.70 - - [21/Jul/2026:20:28:45 +0000] "GET / HTTP/1.1" 302 0 "http://www.azfilmstudios.com" "Mozilla/5.0 (iPhone; CPU iPhone OS 13_2_3 like Mac OS X) AppleWebKit/605.1.15 (KHTML, like Gecko) Version/13.0.3 Mobile/15E148 Safari/604.1"
185.191.171.3 - - [21/Jul/2026:20:28:47 +0000] "GET /robots.txt HTTP/1.1" 200 132 "-" "Mozilla/5.0 (compatible; SemrushBot/7~bl; +http://www.semrush.com/bot.html)"
101.32.208.70 - - [21/Jul/2026:20:28:47 +0000] "GET /m-home HTTP/1.1" 301 0 "https://www.azfilmstudios.com/" "Mozilla/5.0 (iPhone; CPU iPhone OS 13_2_3 like Mac OS X) AppleWebKit/605.1.15 (KHTML, like Gecko) Version/13.0.3 Mobile/15E148 Safari/604.1"
185.191.171.9 - - [21/Jul/2026:20:28:48 +0000] "GET /video/coven-2020/ HTTP/1.1" 200 21398 "-" "Mozilla/5.0 (compatible; SemrushBot/7~bl; +http://www.semrush.com/bot.html)"
101.32.208.70 - - [21/Jul/2026:20:28:49 +0000] "GET /m-home/ HTTP/1.1" 200 18565 "https://www.azfilmstudios.com/m-home" "Mozilla/5.0 (iPhone; CPU iPhone OS 13_2_3 like Mac OS X) AppleWebKit/605.1.15 (KHTML, like Gecko) Version/13.0.3 Mobile/15E148 Safari/604.1"
92.222.108.118 - - [21/Jul/2026:20:29:09 +0000] "GET /?t=32838593061860&mod=600c7d73&uri=itm.php%3Fid%3D1098366-1574%26name%3Dtenis+asics+gel+hypersonic+feminino HTTP/2" 301 0 "-" "Mozilla/5.0 (compatible; AhrefsBot/7.0; +http://ahrefs.com/robot/)"
51.195.183.182 - - [21/Jul/2026:20:29:22 +0000] "GET /?t=93159723071860&mod=73b18a42&uri=dp.php%3Fid%3D3116043-982%26name%3Dcat+litter+wood+pellets+for+rabbit+litter HTTP/2" 301 0 "-" "Mozilla/5.0 (compatible; AhrefsBot/7.0; +http://ahrefs.com/robot/)"
198.244.168.177 - - [21/Jul/2026:20:29:48 +0000] "GET /?t=7520050021860&mod=c72d54c4&uri=goods.php%3Fid%3D251570-972%26name%3Dadidas+tubular+tubular+viral+women+black HTTP/2" 301 0 "-" "Mozilla/5.0 (compatible; AhrefsBot/7.0; +http://ahrefs.com/robot/)"
54.37.118.78 - - [21/Jul/2026:20:30:01 +0000] "GET /?t=43443620141860&mod=3a1eda49&uri=blog.php%3Fid%3D1453112-657%26name%3Daxolotl+squishmallows+grandes HTTP/2" 301 0 "-" "Mozilla/5.0 (compatible; AhrefsBot/7.0; +http://ahrefs.com/robot/)"
51.89.129.254 - - [21/Jul/2026:20:30:15 +0000] "GET /?t=72578298121860&mod=dda544df&uri=us.php%3Fid%3D2427564-1367%26name%3Djordan+retro+outfits+to+match+concord+11 HTTP/2" 301 0 "-" "Mozilla/5.0 (compatible; AhrefsBot/7.0; +http://ahrefs.com/robot/)"
51.68.247.203 - - [21/Jul/2026:20:30:41 +0000] "GET /?t=84006887071860&mod=1408989d&uri=search.php%3Fid%3D2809866-739%26name%3Dadvance+the+frogger+gba HTTP/2" 301 0 "-" "Mozilla/5.0 (compatible; AhrefsBot/7.0; +http://ahrefs.com/robot/)"
94.23.188.198 - - [21/Jul/2026:20:30:55 +0000] "GET /?t=33551520001860&mod=4ce23e30&uri=pin.php%3Fid%3D1122213-1541%26name%3Dgeox+baskets+compensees+cuir+femme HTTP/2" 301 0 "-" "Mozilla/5.0 (compatible; AhrefsBot/7.0; +http://ahrefs.com/robot/)"
92.222.108.117 - - [21/Jul/2026:20:31:08 +0000] "GET /?t=10226000021860&mod=a59a8a42&uri=brands.php%3Fid%3D342070-1101%26name%3Dblack+volt+air+max+90+verde+y+negro HTTP/2" 301 0 "-" "Mozilla/5.0 (compatible; AhrefsBot/7.0; +http://ahrefs.com/robot/)"
207.46.13.157 - - [21/Jul/2026:20:31:10 +0000] "GET /?t=46339177061860&mod=c17536e6&uri=brands.php%3Fid%3D1549950-715%26name%3Djapan+biggest+anime+streaming+service HTTP/2" 301 0 "-" "Mozilla/5.0 AppleWebKit/537.36 (KHTML, like Gecko; compatible; bingbot/2.0; +http://www.bing.com/bingbot.htm) Chrome/116.0.1938.76 Safari/537.36"
114.119.128.5 - - [21/Jul/2026:20:31:11 +0000] "GET /video/edvin-bokon-mano-boos/ HTTP/1.1" 200 19213 "https://azfilmstudios.com/dj-kane-siempre-conmigo/" "Mozilla/5.0 (Linux; Android 7.0;) AppleWebKit/537.36 (HTML, like Gecko) Mobile Safari/537.36 (compatible; PetalBot;+https://webmaster.petalsearch.com/site/petalbot)"
207.46.13.157 - - [21/Jul/2026:20:31:11 +0000] "GET /?t=6463047031860&mod=af4f00ca&uri=us.php%3Fid%3D216213-67%26name%3Dgold+plated+mealguet+jewellery+location HTTP/2" 301 0 "-" "Mozilla/5.0 AppleWebKit/537.36 (KHTML, like Gecko; compatible; bingbot/2.0; +http://www.bing.com/bingbot.htm) Chrome/116.0.1938.76 Safari/537.36"
207.46.13.157 - - [21/Jul/2026:20:31:12 +0000] "GET /?t=5447229131860&mod=7cc762ea&uri=shared.php%3Fid%3D182239-605%26name%3Dcycling+ultegra+6700+front+derailleur HTTP/2" 301 0 "-" "Mozilla/5.0 AppleWebKit/537.36 (KHTML, like Gecko; compatible; bingbot/2.0; +http://www.bing.com/bingbot.htm) Chrome/116.0.1938.76 Safari/537.36"
207.46.13.157 - - [21/Jul/2026:20:31:13 +0000] "GET /?t=6547652041860&mod=6299f7b7&uri=search.php%3Fid%3D219052-391%26name%3Dnvidia+2025+nvidia+windows HTTP/2" 301 0 "-" "Mozilla/5.0 AppleWebKit/537.36 (KHTML, like Gecko; compatible; bingbot/2.0; +http://www.bing.com/bingbot.htm) Chrome/116.0.1938.76 Safari/537.36"
185.223.152.112 - - [21/Jul/2026:20:31:16 +0000] "POST /wp-login.php HTTP/1.1" 200 2336 "-" "iphone|Mozilla/5.0 (iPhone; CPU iPhone OS 9_7_2; like Mac OS X) AppleWebKit/602.34 (KHTML, like Gecko) Chrome/49.0.3285.217 Mobile Safari/537.7"
207.46.13.157 - - [21/Jul/2026:20:31:20 +0000] "GET /?t=6733541021860&mod=52ef2da9&uri=info.php%3Fid%3D225272-358%26name%3Dsingle+pole+thermostat+wiring+dimplex+baseboard+heater+thermostat HTTP/2" 301 0 "-" "Mozilla/5.0 AppleWebKit/537.36 (KHTML, like Gecko; compatible; bingbot/2.0; +http://www.bing.com/bingbot.htm) Chrome/116.0.1938.76 Safari/537.36"
207.46.13.157 - - [21/Jul/2026:20:31:21 +0000] "GET /?t=6081455031860&mod=b560c615&uri=shop.php%3Fid%3D203461-431%26name%3Darredamento+poltrone+sofa+trenzano HTTP/2" 301 0 "-" "Mozilla/5.0 AppleWebKit/537.36 (KHTML, like Gecko; compatible; bingbot/2.0; +http://www.bing.com/bingbot.htm) Chrome/116.0.1938.76 Safari/537.36"
207.46.13.157 - - [21/Jul/2026:20:31:22 +0000] "GET /?t=4518520111860&mod=82b70f27&uri=category-info.php%3Fid%3D151150-209%26name%3Dapple+macbook+pro+laptop+i7+16gb+ram+256+ssd HTTP/2" 301 0 "-" "Mozilla/5.0 AppleWebKit/537.36 (KHTML, like Gecko; compatible; bingbot/2.0; +http://www.bing.com/bingbot.htm) Chrome/116.0.1938.76 Safari/537.36"
52.167.144.200 - - [21/Jul/2026:20:31:27 +0000] "GET /?t=5038179001860&mod=613cfe07&uri=category-info.php%3Fid%3D168552-175%26name%3Drotisserie+chicken+napoleon+shish+kebab+rotisserie HTTP/2" 301 0 "-" "Mozilla/5.0 AppleWebKit/537.36 (KHTML, like Gecko; compatible; bingbot/2.0; +http://www.bing.com/bingbot.htm) Chrome/116.0.1938.76 Safari/537.36"
52.167.144.200 - - [21/Jul/2026:20:31:28 +0000] "GET /?t=65959754011860&mod=d0379e4d&uri=products.php%3Fid%3D2206213-91%26name%3Dautomatic+speech+speech+command+recognition+using+deep+learning HTTP/2" 301 0 "-" "Mozilla/5.0 AppleWebKit/537.36 (KHTML, like Gecko; compatible; bingbot/2.0; +http://www.bing.com/bingbot.htm) Chrome/116.0.1938.76 Safari/537.36"
52.167.144.200 - - [21/Jul/2026:20:31:29 +0000] "GET /?t=119032387031860&mod=a7ea0341&uri=products.php%3Fid%3D3981453-125%26name%3Dosaka+japan+tiger+osaka HTTP/2" 301 0 "-" "Mozilla/5.0 AppleWebKit/537.36 (KHTML, like Gecko; compatible; bingbot/2.0; +http://www.bing.com/bingbot.htm) Chrome/116.0.1938.76 Safari/537.36"
40.77.167.1 - - [21/Jul/2026:20:31:31 +0000] "GET /?t=32564282021860&mod=62b671a9&uri=article.php%3Fid%3D1089191-221%26name%3Dvintage+tee+shirt+taz+looney+tunes HTTP/2" 301 0 "-" "Mozilla/5.0 AppleWebKit/537.36 (KHTML, like Gecko; compatible; bingbot/2.0; +http://www.bing.com/bingbot.htm) Chrome/116.0.1938.76 Safari/537.36"
207.46.13.157 - - [21/Jul/2026:20:31:31 +0000] "GET /?t=81600680081860&mod=7cf070c5&uri=product.php%3Fid%3D2729346-695%26name%3Dprimavera+lo+ultimo+de+mango+mujer+2021 HTTP/2" 301 0 "-" "Mozilla/5.0 AppleWebKit/537.36 (KHTML, like Gecko; compatible; bingbot/2.0; +http://www.bing.com/bingbot.htm) Chrome/116.0.1938.76 Safari/537.36"
207.46.13.157 - - [21/Jul/2026:20:31:32 +0000] "GET /?t=5358673041860&mod=ce42361c&uri=news.php%3Fid%3D179274-594%26name%3Dclassic+pillow+brookstone+side+sleeper+pillow HTTP/2" 301 0 "-" "Mozilla/5.0 AppleWebKit/537.36 (KHTML, like Gecko; compatible; bingbot/2.0; +http://www.bing.com/bingbot.htm) Chrome/116.0.1938.76 Safari/537.36"
207.46.13.157 - - [21/Jul/2026:20:31:33 +0000] "GET /?t=31883030051860&mod=5dacab03&uri=us.php%3Fid%3D1066415-127%26name%3Dmatching+jewelry+couples HTTP/2" 301 0 "-" "Mozilla/5.0 AppleWebKit/537.36 (KHTML, like Gecko; compatible; bingbot/2.0; +http://www.bing.com/bingbot.htm) Chrome/116.0.1938.76 Safari/537.36"
207.46.13.157 - - [21/Jul/2026:20:31:34 +0000] "GET /?t=6391710031860&mod=984e72df&uri=us.php%3Fid%3D213833-222%26name%3Dhanging+pendant+lamp+hanging+side+lamps HTTP/2" 301 0 "-" "Mozilla/5.0 AppleWebKit/537.36 (KHTML, like Gecko; compatible; bingbot/2.0; +http://www.bing.com/bingbot.htm) Chrome/116.0.1938.76 Safari/537.36"
40.77.167.1 - - [21/Jul/2026:20:31:39 +0000] "GET /?t=5575408051860&mod=307c35d4&uri=shared.php%3Fid%3D186531-347%26name%3Ddivya+khosla+main+teri+aankhon+ka+kajal HTTP/2" 301 0 "-" "Mozilla/5.0 AppleWebKit/537.36 (KHTML, like Gecko; compatible; bingbot/2.0; +http://www.bing.com/bingbot.htm) Chrome/116.0.1938.76 Safari/537.36"
40.77.167.1 - - [21/Jul/2026:20:31:40 +0000] "GET /?t=5382896031860&mod=bb03e43f&uri=info.php%3Fid%3D180085-24%26name%3Dxbox+open+world+games+2019+ps4 HTTP/2" 301 0 "-" "Mozilla/5.0 AppleWebKit/537.36 (KHTML, like Gecko; compatible; bingbot/2.0; +http://www.bing.com/bingbot.htm) Chrome/116.0.1938.76 Safari/537.36"
40.77.167.1 - - [21/Jul/2026:20:31:41 +0000] "GET /?t=6338232011860&mod=b3129344&uri=products.php%3Fid%3D212045-829%26name%3Dbicicleta+indoor+bicicleta+spinning+sportstech+sx500 HTTP/2" 301 0 "-" "Mozilla/5.0 AppleWebKit/537.36 (KHTML, like Gecko; compatible; bingbot/2.0; +http://www.bing.com/bingbot.htm) Chrome/116.0.1938.76 Safari/537.36"
40.77.167.1 - - [21/Jul/2026:20:31:42 +0000] "GET /?t=6606240051860&mod=7664312c&uri=dp.php%3Fid%3D221013-636%26name%3Dhuawei+global+led+hq+smartwatch+for+huawei HTTP/2" 301 0 "-" "Mozilla/5.0 AppleWebKit/537.36 (KHTML, like Gecko; compatible; bingbot/2.0; +http://www.bing.com/bingbot.htm) Chrome/116.0.1938.76 Safari/537.36"
37.59.204.145 - - [21/Jul/2026:20:31:47 +0000] "GET /?t=42292815031860&mod=93be9410&uri=itm.php%3Fid%3D1414620-1628%26name%3Ddeodorizing+spray+m9+odor+eliminating+spray HTTP/2" 301 0 "-" "Mozilla/5.0 (compatible; AhrefsBot/7.0; +http://ahrefs.com/robot/)"
40.77.167.67 - - [21/Jul/2026:20:31:48 +0000] "GET /?t=6217906041860&mod=7cc762ea&uri=form.php%3Fid%3D208024-605%26name%3Debike+fat+bike+enduro HTTP/2" 301 0 "-" "Mozilla/5.0 AppleWebKit/537.36 (KHTML, like Gecko; compatible; bingbot/2.0; +http://www.bing.com/bingbot.htm) Chrome/116.0.1938.76 Safari/537.36"
185.191.171.13 - - [21/Jul/2026:20:31:52 +0000] "GET /video/jojo-hailey-special/ HTTP/1.1" 200 21586 "-" "Mozilla/5.0 (compatible; SemrushBot/7~bl; +http://www.semrush.com/bot.html)"
207.46.13.153 - - [21/Jul/2026:20:31:56 +0000] "GET /?t=20058247021860&mod=99f59c08&uri=goods.php%3Fid%3D670858-23%26name%3Dold+ct+100+bike HTTP/2" 301 0 "-" "Mozilla/5.0 AppleWebKit/537.36 (KHTML, like Gecko; compatible; bingbot/2.0; +http://www.bing.com/bingbot.htm) Chrome/116.0.1938.76 Safari/537.36"
40.77.167.27 - - [21/Jul/2026:20:32:00 +0000] "GET /?t=20514683131860&mod=1c35e9c3&uri=itm.php%3Fid%3D686126-1324%26name%3Djungleland+women%27s+camo+hunting+backpack HTTP/2" 301 0 "-" "Mozilla/5.0 AppleWebKit/537.36 (KHTML, like Gecko; compatible; bingbot/2.0; +http://www.bing.com/bingbot.htm) Chrome/116.0.1938.76 Safari/537.36"
176.31.139.11 - - [21/Jul/2026:20:32:00 +0000] "GET /?t=104501290031860&mod=b485f2ea&uri=news.php%3Fid%3D3495312-1626%26name%3Dyankees+t+shirt+avec+numero+femme HTTP/2" 301 0 "-" "Mozilla/5.0 (compatible; AhrefsBot/7.0; +http://ahrefs.com/robot/)"
40.77.167.27 - - [21/Jul/2026:20:32:08 +0000] "GET /?t=45543101091860&mod=dfb38637&uri=brands.php%3Fid%3D1523325-145%26name%3Dbotina+sapato+bota+infantil+masculino HTTP/2" 301 0 "-" "Mozilla/5.0 AppleWebKit/537.36 (KHTML, like Gecko; compatible; bingbot/2.0; +http://www.bing.com/bingbot.htm) Chrome/116.0.1938.76 Safari/537.36"
51.68.247.202 - - [21/Jul/2026:20:32:14 +0000] "GET /?t=76895219101860&mod=a909b8ff&uri=pin.php%3Fid%3D2571946-1200%26name%3D28l+backpack+burton+orange+backpack HTTP/2" 301 0 "-" "Mozilla/5.0 (compatible; AhrefsBot/7.0; +http://ahrefs.com/robot/)"
207.46.13.153 - - [21/Jul/2026:20:32:15 +0000] "GET /?t=68976287001860&mod=b618c321&uri=goods.php%3Fid%3D2307127-16%26name%3Dapple+airpods+pro+best+cheap+earbuds+for+iphone HTTP/2" 301 0 "-" "Mozilla/5.0 AppleWebKit/537.36 (KHTML, like Gecko; compatible; bingbot/2.0; +http://www.bing.com/bingbot.htm) Chrome/116.0.1938.76 Safari/537.36"
207.46.13.153 - - [21/Jul/2026:20:32:17 +0000] "GET /?t=5129294041860&mod=97d874c5&uri=shop.php%3Fid%3D171602-163%26name%3Dshoes+stan+smith+cisalfa HTTP/2" 301 0 "-" "Mozilla/5.0 AppleWebKit/537.36 (KHTML, like Gecko; compatible; bingbot/2.0; +http://www.bing.com/bingbot.htm) Chrome/116.0.1938.76 Safari/537.36"
207.46.13.153 - - [21/Jul/2026:20:32:23 +0000] "GET /?t=25551350061860&mod=e65e15c9&uri=shared.php%3Fid%3D854664-241%26name%3Dpuffer+jacket+marco+polo+big+puffy+mantel+schwarz HTTP/2" 301 0 "-" "Mozilla/5.0 AppleWebKit/537.36 (KHTML, like Gecko; compatible; bingbot/2.0; +http://www.bing.com/bingbot.htm) Chrome/116.0.1938.76 Safari/537.36"
207.46.13.153 - - [21/Jul/2026:20:32:24 +0000] "GET /?t=48060929071860&mod=e231a950&uri=blog.php%3Fid%3D1607547-183%26name%3Dmedidas+maletas+air+europa HTTP/2" 301 0 "-" "Mozilla/5.0 AppleWebKit/537.36 (KHTML, like Gecko; compatible; bingbot/2.0; +http://www.bing.com/bingbot.htm) Chrome/116.0.1938.76 Safari/537.36"
207.46.13.153 - - [21/Jul/2026:20:32:26 +0000] "GET /?t=74114913041860&mod=ae0b1ca9&uri=brands.php%3Fid%3D2478951-1557%26name%3Dmaglietta+t+shirt+puma+donna+marrone HTTP/2" 301 0 "-" "Mozilla/5.0 AppleWebKit/537.36 (KHTML, like Gecko; compatible; bingbot/2.0; +http://www.bing.com/bingbot.htm) Chrome/116.0.1938.76 Safari/537.36"
207.46.13.153 - - [21/Jul/2026:20:32:27 +0000] "GET /?t=119576542031860&mod=dd58fe0f&uri=blog.php%3Fid%3D3999638-1877%26name%3Dframed+ireland+rugby+jersey HTTP/2" 301 0 "-" "Mozilla/5.0 AppleWebKit/537.36 (KHTML, like Gecko; compatible; bingbot/2.0; +http://www.bing.com/bingbot.htm) Chrome/116.0.1938.76 Safari/537.36"
92.222.108.116 - - [21/Jul/2026:20:32:28 +0000] "GET /?t=2224661051860&mod=acf92d95&uri=goods.php%3Fid%3D74410-515%26name%3Dpuma+rsx+toys+puma+rx+toys HTTP/2" 301 0 "-" "Mozilla/5.0 (compatible; AhrefsBot/7.0; +http://ahrefs.com/robot/)"
40.77.167.27 - - [21/Jul/2026:20:32:28 +0000] "GET /?t=26856591001860&mod=3006a068&uri=dp.php%3Fid%3D898298-171%26name%3Dwindows+geforce+now+hardware+specs HTTP/2" 301 0 "-" "Mozilla/5.0 AppleWebKit/537.36 (KHTML, like Gecko; compatible; bingbot/2.0; +http://www.bing.com/bingbot.htm) Chrome/116.0.1938.76 Safari/537.36"
40.77.167.27 - - [21/Jul/2026:20:32:29 +0000] "GET /?t=41237079021860&mod=333c04a1&uri=pin.php%3Fid%3D1379302-416%26name%3Dadidas+hoops+deichmann+schuhe+damen+adidas HTTP/2" 301 0 "-" "Mozilla/5.0 AppleWebKit/537.36 (KHTML, like Gecko; compatible; bingbot/2.0; +http://www.bing.com/bingbot.htm) Chrome/116.0.1938.76 Safari/537.36"
40.77.167.151 - - [21/Jul/2026:20:32:34 +0000] "GET /?t=106116377021860&mod=e56a4328&uri=info.php%3Fid%3D3549384-215%26name%3Dsurvetement+nike+vetement+nike+air HTTP/2" 301 0 "-" "Mozilla/5.0 AppleWebKit/537.36 (KHTML, like Gecko; compatible; bingbot/2.0; +http://www.bing.com/bingbot.htm) Chrome/116.0.1938.76 Safari/537.36"
40.77.167.151 - - [21/Jul/2026:20:32:35 +0000] "GET /?t=9181792021860&mod=399878d7&uri=category-info.php%3Fid%3D307134-602%26name%3Dlaptop+bag+best+men%27s+commuter+backpack HTTP/2" 301 0 "-" "Mozilla/5.0 AppleWebKit/537.36 (KHTML, like Gecko; compatible; bingbot/2.0; +http://www.bing.com/bingbot.htm) Chrome/116.0.1938.76 Safari/537.36"
114.119.147.205 - - [21/Jul/2026:20:32:35 +0000] "GET /portfolio/glass-jaw/ HTTP/1.1" 301 0 "http://azfilmstudios.com/films" "Mozilla/5.0 (Linux; Android 7.0;) AppleWebKit/537.36 (HTML, like Gecko) Mobile Safari/537.36 (compatible; PetalBot;+https://webmaster.petalsearch.com/site/petalbot)"
114.119.147.205 - - [21/Jul/2026:20:32:36 +0000] "GET /video/glass-jaw/ HTTP/1.1" 200 19245 "http://azfilmstudios.com/films" "Mozilla/5.0 (Linux; Android 7.0;) AppleWebKit/537.36 (HTML, like Gecko) Mobile Safari/537.36 (compatible; PetalBot;+https://webmaster.petalsearch.com/site/petalbot)"
176.31.139.6 - - [21/Jul/2026:20:32:41 +0000] "GET /?t=113838784051860&mod=98f67d0c&uri=pin.php%3Fid%3D3807749-343%26name%3Dpaper+eco+bags+for+shopping HTTP/2" 301 0 "-" "Mozilla/5.0 (compatible; AhrefsBot/7.0; +http://ahrefs.com/robot/)"
207.46.13.153 - - [21/Jul/2026:20:32:41 +0000] "GET /?t=55542228001860&mod=154ff894&uri=info.php%3Fid%3D1857767-82%26name%3Dazkaban+knight+bus+amazon+lego+harry+potter+bus HTTP/2" 301 0 "-" "Mozilla/5.0 AppleWebKit/537.36 (KHTML, like Gecko; compatible; bingbot/2.0; +http://www.bing.com/bingbot.htm) Chrome/116.0.1938.76 Safari/537.36"
40.77.167.27 - - [21/Jul/2026:20:32:50 +0000] "GET /?t=91553943031860&mod=8d790bd8&uri=brands.php%3Fid%3D3062307-1650%26name%3Ddog+treat+himalayan+cheese+bone+for+dogs HTTP/2" 301 0 "-" "Mozilla/5.0 AppleWebKit/537.36 (KHTML, like Gecko; compatible; bingbot/2.0; +http://www.bing.com/bingbot.htm) Chrome/116.0.1938.76 Safari/537.36"
114.119.147.205 - - [21/Jul/2026:20:33:58 +0000] "GET /video/mansour-bavar-nemikardam/ HTTP/1.1" 200 19416 "https://www.azfilmstudios.com/music-videos/" "Mozilla/5.0 (Linux; Android 7.0;) AppleWebKit/537.36 (HTML, like Gecko) Mobile Safari/537.36 (compatible; PetalBot;+https://webmaster.petalsearch.com/site/petalbot)"
198.38.94.67 - - [21/Jul/2026:20:34:28 +0000] "POST /wp-cron.php?doing_wp_cron=1784666068.2631950378417968750000 HTTP/1.1" 200 0 "-" "WordPress/7.0; https://www.azfilmstudios.com"
51.75.236.128 - - [21/Jul/2026:20:34:27 +0000] "GET /?t=58951578041860&mod=d7e1b0c8&uri=pin.php%3Fid%3D1971801-496%26name%3Dvans+shoe+mens+vans+us+open HTTP/2" 301 0 "-" "Mozilla/5.0 (compatible; AhrefsBot/7.0; +http://ahrefs.com/robot/)"
207.46.13.157 - - [21/Jul/2026:20:34:31 +0000] "GET /?t=53203440041860&mod=c39712e5&uri=search.php%3Fid%3D1779550-539%26name%3Demballeuse+sous+machine+pour+mise+sous+vide HTTP/2" 301 0 "-" "Mozilla/5.0 AppleWebKit/537.36 (KHTML, like Gecko; compatible; bingbot/2.0; +http://www.bing.com/bingbot.htm) Chrome/116.0.1938.76 Safari/537.36"
207.46.13.157 - - [21/Jul/2026:20:34:31 +0000] "GET /?t=5207440081860&mod=e24a5269&uri=shared.php%3Fid%3D174220-387%26name%3D73723+tabby+coach+73723 HTTP/2" 301 0 "-" "Mozilla/5.0 AppleWebKit/537.36 (KHTML, like Gecko; compatible; bingbot/2.0; +http://www.bing.com/bingbot.htm) Chrome/116.0.1938.76 Safari/537.36"
207.46.13.157 - - [21/Jul/2026:20:34:32 +0000] "GET /?t=102874853101860&mod=36811485&uri=pin.php%3Fid%3D3440918-843%26name%3Dtie+nike+auto+shoelace HTTP/2" 301 0 "-" "Mozilla/5.0 AppleWebKit/537.36 (KHTML, like Gecko; compatible; bingbot/2.0; +http://www.bing.com/bingbot.htm) Chrome/116.0.1938.76 Safari/537.36"
207.46.13.157 - - [21/Jul/2026:20:34:34 +0000] "GET /?t=6358219131860&mod=e1e1db28&uri=products.php%3Fid%3D212713-911%26name%3Dcostumi+nuoto+donna+costumi+akron HTTP/2" 301 0 "-" "Mozilla/5.0 AppleWebKit/537.36 (KHTML, like Gecko; compatible; bingbot/2.0; +http://www.bing.com/bingbot.htm) Chrome/116.0.1938.76 Safari/537.36"
40.77.167.67 - - [21/Jul/2026:20:34:37 +0000] "GET /?t=65318593031860&mod=92718589&uri=search.php%3Fid%3D2184763-104%26name%3Drci+jeep+gladiator+bed+cage HTTP/2" 301 0 "-" "Mozilla/5.0 AppleWebKit/537.36 (KHTML, like Gecko; compatible; bingbot/2.0; +http://www.bing.com/bingbot.htm) Chrome/116.0.1938.76 Safari/537.36"
40.77.167.67 - - [21/Jul/2026:20:34:38 +0000] "GET /?t=6742807041860&mod=e231a950&uri=news.php%3Fid%3D225582-183%26name%3Dcuero+cartera+prune+paris HTTP/2" 301 0 "-" "Mozilla/5.0 AppleWebKit/537.36 (KHTML, like Gecko; compatible; bingbot/2.0; +http://www.bing.com/bingbot.htm) Chrome/116.0.1938.76 Safari/537.36"
40.77.167.67 - - [21/Jul/2026:20:34:40 +0000] "GET /?t=5293312111860&mod=769675d7&uri=shared.php%3Fid%3D177090-29%26name%3Dmens+slippers+lakhani+armaan+touch+shoes HTTP/2" 301 0 "-" "Mozilla/5.0 AppleWebKit/537.36 (KHTML, like Gecko; compatible; bingbot/2.0; +http://www.bing.com/bingbot.htm) Chrome/116.0.1938.76 Safari/537.36"
40.77.167.1 - - [21/Jul/2026:20:34:41 +0000] "GET /?t=53704239021860&mod=aa2c6857&uri=shop.php%3Fid%3D1796294-213%26name%3Dcashmere+sweaters+tj+maxx+cashmere HTTP/2" 301 0 "-" "Mozilla/5.0 AppleWebKit/537.36 (KHTML, like Gecko; compatible; bingbot/2.0; +http://www.bing.com/bingbot.htm) Chrome/116.0.1938.76 Safari/537.36"
207.46.13.157 - - [21/Jul/2026:20:34:41 +0000] "GET /?t=41249209001860&mod=dfc2075e&uri=product.php%3Fid%3D1379707-503%26name%3Dishhaara+kundan+necklace+set+online HTTP/2" 301 0 "-" "Mozilla/5.0 AppleWebKit/537.36 (KHTML, like Gecko; compatible; bingbot/2.0; +http://www.bing.com/bingbot.htm) Chrome/116.0.1938.76 Safari/537.36"
207.46.13.157 - - [21/Jul/2026:20:34:42 +0000] "GET /?t=85738661071860&mod=3cd1c74a&uri=pin.php%3Fid%3D2867851-592%26name%3Dmavic+mini+dji+mavic+air+downloads HTTP/2" 301 0 "-" "Mozilla/5.0 AppleWebKit/537.36 (KHTML, like Gecko; compatible; bingbot/2.0; +http://www.bing.com/bingbot.htm) Chrome/116.0.1938.76 Safari/537.36"
207.46.13.157 - - [21/Jul/2026:20:34:43 +0000] "GET /?t=6520165031860&mod=b560c615&uri=info.php%3Fid%3D218131-431%26name%3Dkartell+sedie+moderne+cucina+trasparenti HTTP/2" 301 0 "-" "Mozilla/5.0 AppleWebKit/537.36 (KHTML, like Gecko; compatible; bingbot/2.0; +http://www.bing.com/bingbot.htm) Chrome/116.0.1938.76 Safari/537.36"
207.46.13.157 - - [21/Jul/2026:20:34:50 +0000] "GET /?t=118969989051860&mod=72195483&uri=category-info.php%3Fid%3D3979369-217%26name%3Dhaenim+sterilzer+haenim+dryer+and+multi+sterilizer HTTP/2" 301 0 "-" "Mozilla/5.0 AppleWebKit/537.36 (KHTML, like Gecko; compatible; bingbot/2.0; +http://www.bing.com/bingbot.htm) Chrome/116.0.1938.76 Safari/537.36"
40.77.167.151 - - [21/Jul/2026:20:34:50 +0000] "GET /?t=62071826041860&mod=eadfc497&uri=product.php%3Fid%3D2076176-1388%26name%3Dpuma+180+zapatos+puma+hombre+60 HTTP/2" 301 0 "-" "Mozilla/5.0 AppleWebKit/537.36 (KHTML, like Gecko; compatible; bingbot/2.0; +http://www.bing.com/bingbot.htm) Chrome/116.0.1938.76 Safari/537.36"
40.77.167.151 - - [21/Jul/2026:20:34:51 +0000] "GET /?t=22060867021860&mod=3d33d62b&uri=shared.php%3Fid%3D737861-1417%26name%3Dchampion+shirt+kids HTTP/2" 301 0 "-" "Mozilla/5.0 AppleWebKit/537.36 (KHTML, like Gecko; compatible; bingbot/2.0; +http://www.bing.com/bingbot.htm) Chrome/116.0.1938.76 Safari/537.36"
51.68.247.211 - - [21/Jul/2026:20:34:52 +0000] "GET /?t=57627204051860&mod=82882576&uri=pin.php%3Fid%3D1927498-762%26name%3Dmindful+souls+solar+system+crystal+bracelet HTTP/2" 301 0 "-" "Mozilla/5.0 (compatible; AhrefsBot/7.0; +http://ahrefs.com/robot/)"
40.77.167.151 - - [21/Jul/2026:20:34:54 +0000] "GET /?t=65798999041860&mod=10f5716b&uri=article.php%3Fid%3D2200836-983%26name%3Dnintendo+n64+cartridge+mario+party+cartridge HTTP/2" 301 0 "-" "Mozilla/5.0 AppleWebKit/537.36 (KHTML, like Gecko; compatible; bingbot/2.0; +http://www.bing.com/bingbot.htm) Chrome/116.0.1938.76 Safari/537.36"
40.77.167.1 - - [21/Jul/2026:20:34:55 +0000] "GET /?t=6104938021860&mod=fa2431bf&uri=category-info.php%3Fid%3D204250-22%26name%3Dgreg+minnaar+oakley+drt5+mtb HTTP/2" 301 0 "-" "Mozilla/5.0 AppleWebKit/537.36 (KHTML, like Gecko; compatible; bingbot/2.0; +http://www.bing.com/bingbot.htm) Chrome/116.0.1938.76 Safari/537.36"
40.77.167.1 - - [21/Jul/2026:20:34:56 +0000] "GET /?t=5105454031860&mod=1dd5a401&uri=info.php%3Fid%3D170803-126%26name%3Dtable+kate+spade+home+clearance HTTP/2" 301 0 "-" "Mozilla/5.0 AppleWebKit/537.36 (KHTML, like Gecko; compatible; bingbot/2.0; +http://www.bing.com/bingbot.htm) Chrome/116.0.1938.76 Safari/537.36"
40.77.167.1 - - [21/Jul/2026:20:34:56 +0000] "GET /?t=22481083061860&mod=c17536e6&uri=category-info.php%3Fid%3D751935-715%26name%3Dgps+do+you+need+sim+card+for+apple+watch HTTP/2" 301 0 "-" "Mozilla/5.0 AppleWebKit/537.36 (KHTML, like Gecko; compatible; bingbot/2.0; +http://www.bing.com/bingbot.htm) Chrome/116.0.1938.76 Safari/537.36"
40.77.167.1 - - [21/Jul/2026:20:34:58 +0000] "GET /?t=80734756041860&mod=6b07e15f&uri=us.php%3Fid%3D2700388-877%26name%3Donline+pneu+pneu+vtt+continental+29+pouces HTTP/2" 301 0 "-" "Mozilla/5.0 AppleWebKit/537.36 (KHTML, like Gecko; compatible; bingbot/2.0; +http://www.bing.com/bingbot.htm) Chrome/116.0.1938.76 Safari/537.36"
52.167.144.184 - - [21/Jul/2026:20:35:00 +0000] "GET /?t=65220243061860&mod=8e94a88f&uri=product.php%3Fid%3D2181472-590%26name%3Dcouch+big+floor+pillows HTTP/2" 301 0 "-" "Mozilla/5.0 AppleWebKit/537.36 (KHTML, like Gecko; compatible; bingbot/2.0; +http://www.bing.com/bingbot.htm) Chrome/116.0.1938.76 Safari/537.36"
52.167.144.184 - - [21/Jul/2026:20:35:00 +0000] "GET /?t=119253008001860&mod=a081cab4&uri=dp.php%3Fid%3D3988830-30%26name%3D854+technic+lego+technic+go+kart+1980 HTTP/2" 301 0 "-" "Mozilla/5.0 AppleWebKit/537.36 (KHTML, like Gecko; compatible; bingbot/2.0; +http://www.bing.com/bingbot.htm) Chrome/116.0.1938.76 Safari/537.36"
52.167.144.184 - - [21/Jul/2026:20:35:01 +0000] "GET /?t=5086781011860&mod=1dd5a401&uri=us.php%3Fid%3D170179-126%26name%3Ddempsey+drawstring+bucket+bag+15 HTTP/2" 301 0 "-" "Mozilla/5.0 AppleWebKit/537.36 (KHTML, like Gecko; compatible; bingbot/2.0; +http://www.bing.com/bingbot.htm) Chrome/116.0.1938.76 Safari/537.36"
52.167.144.184 - - [21/Jul/2026:20:35:02 +0000] "GET /?t=5228698021860&mod=423d7c60&uri=itm.php%3Fid%3D174930-572%26name%3Dinches+in+shoe+size+kids HTTP/2" 301 0 "-" "Mozilla/5.0 AppleWebKit/537.36 (KHTML, like Gecko; compatible; bingbot/2.0; +http://www.bing.com/bingbot.htm) Chrome/116.0.1938.76 Safari/537.36"
40.77.167.57 - - [21/Jul/2026:20:35:03 +0000] "GET /?t=47608306051860&mod=af4f00ca&uri=pin.php%3Fid%3D1592411-67%26name%3Drabbit+fur+russian+hat+with+flaps HTTP/2" 301 0 "-" "Mozilla/5.0 AppleWebKit/537.36 (KHTML, like Gecko; compatible; bingbot/2.0; +http://www.bing.com/bingbot.htm) Chrome/116.0.1938.76 Safari/537.36"
54.37.118.73 - - [21/Jul/2026:20:35:07 +0000] "GET /?t=43870063021860&mod=f4f4a06c&uri=itm.php%3Fid%3D1467389-109%26name%3Dbarbie+plane+barbie+helicopter+amazon HTTP/2" 301 0 "-" "Mozilla/5.0 (compatible; AhrefsBot/7.0; +http://ahrefs.com/robot/)"
207.46.13.153 - - [21/Jul/2026:20:35:16 +0000] "GET /?t=53168275031860&mod=9c58cf4d&uri=us.php%3Fid%3D1778377-197%26name%3Dbike+lock+splendor+pro+lock+set HTTP/2" 301 0 "-" "Mozilla/5.0 AppleWebKit/537.36 (KHTML, like Gecko; compatible; bingbot/2.0; +http://www.bing.com/bingbot.htm) Chrome/116.0.1938.76 Safari/537.36"
40.77.167.151 - - [21/Jul/2026:20:35:17 +0000] "GET /?t=8234559001860&mod=1ddd2a3a&uri=goods.php%3Fid%3D275440-1011%26name%3Dpuffer+jacket+connor+jackets HTTP/2" 301 0 "-" "Mozilla/5.0 AppleWebKit/537.36 (KHTML, like Gecko; compatible; bingbot/2.0; +http://www.bing.com/bingbot.htm) Chrome/116.0.1938.76 Safari/537.36"
40.77.167.151 - - [21/Jul/2026:20:35:18 +0000] "GET /?t=60085739001860&mod=a7dc07ed&uri=shop.php%3Fid%3D2009748-134%26name%3Dposter+amazon+prime+video+movies HTTP/2" 301 0 "-" "Mozilla/5.0 AppleWebKit/537.36 (KHTML, like Gecko; compatible; bingbot/2.0; +http://www.bing.com/bingbot.htm) Chrome/116.0.1938.76 Safari/537.36"
40.77.167.151 - - [21/Jul/2026:20:35:19 +0000] "GET /?t=91284668041860&mod=4d2eaddb&uri=news.php%3Fid%3D3053294-1389%26name%3Dsneakers+cloudfoam+qt+racer+black+and+gold HTTP/2" 301 0 "-" "Mozilla/5.0 AppleWebKit/537.36 (KHTML, like Gecko; compatible; bingbot/2.0; +http://www.bing.com/bingbot.htm) Chrome/116.0.1938.76 Safari/537.36"
40.77.167.151 - - [21/Jul/2026:20:35:20 +0000] "GET /?t=117616505031860&mod=d0379e4d&uri=article.php%3Fid%3D3934140-91%26name%3Dbraille+phonetic+reading+blocks HTTP/2" 301 0 "-" "Mozilla/5.0 AppleWebKit/537.36 (KHTML, like Gecko; compatible; bingbot/2.0; +http://www.bing.com/bingbot.htm) Chrome/116.0.1938.76 Safari/537.36"
207.46.13.153 - - [21/Jul/2026:20:35:21 +0000] "GET /?t=27862992061860&mod=9c58cf4d&uri=form.php%3Fid%3D931950-197%26name%3Dturn+signal+fork+clamp+mount HTTP/2" 301 0 "-" "Mozilla/5.0 AppleWebKit/537.36 (KHTML, like Gecko; compatible; bingbot/2.0; +http://www.bing.com/bingbot.htm) Chrome/116.0.1938.76 Safari/537.36"
40.77.167.57 - - [21/Jul/2026:20:35:22 +0000] "GET /?t=34451750041860&mod=3006a068&uri=product.php%3Fid%3D1152328-171%26name%3Dhp+laptop+intel+core+i5+8250u+drivers HTTP/2" 301 0 "-" "Mozilla/5.0 AppleWebKit/537.36 (KHTML, like Gecko; compatible; bingbot/2.0; +http://www.bing.com/bingbot.htm) Chrome/116.0.1938.76 Safari/537.36"
40.77.167.151 - - [21/Jul/2026:20:35:23 +0000] "GET /?t=1072325011860&mod=d1a143e5&uri=goods.php%3Fid%3D35858-160%26name%3Dwalking+shoes+camouflage+wedge+sneakers HTTP/2" 301 0 "-" "Mozilla/5.0 AppleWebKit/537.36 (KHTML, like Gecko; compatible; bingbot/2.0; +http://www.bing.com/bingbot.htm) Chrome/116.0.1938.76 Safari/537.36"
40.77.167.57 - - [21/Jul/2026:20:35:29 +0000] "GET /?t=20466525011860&mod=cea1d5c7&uri=news.php%3Fid%3D684517-1002%26name%3D210+synergy+edition+geforce+210+4k HTTP/2" 301 0 "-" "Mozilla/5.0 AppleWebKit/537.36 (KHTML, like Gecko; compatible; bingbot/2.0; +http://www.bing.com/bingbot.htm) Chrome/116.0.1938.76 Safari/537.36"
37.59.204.153 - - [21/Jul/2026:20:35:32 +0000] "GET /?t=90917728091860&mod=9b579b22&uri=dp.php%3Fid%3D3041020-1111%26name%3Dtenis+adidas+hoops+adidas+en+coppel HTTP/2" 301 0 "-" "Mozilla/5.0 (compatible; AhrefsBot/7.0; +http://ahrefs.com/robot/)"
40.77.167.57 - - [21/Jul/2026:20:35:33 +0000] "GET /?t=79612679041860&mod=40391729&uri=pin.php%3Fid%3D2662868-890%26name%3Dgucci+ankle+boots+gucci+bottines+serpent HTTP/2" 301 0 "-" "Mozilla/5.0 AppleWebKit/537.36 (KHTML, like Gecko; compatible; bingbot/2.0; +http://www.bing.com/bingbot.htm) Chrome/116.0.1938.76 Safari/537.36"
207.46.13.153 - - [21/Jul/2026:20:35:53 +0000] "GET /?t=37216317041860&mod=07763460&uri=category-info.php%3Fid%3D1244852-630%26name%3Dwireless+headphones+trevi+airpods HTTP/2" 301 0 "-" "Mozilla/5.0 AppleWebKit/537.36 (KHTML, like Gecko; compatible; bingbot/2.0; +http://www.bing.com/bingbot.htm) Chrome/116.0.1938.76 Safari/537.36"
207.46.13.153 - - [21/Jul/2026:20:35:54 +0000] "GET /?t=111282882011860&mod=50979206&uri=news.php%3Fid%3D3722247-936%26name%3Dlocket+i+lost+my+pandora+ring HTTP/2" 301 0 "-" "Mozilla/5.0 AppleWebKit/537.36 (KHTML, like Gecko; compatible; bingbot/2.0; +http://www.bing.com/bingbot.htm) Chrome/116.0.1938.76 Safari/537.36"
114.119.132.61 - - [21/Jul/2026:20:36:46 +0000] "GET /video/ebi-masteh-cheshat HTTP/1.1" 301 0 "https://www.azfilmstudios.com/video/ebi-masteh-cheshat" "Mozilla/5.0 (Linux; Android 7.0;) AppleWebKit/537.36 (HTML, like Gecko) Mobile Safari/537.36 (compatible; PetalBot;+https://webmaster.petalsearch.com/site/petalbot)"
114.119.132.61 - - [21/Jul/2026:20:36:46 +0000] "GET /video/ebi-masteh-cheshat/ HTTP/1.1" 200 19362 "https://www.azfilmstudios.com/video/ebi-masteh-cheshat" "Mozilla/5.0 (Linux; Android 7.0;) AppleWebKit/537.36 (HTML, like Gecko) Mobile Safari/537.36 (compatible; PetalBot;+https://webmaster.petalsearch.com/site/petalbot)"
114.119.162.251 - - [21/Jul/2026:20:38:08 +0000] "GET /video/jojo-hailey-special HTTP/1.1" 301 0 "https://www.azfilmstudios.com/video/jojo-hailey-special" "Mozilla/5.0 (Linux; Android 7.0;) AppleWebKit/537.36 (HTML, like Gecko) Mobile Safari/537.36 (compatible; PetalBot;+https://webmaster.petalsearch.com/site/petalbot)"
114.119.162.251 - - [21/Jul/2026:20:38:09 +0000] "GET /video/jojo-hailey-special/ HTTP/1.1" 200 19417 "https://www.azfilmstudios.com/video/jojo-hailey-special" "Mozilla/5.0 (Linux; Android 7.0;) AppleWebKit/537.36 (HTML, like Gecko) Mobile Safari/537.36 (compatible; PetalBot;+https://webmaster.petalsearch.com/site/petalbot)"
