74.7.227.54 - - [21/Jul/2026:12:26:46 +0000] "GET /?lokasie=/usr/lib64//libdrm_radeon.so.1.128.0&loknya=/usr/lib64/ HTTP/2" 200 1492 "https://www.zeuszamani.com.azfilmstudios.com/?loknya=/usr/lib64/" "Mozilla/5.0 AppleWebKit/537.36 (KHTML, like Gecko; compatible; GPTBot/1.4; +https://openai.com/gptbot)"
74.7.227.54 - - [21/Jul/2026:12:26:46 +0000] "GET /?lokasie=/usr/lib64//libxcb-xf86dri.so.0.0.0&loknya=/usr/lib64/ HTTP/2" 200 1490 "https://www.zeuszamani.com.azfilmstudios.com/?loknya=/usr/lib64/" "Mozilla/5.0 AppleWebKit/537.36 (KHTML, like Gecko; compatible; GPTBot/1.4; +https://openai.com/gptbot)"
74.7.227.54 - - [21/Jul/2026:12:26:47 +0000] "GET /?lokasie=/usr/lib64/.libgnutls.so.30.40.4.hmac&loknya=/usr/lib64 HTTP/2" 200 1709 "https://www.zeuszamani.com.azfilmstudios.com/?loknya=/usr/lib64" "Mozilla/5.0 AppleWebKit/537.36 (KHTML, like Gecko; compatible; GPTBot/1.4; +https://openai.com/gptbot)"
212.55.73.241 - - [21/Jul/2026:12:26:47 +0000] "GET /wp-login.php:admin HTTP/2" 200 2897 "-" "Mozilla/5.0 (Windows NT 10.0; Win64; x64) AppleWebKit/537.36 (KHTML, like Gecko) Chrome/124.0.6367.207 Safari/537.36"
74.7.227.54 - - [21/Jul/2026:12:26:47 +0000] "GET /?lokasie=/usr/lib64//libdrm_nouveau.so.2.128.0&loknya=/usr/lib64/ HTTP/2" 200 1492 "https://www.zeuszamani.com.azfilmstudios.com/?loknya=/usr/lib64/" "Mozilla/5.0 AppleWebKit/537.36 (KHTML, like Gecko; compatible; GPTBot/1.4; +https://openai.com/gptbot)"
74.7.227.54 - - [21/Jul/2026:12:26:48 +0000] "GET /?lokasie=/usr/lib64//libevent_core-2.1.so.7.0.1&loknya=/usr/lib64/ HTTP/2" 200 1494 "https://www.zeuszamani.com.azfilmstudios.com/?loknya=/usr/lib64/" "Mozilla/5.0 AppleWebKit/537.36 (KHTML, like Gecko; compatible; GPTBot/1.4; +https://openai.com/gptbot)"
74.7.227.54 - - [21/Jul/2026:12:26:49 +0000] "GET /?lokasie=/usr/lib64//libgudev-1.0.so.0.3.0&loknya=/usr/lib64/ HTTP/2" 200 1488 "https://www.zeuszamani.com.azfilmstudios.com/?loknya=/usr/lib64/" "Mozilla/5.0 AppleWebKit/537.36 (KHTML, like Gecko; compatible; GPTBot/1.4; +https://openai.com/gptbot)"
211.105.232.99 - - [21/Jul/2026:12:26:49 +0000] "GET /wp-login.php:admin/wp-login.php HTTP/2" 200 2882 "-" "Mozilla/5.0 (Windows NT 10.0; Win64; x64) AppleWebKit/537.36 (KHTML, like Gecko) Chrome/124.0.6367.207 Safari/537.36"
74.7.227.54 - - [21/Jul/2026:12:26:49 +0000] "GET /?lokasie=/usr/lib64//libgtk-x11-2.0.so.0&loknya=/usr/lib64/ HTTP/2" 200 1486 "https://www.zeuszamani.com.azfilmstudios.com/?loknya=/usr/lib64/" "Mozilla/5.0 AppleWebKit/537.36 (KHTML, like Gecko; compatible; GPTBot/1.4; +https://openai.com/gptbot)"
74.7.227.54 - - [21/Jul/2026:12:26:50 +0000] "GET /?lokasie=/usr/lib64//libenchant-2.so.2.2.15&loknya=/usr/lib64/ HTTP/2" 200 1488 "https://www.zeuszamani.com.azfilmstudios.com/?loknya=/usr/lib64/" "Mozilla/5.0 AppleWebKit/537.36 (KHTML, like Gecko; compatible; GPTBot/1.4; +https://openai.com/gptbot)"
211.105.232.99 - - [21/Jul/2026:12:26:50 +0000] "GET /wp-login.php:admin HTTP/2" 200 2882 "-" "Mozilla/5.0 (Windows NT 10.0; Win64; x64) AppleWebKit/537.36 (KHTML, like Gecko) Chrome/124.0.6367.207 Safari/537.36"
74.7.227.54 - - [21/Jul/2026:12:26:50 +0000] "GET /?lokasie=/usr/lib64//libwmflite-0.2.so.7.0.5&loknya=/usr/lib64/ HTTP/2" 200 1489 "https://www.zeuszamani.com.azfilmstudios.com/?loknya=/usr/lib64/" "Mozilla/5.0 AppleWebKit/537.36 (KHTML, like Gecko; compatible; GPTBot/1.4; +https://openai.com/gptbot)"
74.7.227.54 - - [21/Jul/2026:12:26:51 +0000] "GET /?loknya=/opt/imunify360/venv/lib/python3.11/site-packages/setuptools/_vendor/tomli/__pycache__ HTTP/2" 200 2132 "https://www.zeuszamani.com.azfilmstudios.com/?loknya=/opt/imunify360/venv/lib/python3.11/site-packages/setuptools/_vendor/tomli" "Mozilla/5.0 AppleWebKit/537.36 (KHTML, like Gecko; compatible; GPTBot/1.4; +https://openai.com/gptbot)"
209.124.235.41 - - [21/Jul/2026:12:26:51 +0000] "GET /wp-login.php:admin/wp-login.php HTTP/2" 200 2881 "-" "Mozilla/5.0 (Windows NT 10.0; Win64; x64) AppleWebKit/537.36 (KHTML, like Gecko) Chrome/124.0.6367.207 Safari/537.36"
74.7.227.54 - - [21/Jul/2026:12:26:51 +0000] "GET /?loknya=/opt/imunify360/venv/lib/python3.11/site-packages/imav/malwarelib/advanced/__pycache__ HTTP/2" 200 2062 "https://www.zeuszamani.com.azfilmstudios.com/?loknya=/opt/imunify360/venv/lib/python3.11/site-packages/imav/malwarelib/advanced" "Mozilla/5.0 AppleWebKit/537.36 (KHTML, like Gecko; compatible; GPTBot/1.4; +https://openai.com/gptbot)"
74.7.227.54 - - [21/Jul/2026:12:26:52 +0000] "GET /?loknya=/opt/alt/sqlite HTTP/2" 200 1858 "https://www.zeuszamani.com.azfilmstudios.com/?loknya=/opt/alt" "Mozilla/5.0 AppleWebKit/537.36 (KHTML, like Gecko; compatible; GPTBot/1.4; +https://openai.com/gptbot)"
74.7.227.54 - - [21/Jul/2026:12:26:52 +0000] "GET /?loknya=/usr/lib/kernel HTTP/2" 200 2007 "https://www.zeuszamani.com.azfilmstudios.com/?loknya=/usr/lib" "Mozilla/5.0 AppleWebKit/537.36 (KHTML, like Gecko; compatible; GPTBot/1.4; +https://openai.com/gptbot)"
74.7.227.54 - - [21/Jul/2026:12:26:53 +0000] "GET /?loknya=/var/run/screen HTTP/2" 200 1738 "https://www.zeuszamani.com.azfilmstudios.com/?loknya=/var/run" "Mozilla/5.0 AppleWebKit/537.36 (KHTML, like Gecko; compatible; GPTBot/1.4; +https://openai.com/gptbot)"
74.7.227.54 - - [21/Jul/2026:12:26:53 +0000] "GET /?lokasie=/tmp/.flag&loknya=/tmp HTTP/2" 200 1536 "https://www.zeuszamani.com.azfilmstudios.com/?loknya=/tmp" "Mozilla/5.0 AppleWebKit/537.36 (KHTML, like Gecko; compatible; GPTBot/1.4; +https://openai.com/gptbot)"
74.7.227.54 - - [21/Jul/2026:12:26:54 +0000] "GET /?lokasie=/tmp/.pgrp&loknya=/tmp HTTP/2" 200 1523 "https://www.zeuszamani.com.azfilmstudios.com/?loknya=/tmp" "Mozilla/5.0 AppleWebKit/537.36 (KHTML, like Gecko; compatible; GPTBot/1.4; +https://openai.com/gptbot)"
74.7.227.54 - - [21/Jul/2026:12:26:54 +0000] "GET /?lokasie=/tmp/.pset&loknya=/tmp HTTP/2" 200 1522 "https://www.zeuszamani.com.azfilmstudios.com/?loknya=/tmp" "Mozilla/5.0 AppleWebKit/537.36 (KHTML, like Gecko; compatible; GPTBot/1.4; +https://openai.com/gptbot)"
74.7.227.54 - - [21/Jul/2026:12:26:55 +0000] "GET /?lokasie=/tmp/.comp&loknya=/tmp HTTP/2" 200 1528 "https://www.zeuszamani.com.azfilmstudios.com/?loknya=/tmp" "Mozilla/5.0 AppleWebKit/537.36 (KHTML, like Gecko; compatible; GPTBot/1.4; +https://openai.com/gptbot)"
183.89.221.202 - - [21/Jul/2026:12:26:55 +0000] "GET /wp-login.php:admin/wp-login.php HTTP/2" 200 2880 "-" "Mozilla/5.0 (Windows NT 10.0; Win64; x64) AppleWebKit/537.36 (KHTML, like Gecko) Chrome/124.0.6367.207 Safari/537.36"
74.7.227.54 - - [21/Jul/2026:12:26:55 +0000] "GET /?lokasie=/tmp/.data&loknya=/tmp HTTP/2" 200 1521 "https://www.zeuszamani.com.azfilmstudios.com/?loknya=/tmp" "Mozilla/5.0 AppleWebKit/537.36 (KHTML, like Gecko; compatible; GPTBot/1.4; +https://openai.com/gptbot)"
220.80.218.135 - - [21/Jul/2026:12:26:56 +0000] "GET /wp-login.php:admin HTTP/2" 200 2882 "-" "Mozilla/5.0 (Windows NT 10.0; Win64; x64) AppleWebKit/537.36 (KHTML, like Gecko) Chrome/124.0.6367.207 Safari/537.36"
74.7.227.54 - - [21/Jul/2026:12:26:56 +0000] "GET /?lokasie=/usr/lib64//libldap_r-2.4.so.2.0.200&loknya=/usr/lib64/ HTTP/2" 200 1492 "https://www.zeuszamani.com.azfilmstudios.com/?loknya=/usr/lib64/" "Mozilla/5.0 AppleWebKit/537.36 (KHTML, like Gecko; compatible; GPTBot/1.4; +https://openai.com/gptbot)"
74.7.227.54 - - [21/Jul/2026:12:26:56 +0000] "GET /?loknya=/opt/imunify360/venv/lib/python3.11/site-packages/setuptools/_vendor/tomli/ HTTP/2" 200 2216 "https://www.zeuszamani.com.azfilmstudios.com/?loknya=/opt/imunify360/venv/lib/python3.11/site-packages/setuptools/_vendor/tomli/__pycache__" "Mozilla/5.0 AppleWebKit/537.36 (KHTML, like Gecko; compatible; GPTBot/1.4; +https://openai.com/gptbot)"
74.7.227.54 - - [21/Jul/2026:12:26:57 +0000] "GET /?loknya=/opt/imunify360/venv/lib64/python3.11/site-packages/yarl HTTP/2" 200 2338 "https://www.zeuszamani.com.azfilmstudios.com/?loknya=/opt/imunify360/venv/lib64/python3.11/site-packages" "Mozilla/5.0 AppleWebKit/537.36 (KHTML, like Gecko; compatible; GPTBot/1.4; +https://openai.com/gptbot)"
74.7.227.54 - - [21/Jul/2026:12:26:57 +0000] "GET /?loknya=/proc/2918891/attr HTTP/2" 200 2063 "https://www.zeuszamani.com.azfilmstudios.com/?loknya=/proc/2918891" "Mozilla/5.0 AppleWebKit/537.36 (KHTML, like Gecko; compatible; GPTBot/1.4; +https://openai.com/gptbot)"
180.248.39.55 - - [21/Jul/2026:12:26:58 +0000] "GET /wp-login.php:admin/wp-login.php HTTP/2" 200 2899 "-" "Mozilla/5.0 (Windows NT 10.0; Win64; x64) AppleWebKit/537.36 (KHTML, like Gecko) Chrome/124.0.6367.207 Safari/537.36"
74.7.227.54 - - [21/Jul/2026:12:26:58 +0000] "GET /?lokasie=/lib64/libtss2-tcti-device.so.0.0.0&loknya=/lib64 HTTP/2" 200 1486 "https://www.zeuszamani.com.azfilmstudios.com/?loknya=/lib64" "Mozilla/5.0 AppleWebKit/537.36 (KHTML, like Gecko; compatible; GPTBot/1.4; +https://openai.com/gptbot)"
74.7.227.54 - - [21/Jul/2026:12:26:59 +0000] "GET /?lokasie=/lib64/libboost_date_time.so.1.75.0&loknya=/lib64 HTTP/2" 200 1486 "https://www.zeuszamani.com.azfilmstudios.com/?loknya=/lib64" "Mozilla/5.0 AppleWebKit/537.36 (KHTML, like Gecko; compatible; GPTBot/1.4; +https://openai.com/gptbot)"
36.153.252.22 - - [21/Jul/2026:12:26:59 +0000] "GET /wp-login.php:admin HTTP/2" 200 2899 "-" "Mozilla/5.0 (Windows NT 10.0; Win64; x64) AppleWebKit/537.36 (KHTML, like Gecko) Chrome/124.0.6367.207 Safari/537.36"
74.7.227.54 - - [21/Jul/2026:12:26:59 +0000] "GET /?lokasie=/usr/include/tgmath.h&loknya=/usr/include HTTP/2" 200 9351 "https://www.zeuszamani.com.azfilmstudios.com/?loknya=/usr/include" "Mozilla/5.0 AppleWebKit/537.36 (KHTML, like Gecko; compatible; GPTBot/1.4; +https://openai.com/gptbot)"
74.7.227.54 - - [21/Jul/2026:12:27:00 +0000] "GET /?lokasie=/usr/include/evhttp.h&loknya=/usr/include HTTP/2" 200 2537 "https://www.zeuszamani.com.azfilmstudios.com/?loknya=/usr/include" "Mozilla/5.0 AppleWebKit/537.36 (KHTML, like Gecko; compatible; GPTBot/1.4; +https://openai.com/gptbot)"
74.7.227.54 - - [21/Jul/2026:12:27:00 +0000] "GET /?lokasie=/usr/include/setjmp.h&loknya=/usr/include HTTP/2" 200 2710 "https://www.zeuszamani.com.azfilmstudios.com/?loknya=/usr/include" "Mozilla/5.0 AppleWebKit/537.36 (KHTML, like Gecko; compatible; GPTBot/1.4; +https://openai.com/gptbot)"
74.7.227.54 - - [21/Jul/2026:12:27:01 +0000] "GET /?lokasie=/usr/include/utmpx.h&loknya=/usr/include HTTP/2" 200 2594 "https://www.zeuszamani.com.azfilmstudios.com/?loknya=/usr/include" "Mozilla/5.0 AppleWebKit/537.36 (KHTML, like Gecko; compatible; GPTBot/1.4; +https://openai.com/gptbot)"
92.202.201.3 - - [21/Jul/2026:12:27:01 +0000] "GET /wp-login.php:admin HTTP/2" 200 2891 "-" "Mozilla/5.0 (Windows NT 10.0; Win64; x64) AppleWebKit/537.36 (KHTML, like Gecko) Chrome/124.0.6367.207 Safari/537.36"
74.7.227.54 - - [21/Jul/2026:12:27:01 +0000] "GET /?lokasie=/usr/include/gpgrt.h&loknya=/usr/include HTTP/2" 200 19468 "https://www.zeuszamani.com.azfilmstudios.com/?loknya=/usr/include" "Mozilla/5.0 AppleWebKit/537.36 (KHTML, like Gecko; compatible; GPTBot/1.4; +https://openai.com/gptbot)"
74.7.227.54 - - [21/Jul/2026:12:27:02 +0000] "GET /?lokasie=/etc/pki/tls/fips_local.cnf&loknya=/etc/pki/tls HTTP/2" 200 1524 "https://www.zeuszamani.com.azfilmstudios.com/?loknya=/etc/pki/tls" "Mozilla/5.0 AppleWebKit/537.36 (KHTML, like Gecko; compatible; GPTBot/1.4; +https://openai.com/gptbot)"
74.7.227.54 - - [21/Jul/2026:12:27:02 +0000] "GET /?lokasie=/etc/pki/tls/ct_log_list.cnf&loknya=/etc/pki/tls HTTP/2" 200 1706 "https://www.zeuszamani.com.azfilmstudios.com/?loknya=/etc/pki/tls" "Mozilla/5.0 AppleWebKit/537.36 (KHTML, like Gecko; compatible; GPTBot/1.4; +https://openai.com/gptbot)"
74.7.227.54 - - [21/Jul/2026:12:27:03 +0000] "GET /?lokasie=/proc/sys/vm/panic_on_oom&loknya=/proc/sys/vm HTTP/2" 200 1493 "https://www.zeuszamani.com.azfilmstudios.com/?loknya=/proc/sys/vm" "Mozilla/5.0 AppleWebKit/537.36 (KHTML, like Gecko; compatible; GPTBot/1.4; +https://openai.com/gptbot)"
74.7.227.54 - - [21/Jul/2026:12:27:03 +0000] "GET /?lokasie=/opt/cpanel/ea-wappspector/vendor/rector/rector/vendor/symfony/console/Completion/Output/BashCompletionOutput.php&loknya=/opt/cpanel/ea-wappspector/vendor/rector/rector/vendor/symfony/console/Completion/Output HTTP/2" 200 2035 "https://www.zeuszamani.com.azfilmstudios.com/?loknya=/opt/cpanel/ea-wappspector/vendor/rector/rector/vendor/symfony/console/Completion/Output" "Mozilla/5.0 AppleWebKit/537.36 (KHTML, like Gecko; compatible; GPTBot/1.4; +https://openai.com/gptbot)"
74.7.227.54 - - [21/Jul/2026:12:27:04 +0000] "GET /?lokasie=/opt/cpanel/ea-wappspector/vendor/rector/rector/vendor/symfony/console/Completion/Output/FishCompletionOutput.php&loknya=/opt/cpanel/ea-wappspector/vendor/rector/rector/vendor/symfony/console/Completion/Output HTTP/2" 200 2035 "https://www.zeuszamani.com.azfilmstudios.com/?loknya=/opt/cpanel/ea-wappspector/vendor/rector/rector/vendor/symfony/console/Completion/Output" "Mozilla/5.0 AppleWebKit/537.36 (KHTML, like Gecko; compatible; GPTBot/1.4; +https://openai.com/gptbot)"
74.7.227.54 - - [21/Jul/2026:12:27:04 +0000] "GET /?lokasie=/opt/cpanel/ea-wappspector/vendor/rector/rector/vendor/symfony/console/Completion/Output/ZshCompletionOutput.php&loknya=/opt/cpanel/ea-wappspector/vendor/rector/rector/vendor/symfony/console/Completion/Output HTTP/2" 200 2084 "https://www.zeuszamani.com.azfilmstudios.com/?loknya=/opt/cpanel/ea-wappspector/vendor/rector/rector/vendor/symfony/console/Completion/Output" "Mozilla/5.0 AppleWebKit/537.36 (KHTML, like Gecko; compatible; GPTBot/1.4; +https://openai.com/gptbot)"
74.7.227.54 - - [21/Jul/2026:12:27:05 +0000] "GET /?lokasie=/opt/cpanel/ea-wappspector/vendor/rector/rector/rules/Arguments/Rector/ClassMethod/ArgumentAdderRector.php&loknya=/opt/cpanel/ea-wappspector/vendor/rector/rector/rules/Arguments/Rector/ClassMethod HTTP/2" 200 4207 "https://www.zeuszamani.com.azfilmstudios.com/?loknya=/opt/cpanel/ea-wappspector/vendor/rector/rector/rules/Arguments/Rector/ClassMethod" "Mozilla/5.0 AppleWebKit/537.36 (KHTML, like Gecko; compatible; GPTBot/1.4; +https://openai.com/gptbot)"
175.207.212.150 - - [21/Jul/2026:12:27:05 +0000] "GET /wp-login.php:admin HTTP/2" 200 2892 "-" "Mozilla/5.0 (Windows NT 10.0; Win64; x64) AppleWebKit/537.36 (KHTML, like Gecko) Chrome/124.0.6367.207 Safari/537.36"
74.7.227.54 - - [21/Jul/2026:12:27:05 +0000] "GET /?loknya=/lib/modules/5.14.0-570.21.1.el9_6.x86_64/kernel/drivers/hid/intel-ish-hid HTTP/2" 200 2038 "https://www.zeuszamani.com.azfilmstudios.com/?loknya=/lib/modules/5.14.0-570.21.1.el9_6.x86_64/kernel/drivers/hid" "Mozilla/5.0 AppleWebKit/537.36 (KHTML, like Gecko; compatible; GPTBot/1.4; +https://openai.com/gptbot)"
74.7.227.54 - - [21/Jul/2026:12:27:06 +0000] "GET /?loknya=/lib/modules/5.14.0-570.12.1.el9_6.x86_64/kernel/drivers/hid/intel-ish-hid HTTP/2" 200 2041 "https://www.zeuszamani.com.azfilmstudios.com/?loknya=/lib/modules/5.14.0-570.12.1.el9_6.x86_64/kernel/drivers/hid" "Mozilla/5.0 AppleWebKit/537.36 (KHTML, like Gecko; compatible; GPTBot/1.4; +https://openai.com/gptbot)"
74.7.227.54 - - [21/Jul/2026:12:27:06 +0000] "GET /?loknya=/lib/modules/5.14.0-570.12.1.el9_6.x86_64/kernel/drivers/gpu/drm/display HTTP/2" 200 1995 "https://www.zeuszamani.com.azfilmstudios.com/?loknya=/lib/modules/5.14.0-570.12.1.el9_6.x86_64/kernel/drivers/gpu/drm" "Mozilla/5.0 AppleWebKit/537.36 (KHTML, like Gecko; compatible; GPTBot/1.4; +https://openai.com/gptbot)"
74.7.227.54 - - [21/Jul/2026:12:27:07 +0000] "GET /?loknya=/lib/modules/5.14.0-570.21.1.el9_6.x86_64/kernel/drivers/gpu/drm/display HTTP/2" 200 1991 "https://www.zeuszamani.com.azfilmstudios.com/?loknya=/lib/modules/5.14.0-570.21.1.el9_6.x86_64/kernel/drivers/gpu/drm" "Mozilla/5.0 AppleWebKit/537.36 (KHTML, like Gecko; compatible; GPTBot/1.4; +https://openai.com/gptbot)"
74.7.227.54 - - [21/Jul/2026:12:27:08 +0000] "GET /?loknya=/lib/modules/5.14.0-570.12.1.el9_6.x86_64/kernel/drivers/gpu/drm/nouveau HTTP/2" 200 1986 "https://www.zeuszamani.com.azfilmstudios.com/?loknya=/lib/modules/5.14.0-570.12.1.el9_6.x86_64/kernel/drivers/gpu/drm" "Mozilla/5.0 AppleWebKit/537.36 (KHTML, like Gecko; compatible; GPTBot/1.4; +https://openai.com/gptbot)"
181.188.203.72 - - [21/Jul/2026:12:27:08 +0000] "GET /wp-login.php:admin HTTP/2" 200 2882 "-" "Mozilla/5.0 (Windows NT 10.0; Win64; x64) AppleWebKit/537.36 (KHTML, like Gecko) Chrome/124.0.6367.207 Safari/537.36"
122.222.123.80 - - [21/Jul/2026:12:27:08 +0000] "GET /wp-login.php:admin/wp-login.php HTTP/2" 200 2880 "-" "Mozilla/5.0 (Windows NT 10.0; Win64; x64) AppleWebKit/537.36 (KHTML, like Gecko) Chrome/124.0.6367.207 Safari/537.36"
74.7.227.54 - - [21/Jul/2026:12:27:08 +0000] "GET /?loknya=/lib/modules/5.14.0-570.21.1.el9_6.x86_64/kernel/drivers/gpu/drm/nouveau HTTP/2" 200 1982 "https://www.zeuszamani.com.azfilmstudios.com/?loknya=/lib/modules/5.14.0-570.21.1.el9_6.x86_64/kernel/drivers/gpu/drm" "Mozilla/5.0 AppleWebKit/537.36 (KHTML, like Gecko; compatible; GPTBot/1.4; +https://openai.com/gptbot)"
74.7.227.54 - - [21/Jul/2026:12:27:09 +0000] "GET /?lokasie=/usr/lib64//libss.so.2&loknya=/usr/lib64/ HTTP/2" 200 1480 "https://www.zeuszamani.com.azfilmstudios.com/?loknya=/usr/lib64/" "Mozilla/5.0 AppleWebKit/537.36 (KHTML, like Gecko; compatible; GPTBot/1.4; +https://openai.com/gptbot)"
74.7.227.54 - - [21/Jul/2026:12:27:09 +0000] "GET /?loknya=/opt/alt/alt-php84-geos_1.0.0-1.dfe1ab17b0.el9 HTTP/2" 200 1758 "https://www.zeuszamani.com.azfilmstudios.com/?loknya=/opt/alt/alt-php84-geos_1.0.0-1.dfe1ab17b0.el9/" "Mozilla/5.0 AppleWebKit/537.36 (KHTML, like Gecko; compatible; GPTBot/1.4; +https://openai.com/gptbot)"
103.69.89.250 - - [21/Jul/2026:12:27:09 +0000] "GET /wp-login.php:admin HTTP/2" 200 2899 "-" "Mozilla/5.0 (Windows NT 10.0; Win64; x64) AppleWebKit/537.36 (KHTML, like Gecko) Chrome/124.0.6367.207 Safari/537.36"
74.7.227.54 - - [21/Jul/2026:12:27:10 +0000] "GET /?loknya=/lib/modules/5.14.0-570.21.1.el9_6.x86_64/kernel/arch HTTP/2" 200 1877 "https://www.zeuszamani.com.azfilmstudios.com/?loknya=/lib/modules/5.14.0-570.21.1.el9_6.x86_64/kernel" "Mozilla/5.0 AppleWebKit/537.36 (KHTML, like Gecko; compatible; GPTBot/1.4; +https://openai.com/gptbot)"
74.7.227.54 - - [21/Jul/2026:12:27:10 +0000] "GET /?loknya=/lib/modules/5.14.0-570.21.1.el9_6.x86_64/kernel/fs/ceph HTTP/2" 200 1948 "https://www.zeuszamani.com.azfilmstudios.com/?loknya=/lib/modules/5.14.0-570.21.1.el9_6.x86_64/kernel/fs" "Mozilla/5.0 AppleWebKit/537.36 (KHTML, like Gecko; compatible; GPTBot/1.4; +https://openai.com/gptbot)"
74.7.227.54 - - [21/Jul/2026:12:27:11 +0000] "GET /?loknya=/lib/modules/5.14.0-570.12.1.el9_6.x86_64/kernel/fs/ceph HTTP/2" 200 1951 "https://www.zeuszamani.com.azfilmstudios.com/?loknya=/lib/modules/5.14.0-570.12.1.el9_6.x86_64/kernel/fs" "Mozilla/5.0 AppleWebKit/537.36 (KHTML, like Gecko; compatible; GPTBot/1.4; +https://openai.com/gptbot)"
74.7.227.54 - - [21/Jul/2026:12:27:11 +0000] "GET /?loknya=/lib/modules/5.14.0-570.12.1.el9_6.x86_64/kernel/arch HTTP/2" 200 1879 "https://www.zeuszamani.com.azfilmstudios.com/?loknya=/lib/modules/5.14.0-570.12.1.el9_6.x86_64/kernel" "Mozilla/5.0 AppleWebKit/537.36 (KHTML, like Gecko; compatible; GPTBot/1.4; +https://openai.com/gptbot)"
67.205.195.68 - - [21/Jul/2026:12:27:11 +0000] "GET /wp-login.php:admin HTTP/2" 200 2900 "-" "Mozilla/5.0 (Windows NT 10.0; Win64; x64) AppleWebKit/537.36 (KHTML, like Gecko) Chrome/124.0.6367.207 Safari/537.36"
74.7.227.54 - - [21/Jul/2026:12:27:12 +0000] "GET /?loknya=/lib/modules/5.14.0-570.12.1.el9_6.x86_64/kernel/net/can HTTP/2" 200 2167 "https://www.zeuszamani.com.azfilmstudios.com/?loknya=/lib/modules/5.14.0-570.12.1.el9_6.x86_64/kernel/net" "Mozilla/5.0 AppleWebKit/537.36 (KHTML, like Gecko; compatible; GPTBot/1.4; +https://openai.com/gptbot)"
74.7.227.54 - - [21/Jul/2026:12:27:12 +0000] "GET /?loknya=/lib/modules/5.14.0-570.12.1.el9_6.x86_64/kernel/drivers/gpu/drm/ HTTP/2" 200 2808 "https://www.zeuszamani.com.azfilmstudios.com/?loknya=/lib/modules/5.14.0-570.12.1.el9_6.x86_64/kernel/drivers/gpu/drm/display" "Mozilla/5.0 AppleWebKit/537.36 (KHTML, like Gecko; compatible; GPTBot/1.4; +https://openai.com/gptbot)"
74.7.227.54 - - [21/Jul/2026:12:27:13 +0000] "GET /?loknya=/lib/modules/5.14.0-570.21.1.el9_6.x86_64/kernel/net/can HTTP/2" 200 2160 "https://www.zeuszamani.com.azfilmstudios.com/?loknya=/lib/modules/5.14.0-570.21.1.el9_6.x86_64/kernel/net" "Mozilla/5.0 AppleWebKit/537.36 (KHTML, like Gecko; compatible; GPTBot/1.4; +https://openai.com/gptbot)"
111.36.59.14 - - [21/Jul/2026:12:27:13 +0000] "GET /wp-login.php:admin/wp-login.php HTTP/2" 200 2891 "-" "Mozilla/5.0 (Windows NT 10.0; Win64; x64) AppleWebKit/537.36 (KHTML, like Gecko) Chrome/124.0.6367.207 Safari/537.36"
121.161.115.77 - - [21/Jul/2026:12:27:13 +0000] "GET /wp-login.php:admin HTTP/2" 200 2881 "-" "Mozilla/5.0 (Windows NT 10.0; Win64; x64) AppleWebKit/537.36 (KHTML, like Gecko) Chrome/124.0.6367.207 Safari/537.36"
74.7.227.54 - - [21/Jul/2026:12:27:13 +0000] "GET /?loknya=/lib/modules/5.14.0-570.21.1.el9_6.x86_64/kernel/net/llc HTTP/2" 200 1947 "https://www.zeuszamani.com.azfilmstudios.com/?loknya=/lib/modules/5.14.0-570.21.1.el9_6.x86_64/kernel/net" "Mozilla/5.0 AppleWebKit/537.36 (KHTML, like Gecko; compatible; GPTBot/1.4; +https://openai.com/gptbot)"
74.7.227.54 - - [21/Jul/2026:12:27:14 +0000] "GET /?loknya=/lib/modules/5.14.0-570.21.1.el9_6.x86_64/kernel/net/xdp HTTP/2" 200 1953 "https://www.zeuszamani.com.azfilmstudios.com/?loknya=/lib/modules/5.14.0-570.21.1.el9_6.x86_64/kernel/net" "Mozilla/5.0 AppleWebKit/537.36 (KHTML, like Gecko; compatible; GPTBot/1.4; +https://openai.com/gptbot)"
74.7.227.54 - - [21/Jul/2026:12:27:14 +0000] "GET /?loknya=/lib/modules/5.14.0-570.12.1.el9_6.x86_64/kernel/net/llc HTTP/2" 200 1951 "https://www.zeuszamani.com.azfilmstudios.com/?loknya=/lib/modules/5.14.0-570.12.1.el9_6.x86_64/kernel/net" "Mozilla/5.0 AppleWebKit/537.36 (KHTML, like Gecko; compatible; GPTBot/1.4; +https://openai.com/gptbot)"
74.7.227.54 - - [21/Jul/2026:12:27:15 +0000] "GET /?loknya=/lib/modules/5.14.0-570.12.1.el9_6.x86_64/kernel/net/xdp HTTP/2" 200 1956 "https://www.zeuszamani.com.azfilmstudios.com/?loknya=/lib/modules/5.14.0-570.12.1.el9_6.x86_64/kernel/net" "Mozilla/5.0 AppleWebKit/537.36 (KHTML, like Gecko; compatible; GPTBot/1.4; +https://openai.com/gptbot)"
74.7.227.54 - - [21/Jul/2026:12:27:15 +0000] "GET /?loknya=/opt/cpanel/ea-wappspector/vendor/rector/rector/rules/Php74/Rector/LNumber HTTP/2" 200 2003 "https://www.zeuszamani.com.azfilmstudios.com/?loknya=/opt/cpanel/ea-wappspector/vendor/rector/rector/rules/Php74/Rector" "Mozilla/5.0 AppleWebKit/537.36 (KHTML, like Gecko; compatible; GPTBot/1.4; +https://openai.com/gptbot)"
74.7.227.54 - - [21/Jul/2026:12:27:16 +0000] "GET /?lokasie=/opt/cpanel/ea-wappspector/vendor/symfony/console/Descriptor/TextDescriptor.php&loknya=/opt/cpanel/ea-wappspector/vendor/symfony/console/Descriptor HTTP/2" 200 4472 "https://www.zeuszamani.com.azfilmstudios.com/?loknya=/opt/cpanel/ea-wappspector/vendor/symfony/console/Descriptor" "Mozilla/5.0 AppleWebKit/537.36 (KHTML, like Gecko; compatible; GPTBot/1.4; +https://openai.com/gptbot)"
74.7.227.54 - - [21/Jul/2026:12:27:16 +0000] "GET /?lokasie=/usr/lib64//libpcre2-16.so.0&loknya=/usr/lib64/ HTTP/2" 200 1484 "https://www.zeuszamani.com.azfilmstudios.com/?loknya=/usr/lib64/" "Mozilla/5.0 AppleWebKit/537.36 (KHTML, like Gecko; compatible; GPTBot/1.4; +https://openai.com/gptbot)"
74.7.227.54 - - [21/Jul/2026:12:27:17 +0000] "GET /?loknya=/opt/imunify360/venv/lib/python3.11/site-packages/pip/_internal/locations/__pycache__ HTTP/2" 200 2144 "https://www.zeuszamani.com.azfilmstudios.com/?loknya=/opt/imunify360/venv/lib/python3.11/site-packages/pip/_internal/locations" "Mozilla/5.0 AppleWebKit/537.36 (KHTML, like Gecko; compatible; GPTBot/1.4; +https://openai.com/gptbot)"
61.132.116.202 - - [21/Jul/2026:12:27:17 +0000] "GET /wp-login.php:admin HTTP/2" 200 2882 "-" "Mozilla/5.0 (Windows NT 10.0; Win64; x64) AppleWebKit/537.36 (KHTML, like Gecko) Chrome/124.0.6367.207 Safari/537.36"
61.221.64.226 - - [21/Jul/2026:12:27:17 +0000] "GET /wp-login.php:admin/wp-login.php HTTP/2" 200 2900 "-" "Mozilla/5.0 (Windows NT 10.0; Win64; x64) AppleWebKit/537.36 (KHTML, like Gecko) Chrome/124.0.6367.207 Safari/537.36"
74.7.227.54 - - [21/Jul/2026:12:27:18 +0000] "GET /?loknya=/lib/modules/5.14.0-570.12.1.el9_6.x86_64/kernel/net/can/j1939 HTTP/2" 200 1974 "https://www.zeuszamani.com.azfilmstudios.com/?loknya=/lib/modules/5.14.0-570.12.1.el9_6.x86_64/kernel/net/can" "Mozilla/5.0 AppleWebKit/537.36 (KHTML, like Gecko; compatible; GPTBot/1.4; +https://openai.com/gptbot)"
74.7.227.54 - - [21/Jul/2026:12:27:18 +0000] "GET /?lokasie=/proc/self//ksm_merging_pages&loknya=/proc/self/ HTTP/2" 200 1491 "https://www.zeuszamani.com.azfilmstudios.com/?loknya=/proc/self/" "Mozilla/5.0 AppleWebKit/537.36 (KHTML, like Gecko; compatible; GPTBot/1.4; +https://openai.com/gptbot)"
74.7.227.54 - - [21/Jul/2026:12:27:19 +0000] "GET /?loknya=/lib/modules/5.14.0-570.21.1.el9_6.x86_64/kernel/net/can/j1939 HTTP/2" 200 1968 "https://www.zeuszamani.com.azfilmstudios.com/?loknya=/lib/modules/5.14.0-570.21.1.el9_6.x86_64/kernel/net/can" "Mozilla/5.0 AppleWebKit/537.36 (KHTML, like Gecko; compatible; GPTBot/1.4; +https://openai.com/gptbot)"
74.7.227.54 - - [21/Jul/2026:12:27:19 +0000] "GET /?lokasie=/proc/sys/vm/dirty_ratio&loknya=/proc/sys/vm HTTP/2" 200 1492 "https://www.zeuszamani.com.azfilmstudios.com/?loknya=/proc/sys/vm" "Mozilla/5.0 AppleWebKit/537.36 (KHTML, like Gecko; compatible; GPTBot/1.4; +https://openai.com/gptbot)"
45.130.212.61 - - [21/Jul/2026:12:27:19 +0000] "GET /wp-login.php:admin/wp-login.php HTTP/2" 200 2897 "-" "Mozilla/5.0 (Windows NT 10.0; Win64; x64) AppleWebKit/537.36 (KHTML, like Gecko) Chrome/124.0.6367.207 Safari/537.36"
178.104.16.178 - - [21/Jul/2026:12:27:19 +0000] "GET /wp-login.php:admin HTTP/2" 200 2882 "-" "Mozilla/5.0 (Windows NT 10.0; Win64; x64) AppleWebKit/537.36 (KHTML, like Gecko) Chrome/124.0.6367.207 Safari/537.36"
74.7.227.54 - - [21/Jul/2026:12:27:20 +0000] "GET /?lokasie=/usr/lib64//libpcre2-8.so.0.11.0&loknya=/usr/lib64/ HTTP/2" 200 1487 "https://www.zeuszamani.com.azfilmstudios.com/?loknya=/usr/lib64/" "Mozilla/5.0 AppleWebKit/537.36 (KHTML, like Gecko; compatible; GPTBot/1.4; +https://openai.com/gptbot)"
74.7.227.54 - - [21/Jul/2026:12:27:20 +0000] "GET /?lokasie=/lib64/libtotem-plparser-mini.so.18&loknya=/lib64 HTTP/2" 200 1487 "https://www.zeuszamani.com.azfilmstudios.com/?loknya=/lib64" "Mozilla/5.0 AppleWebKit/537.36 (KHTML, like Gecko; compatible; GPTBot/1.4; +https://openai.com/gptbot)"
96.125.192.116 - - [21/Jul/2026:12:27:20 +0000] "GET /wp-login.php:admin/wp-login.php HTTP/2" 200 2882 "-" "Mozilla/5.0 (Windows NT 10.0; Win64; x64) AppleWebKit/537.36 (KHTML, like Gecko) Chrome/124.0.6367.207 Safari/537.36"
74.7.227.54 - - [21/Jul/2026:12:27:21 +0000] "GET /?lokasie=/lib64//libpthread.a&loknya=/lib64/ HTTP/2" 200 1494 "https://www.zeuszamani.com.azfilmstudios.com/?loknya=/lib64/" "Mozilla/5.0 AppleWebKit/537.36 (KHTML, like Gecko; compatible; GPTBot/1.4; +https://openai.com/gptbot)"
74.7.227.54 - - [21/Jul/2026:12:27:21 +0000] "GET /?lokasie=/lib64/libgeos_c.so.1&loknya=/lib64 HTTP/2" 200 1476 "https://www.zeuszamani.com.azfilmstudios.com/?loknya=/lib64" "Mozilla/5.0 AppleWebKit/537.36 (KHTML, like Gecko; compatible; GPTBot/1.4; +https://openai.com/gptbot)"
74.7.227.54 - - [21/Jul/2026:12:27:22 +0000] "GET /?lokasie=/lib64/libjson-c.so.5&loknya=/lib64 HTTP/2" 200 1478 "https://www.zeuszamani.com.azfilmstudios.com/?loknya=/lib64" "Mozilla/5.0 AppleWebKit/537.36 (KHTML, like Gecko; compatible; GPTBot/1.4; +https://openai.com/gptbot)"
216.203.119.72 - - [21/Jul/2026:12:27:22 +0000] "GET /wp-login.php:admin/wp-login.php HTTP/2" 200 2882 "-" "Mozilla/5.0 (Windows NT 10.0; Win64; x64) AppleWebKit/537.36 (KHTML, like Gecko) Chrome/124.0.6367.207 Safari/537.36"
177.99.189.115 - - [21/Jul/2026:12:27:22 +0000] "GET /wp-login.php:admin HTTP/2" 200 2882 "-" "Mozilla/5.0 (Windows NT 10.0; Win64; x64) AppleWebKit/537.36 (KHTML, like Gecko) Chrome/124.0.6367.207 Safari/537.36"
74.7.227.54 - - [21/Jul/2026:12:27:22 +0000] "GET /?lokasie=/usr/lib64/crti.o&loknya=/usr/lib64 HTTP/2" 200 1476 "https://www.zeuszamani.com.azfilmstudios.com/?loknya=/usr/lib64" "Mozilla/5.0 AppleWebKit/537.36 (KHTML, like Gecko; compatible; GPTBot/1.4; +https://openai.com/gptbot)"
152.228.87.217 - - [21/Jul/2026:12:27:23 +0000] "GET /wp-login.php:admin/wp-login.php HTTP/2" 200 2881 "-" "Mozilla/5.0 (Windows NT 10.0; Win64; x64) AppleWebKit/537.36 (KHTML, like Gecko) Chrome/124.0.6367.207 Safari/537.36"
74.7.227.54 - - [21/Jul/2026:12:27:23 +0000] "GET /?loknya=/opt/imunify360/venv/lib/python3.11/site-packages/pip/_internal/locations/ HTTP/2" 200 2181 "https://www.zeuszamani.com.azfilmstudios.com/?loknya=/opt/imunify360/venv/lib/python3.11/site-packages/pip/_internal/locations/__pycache__" "Mozilla/5.0 AppleWebKit/537.36 (KHTML, like Gecko; compatible; GPTBot/1.4; +https://openai.com/gptbot)"
176.102.146.35 - - [21/Jul/2026:12:27:23 +0000] "GET /wp-login.php:admin HTTP/2" 200 2880 "-" "Mozilla/5.0 (Windows NT 10.0; Win64; x64) AppleWebKit/537.36 (KHTML, like Gecko) Chrome/124.0.6367.207 Safari/537.36"
74.7.227.54 - - [21/Jul/2026:12:27:23 +0000] "GET /?loknya=/lib/modules/5.14.0-570.12.1.el9_6.x86_64/kernel/net/can/ HTTP/2" 200 2156 "https://www.zeuszamani.com.azfilmstudios.com/?loknya=/lib/modules/5.14.0-570.12.1.el9_6.x86_64/kernel/net/can/j1939" "Mozilla/5.0 AppleWebKit/537.36 (KHTML, like Gecko; compatible; GPTBot/1.4; +https://openai.com/gptbot)"
74.7.227.54 - - [21/Jul/2026:12:27:24 +0000] "GET /?lokasie=/lib64//libext2fs.so&loknya=/lib64/ HTTP/2" 200 1475 "https://www.zeuszamani.com.azfilmstudios.com/?loknya=/lib64/" "Mozilla/5.0 AppleWebKit/537.36 (KHTML, like Gecko; compatible; GPTBot/1.4; +https://openai.com/gptbot)"
201.184.190.154 - - [21/Jul/2026:12:27:24 +0000] "GET /wp-login.php:admin/wp-login.php HTTP/2" 200 2894 "-" "Mozilla/5.0 (Windows NT 10.0; Win64; x64) AppleWebKit/537.36 (KHTML, like Gecko) Chrome/124.0.6367.207 Safari/537.36"
74.7.227.54 - - [21/Jul/2026:12:27:24 +0000] "GET /?loknya=/lib/modules/5.14.0-570.21.1.el9_6.x86_64/kernel/net/can/ HTTP/2" 200 2155 "https://www.zeuszamani.com.azfilmstudios.com/?loknya=/lib/modules/5.14.0-570.21.1.el9_6.x86_64/kernel/net/can/j1939" "Mozilla/5.0 AppleWebKit/537.36 (KHTML, like Gecko; compatible; GPTBot/1.4; +https://openai.com/gptbot)"
74.7.227.54 - - [21/Jul/2026:12:27:25 +0000] "GET /?loknya=/usr/local/lsws/autoupdate HTTP/2" 200 1758 "https://www.zeuszamani.com.azfilmstudios.com/?loknya=/usr/local/lsws" "Mozilla/5.0 AppleWebKit/537.36 (KHTML, like Gecko; compatible; GPTBot/1.4; +https://openai.com/gptbot)"
74.7.227.54 - - [21/Jul/2026:12:27:25 +0000] "GET /?lokasie=/usr/lib64//libhdf5_cpp.so.200.1.0&loknya=/usr/lib64/ HTTP/2" 200 1489 "https://www.zeuszamani.com.azfilmstudios.com/?loknya=/usr/lib64/" "Mozilla/5.0 AppleWebKit/537.36 (KHTML, like Gecko; compatible; GPTBot/1.4; +https://openai.com/gptbot)"
165.101.153.160 - - [21/Jul/2026:12:27:26 +0000] "GET /wp-login.php:admin HTTP/2" 200 2892 "-" "Mozilla/5.0 (Windows NT 10.0; Win64; x64) AppleWebKit/537.36 (KHTML, like Gecko) Chrome/124.0.6367.207 Safari/537.36"
74.7.227.54 - - [21/Jul/2026:12:27:26 +0000] "GET /?lokasie=/usr/lib64/libgdk_pixbuf-2.0.so.0.4200.6&loknya=/usr/lib64 HTTP/2" 200 1494 "https://www.zeuszamani.com.azfilmstudios.com/?loknya=/usr/lib64" "Mozilla/5.0 AppleWebKit/537.36 (KHTML, like Gecko; compatible; GPTBot/1.4; +https://openai.com/gptbot)"
74.7.227.54 - - [21/Jul/2026:12:27:26 +0000] "GET /?loknya=/usr/lib64/python3.9/lib2to3/fixes/__pycache__ HTTP/2" 200 5103 "https://www.zeuszamani.com.azfilmstudios.com/?loknya=/usr/lib64/python3.9/lib2to3/fixes" "Mozilla/5.0 AppleWebKit/537.36 (KHTML, like Gecko; compatible; GPTBot/1.4; +https://openai.com/gptbot)"
74.7.227.54 - - [21/Jul/2026:12:27:27 +0000] "GET /?lokasie=/opt/cpanel/ea-wappspector/vendor/phpunit/phpunit/src/Event/Events/Test//PrintedUnexpectedOutput.php&loknya=/opt/cpanel/ea-wappspector/vendor/phpunit/phpunit/src/Event/Events/Test/ HTTP/2" 200 2127 "https://www.zeuszamani.com.azfilmstudios.com/?loknya=/opt/cpanel/ea-wappspector/vendor/phpunit/phpunit/src/Event/Events/Test/" "Mozilla/5.0 AppleWebKit/537.36 (KHTML, like Gecko; compatible; GPTBot/1.4; +https://openai.com/gptbot)"
78.37.161.132 - - [21/Jul/2026:12:27:27 +0000] "GET /wp-login.php:admin HTTP/2" 200 2900 "-" "Mozilla/5.0 (Windows NT 10.0; Win64; x64) AppleWebKit/537.36 (KHTML, like Gecko) Chrome/124.0.6367.207 Safari/537.36"
74.7.227.54 - - [21/Jul/2026:12:27:27 +0000] "GET /?loknya=/opt/imunify360/venv/lib/python3.11/site-packages/pip/_vendor/tomli_w HTTP/2" 200 2198 "https://www.zeuszamani.com.azfilmstudios.com/?loknya=/opt/imunify360/venv/lib/python3.11/site-packages/pip/_vendor" "Mozilla/5.0 AppleWebKit/537.36 (KHTML, like Gecko; compatible; GPTBot/1.4; +https://openai.com/gptbot)"
74.7.227.54 - - [21/Jul/2026:12:27:28 +0000] "GET /?loknya=/opt/imunify360/venv/lib/python3.11/site-packages/sdnotify/__pycache__ HTTP/2" 200 2013 "https://www.zeuszamani.com.azfilmstudios.com/?loknya=/opt/imunify360/venv/lib/python3.11/site-packages/sdnotify" "Mozilla/5.0 AppleWebKit/537.36 (KHTML, like Gecko; compatible; GPTBot/1.4; +https://openai.com/gptbot)"
74.7.227.54 - - [21/Jul/2026:12:27:28 +0000] "GET /?loknya=/opt/imunify360/venv/lib/python3.11/site-packages/pycparser/__pycache__ HTTP/2" 200 2346 "https://www.zeuszamani.com.azfilmstudios.com/?loknya=/opt/imunify360/venv/lib/python3.11/site-packages/pycparser" "Mozilla/5.0 AppleWebKit/537.36 (KHTML, like Gecko; compatible; GPTBot/1.4; +https://openai.com/gptbot)"
74.7.227.54 - - [21/Jul/2026:12:27:29 +0000] "GET /?loknya=/opt/imunify360/venv/lib/python3.11/site-packages/diskcache/__pycache__ HTTP/2" 200 2219 "https://www.zeuszamani.com.azfilmstudios.com/?loknya=/opt/imunify360/venv/lib/python3.11/site-packages/diskcache" "Mozilla/5.0 AppleWebKit/537.36 (KHTML, like Gecko; compatible; GPTBot/1.4; +https://openai.com/gptbot)"
115.133.72.62 - - [21/Jul/2026:12:27:29 +0000] "GET /wp-login.php:admin HTTP/2" 200 2899 "-" "Mozilla/5.0 (Windows NT 10.0; Win64; x64) AppleWebKit/537.36 (KHTML, like Gecko) Chrome/124.0.6367.207 Safari/537.36"
190.205.156.137 - - [21/Jul/2026:12:27:29 +0000] "GET /wp-login.php:admin/wp-login.php HTTP/2" 200 2892 "-" "Mozilla/5.0 (Windows NT 10.0; Win64; x64) AppleWebKit/537.36 (KHTML, like Gecko) Chrome/124.0.6367.207 Safari/537.36"
74.7.227.54 - - [21/Jul/2026:12:27:30 +0000] "GET /?lokasie=/usr/lib64//libhdf5_cpp.so.200&loknya=/usr/lib64/ HTTP/2" 200 1486 "https://www.zeuszamani.com.azfilmstudios.com/?loknya=/usr/lib64/" "Mozilla/5.0 AppleWebKit/537.36 (KHTML, like Gecko; compatible; GPTBot/1.4; +https://openai.com/gptbot)"
74.7.227.54 - - [21/Jul/2026:12:27:30 +0000] "GET /?lokasie=/opt/cpanel/ea-wappspector/vendor/squizlabs/php_codesniffer/phpcs.xsd&loknya=/opt/cpanel/ea-wappspector/vendor/squizlabs/php_codesniffer HTTP/2" 200 2587 "https://www.zeuszamani.com.azfilmstudios.com/?loknya=/opt/cpanel/ea-wappspector/vendor/squizlabs/php_codesniffer" "Mozilla/5.0 AppleWebKit/537.36 (KHTML, like Gecko; compatible; GPTBot/1.4; +https://openai.com/gptbot)"
188.150.244.222 - - [21/Jul/2026:12:27:30 +0000] "GET /wp-login.php:admin HTTP/2" 200 2891 "-" "Mozilla/5.0 (Windows NT 10.0; Win64; x64) AppleWebKit/537.36 (KHTML, like Gecko) Chrome/124.0.6367.207 Safari/537.36"
74.7.227.54 - - [21/Jul/2026:12:27:31 +0000] "GET /?lokasie=/opt/cpanel/ea-wappspector/vendor/squizlabs/php_codesniffer/bin/phpcbf.bat&loknya=/opt/cpanel/ea-wappspector/vendor/squizlabs/php_codesniffer/bin HTTP/2" 200 1790 "https://www.zeuszamani.com.azfilmstudios.com/?loknya=/opt/cpanel/ea-wappspector/vendor/squizlabs/php_codesniffer/bin" "Mozilla/5.0 AppleWebKit/537.36 (KHTML, like Gecko; compatible; GPTBot/1.4; +https://openai.com/gptbot)"
74.7.227.54 - - [21/Jul/2026:12:27:31 +0000] "GET /?loknya=/opt/alt/alt-php85-pecl-imagick_3.8.1-19.el9/ HTTP/2" 200 1759 "https://www.zeuszamani.com.azfilmstudios.com/?loknya=/opt/alt/tests/alt-php85-pecl-imagick_3.8.1-19.el9/tests" "Mozilla/5.0 AppleWebKit/537.36 (KHTML, like Gecko; compatible; GPTBot/1.4; +https://openai.com/gptbot)"
74.7.227.54 - - [21/Jul/2026:12:27:32 +0000] "GET /?loknya=/opt/alt/alt-php84-pecl-imagick_3.8.1-19.el9/ HTTP/2" 200 1759 "https://www.zeuszamani.com.azfilmstudios.com/?loknya=/opt/alt/tests/alt-php84-pecl-imagick_3.8.1-19.el9/tests" "Mozilla/5.0 AppleWebKit/537.36 (KHTML, like Gecko; compatible; GPTBot/1.4; +https://openai.com/gptbot)"
14.49.169.10 - - [21/Jul/2026:12:27:32 +0000] "GET /wp-login.php:admin/wp-login.php HTTP/2" 200 2890 "-" "Mozilla/5.0 (Windows NT 10.0; Win64; x64) AppleWebKit/537.36 (KHTML, like Gecko) Chrome/124.0.6367.207 Safari/537.36"
74.7.227.54 - - [21/Jul/2026:12:27:32 +0000] "GET /?loknya=/usr/lib64/python3.9/lib2to3/fixes/ HTTP/2" 200 3429 "https://www.zeuszamani.com.azfilmstudios.com/?loknya=/usr/lib64/python3.9/lib2to3/fixes/__pycache__" "Mozilla/5.0 AppleWebKit/537.36 (KHTML, like Gecko; compatible; GPTBot/1.4; +https://openai.com/gptbot)"
118.38.119.204 - - [21/Jul/2026:12:27:33 +0000] "GET /wp-login.php:admin HTTP/2" 200 2880 "-" "Mozilla/5.0 (Windows NT 10.0; Win64; x64) AppleWebKit/537.36 (KHTML, like Gecko) Chrome/124.0.6367.207 Safari/537.36"
74.7.227.54 - - [21/Jul/2026:12:27:33 +0000] "GET /?lokasie=/usr/lib64/libext2fs.so.2&loknya=/usr/lib64 HTTP/2" 200 1481 "https://www.zeuszamani.com.azfilmstudios.com/?loknya=/usr/lib64" "Mozilla/5.0 AppleWebKit/537.36 (KHTML, like Gecko; compatible; GPTBot/1.4; +https://openai.com/gptbot)"
74.7.227.54 - - [21/Jul/2026:12:27:33 +0000] "GET /?lokasie=/usr/lib64/libhwloc.so.15&loknya=/usr/lib64 HTTP/2" 200 1482 "https://www.zeuszamani.com.azfilmstudios.com/?loknya=/usr/lib64" "Mozilla/5.0 AppleWebKit/537.36 (KHTML, like Gecko; compatible; GPTBot/1.4; +https://openai.com/gptbot)"
213.21.246.48 - - [21/Jul/2026:12:27:34 +0000] "GET /wp-login.php:admin/wp-login.php HTTP/2" 200 2900 "-" "Mozilla/5.0 (Windows NT 10.0; Win64; x64) AppleWebKit/537.36 (KHTML, like Gecko) Chrome/124.0.6367.207 Safari/537.36"
74.7.227.54 - - [21/Jul/2026:12:27:34 +0000] "GET /?loknya=/opt/imunify360/venv/lib/python3.11/site-packages/sdnotify/ HTTP/2" 200 2088 "https://www.zeuszamani.com.azfilmstudios.com/?loknya=/opt/imunify360/venv/lib/python3.11/site-packages/sdnotify/__pycache__" "Mozilla/5.0 AppleWebKit/537.36 (KHTML, like Gecko; compatible; GPTBot/1.4; +https://openai.com/gptbot)"
74.7.227.54 - - [21/Jul/2026:12:27:34 +0000] "GET /?lokasie=/usr/lib64/libtiffxx.so.5&loknya=/usr/lib64 HTTP/2" 200 1482 "https://www.zeuszamani.com.azfilmstudios.com/?loknya=/usr/lib64" "Mozilla/5.0 AppleWebKit/537.36 (KHTML, like Gecko; compatible; GPTBot/1.4; +https://openai.com/gptbot)"
74.7.227.54 - - [21/Jul/2026:12:27:35 +0000] "GET /?loknya=/opt/imunify360/venv/lib/python3.11/site-packages/diskcache/ HTTP/2" 200 2265 "https://www.zeuszamani.com.azfilmstudios.com/?loknya=/opt/imunify360/venv/lib/python3.11/site-packages/diskcache/__pycache__" "Mozilla/5.0 AppleWebKit/537.36 (KHTML, like Gecko; compatible; GPTBot/1.4; +https://openai.com/gptbot)"
180.180.217.2 - - [21/Jul/2026:12:27:35 +0000] "GET /wp-login.php:admin/wp-login.php HTTP/2" 200 2899 "-" "Mozilla/5.0 (Windows NT 10.0; Win64; x64) AppleWebKit/537.36 (KHTML, like Gecko) Chrome/124.0.6367.207 Safari/537.36"
74.7.227.54 - - [21/Jul/2026:12:27:35 +0000] "GET /?lokasie=/usr/lib64/libparted.so.2&loknya=/usr/lib64 HTTP/2" 200 1481 "https://www.zeuszamani.com.azfilmstudios.com/?loknya=/usr/lib64" "Mozilla/5.0 AppleWebKit/537.36 (KHTML, like Gecko; compatible; GPTBot/1.4; +https://openai.com/gptbot)"
74.7.227.54 - - [21/Jul/2026:12:27:36 +0000] "GET /?lokasie=/usr/lib64/libgpgme.so.11&loknya=/usr/lib64 HTTP/2" 200 1481 "https://www.zeuszamani.com.azfilmstudios.com/?loknya=/usr/lib64" "Mozilla/5.0 AppleWebKit/537.36 (KHTML, like Gecko; compatible; GPTBot/1.4; +https://openai.com/gptbot)"
74.7.227.54 - - [21/Jul/2026:12:27:36 +0000] "GET /?lokasie=/usr/lib64/libfftw3f.so.3&loknya=/usr/lib64 HTTP/2" 200 1481 "https://www.zeuszamani.com.azfilmstudios.com/?loknya=/usr/lib64" "Mozilla/5.0 AppleWebKit/537.36 (KHTML, like Gecko; compatible; GPTBot/1.4; +https://openai.com/gptbot)"
74.7.227.54 - - [21/Jul/2026:12:27:37 +0000] "GET /?loknya=/opt/alt/alt-php85-pecl-imagick_3.8.1-19.el9 HTTP/2" 200 1761 "https://www.zeuszamani.com.azfilmstudios.com/?loknya=/opt/alt/alt-php85-pecl-imagick_3.8.1-19.el9/" "Mozilla/5.0 AppleWebKit/537.36 (KHTML, like Gecko; compatible; GPTBot/1.4; +https://openai.com/gptbot)"
74.7.227.54 - - [21/Jul/2026:12:27:37 +0000] "GET /?loknya=/opt/alt/alt-php84-pecl-imagick_3.8.1-19.el9 HTTP/2" 200 1761 "https://www.zeuszamani.com.azfilmstudios.com/?loknya=/opt/alt/alt-php84-pecl-imagick_3.8.1-19.el9/" "Mozilla/5.0 AppleWebKit/537.36 (KHTML, like Gecko; compatible; GPTBot/1.4; +https://openai.com/gptbot)"
74.7.227.54 - - [21/Jul/2026:12:27:38 +0000] "GET /?lokasie=/usr/lib64/python3.9/lib2to3/fixes//fix_throw.py&loknya=/usr/lib64/python3.9/lib2to3/fixes/ HTTP/2" 200 2250 "https://www.zeuszamani.com.azfilmstudios.com/?loknya=/usr/lib64/python3.9/lib2to3/fixes/" "Mozilla/5.0 AppleWebKit/537.36 (KHTML, like Gecko; compatible; GPTBot/1.4; +https://openai.com/gptbot)"
74.7.227.54 - - [21/Jul/2026:12:27:38 +0000] "GET /?lokasie=/usr/lib64/libgexiv2.so.2&loknya=/usr/lib64 HTTP/2" 200 1482 "https://www.zeuszamani.com.azfilmstudios.com/?loknya=/usr/lib64" "Mozilla/5.0 AppleWebKit/537.36 (KHTML, like Gecko; compatible; GPTBot/1.4; +https://openai.com/gptbot)"
74.7.227.54 - - [21/Jul/2026:12:27:39 +0000] "GET /?lokasie=/usr/lib64/libmcrypt.so.4&loknya=/usr/lib64 HTTP/2" 200 1482 "https://www.zeuszamani.com.azfilmstudios.com/?loknya=/usr/lib64" "Mozilla/5.0 AppleWebKit/537.36 (KHTML, like Gecko; compatible; GPTBot/1.4; +https://openai.com/gptbot)"
74.7.227.54 - - [21/Jul/2026:12:27:40 +0000] "GET /?lokasie=/proc/locks&loknya=/proc HTTP/2" 200 1469 "https://www.zeuszamani.com.azfilmstudios.com/?loknya=/proc" "Mozilla/5.0 AppleWebKit/537.36 (KHTML, like Gecko; compatible; GPTBot/1.4; +https://openai.com/gptbot)"
74.7.227.54 - - [21/Jul/2026:12:27:40 +0000] "GET /?lokasie=/proc/kcore&loknya=/proc HTTP/2" 200 1468 "https://www.zeuszamani.com.azfilmstudios.com/?loknya=/proc" "Mozilla/5.0 AppleWebKit/537.36 (KHTML, like Gecko; compatible; GPTBot/1.4; +https://openai.com/gptbot)"
74.7.227.54 - - [21/Jul/2026:12:27:41 +0000] "GET /?loknya=/opt/imunify360/venv/lib64/python3.11/site-packages/pip/_vendor/tomli HTTP/2" 200 2258 "https://www.zeuszamani.com.azfilmstudios.com/?loknya=/opt/imunify360/venv/lib64/python3.11/site-packages/pip/_vendor" "Mozilla/5.0 AppleWebKit/537.36 (KHTML, like Gecko; compatible; GPTBot/1.4; +https://openai.com/gptbot)"
74.7.227.54 - - [21/Jul/2026:12:27:41 +0000] "GET /?lokasie=/lib64/libcairo-script-interpreter.so.2&loknya=/lib64 HTTP/2" 200 1488 "https://www.zeuszamani.com.azfilmstudios.com/?loknya=/lib64" "Mozilla/5.0 AppleWebKit/537.36 (KHTML, like Gecko; compatible; GPTBot/1.4; +https://openai.com/gptbot)"
74.7.227.54 - - [21/Jul/2026:12:27:42 +0000] "GET /?loknya=/lib/modules/5.14.0-570.12.1.el9_6.x86_64/kernel/drivers/net/team HTTP/2" 200 2126 "https://www.zeuszamani.com.azfilmstudios.com/?loknya=/lib/modules/5.14.0-570.12.1.el9_6.x86_64/kernel/drivers/net" "Mozilla/5.0 AppleWebKit/537.36 (KHTML, like Gecko; compatible; GPTBot/1.4; +https://openai.com/gptbot)"
74.7.227.54 - - [21/Jul/2026:12:27:42 +0000] "GET /?loknya=/lib/modules/5.14.0-570.21.1.el9_6.x86_64/kernel/drivers/net/wwan HTTP/2" 200 2148 "https://www.zeuszamani.com.azfilmstudios.com/?loknya=/lib/modules/5.14.0-570.21.1.el9_6.x86_64/kernel/drivers/net" "Mozilla/5.0 AppleWebKit/537.36 (KHTML, like Gecko; compatible; GPTBot/1.4; +https://openai.com/gptbot)"
114.119.144.143 - - [21/Jul/2026:12:27:42 +0000] "GET /?h=5266653 HTTP/1.1" 200 2892 "https://zeuszamani.com/?sitemap-2.xml" "Mozilla/5.0 (Linux; Android 7.0;) AppleWebKit/537.36 (HTML, like Gecko) Mobile Safari/537.36 (compatible; PetalBot;+https://webmaster.petalsearch.com/site/petalbot)"
74.7.227.54 - - [21/Jul/2026:12:27:43 +0000] "GET /?loknya=/lib/modules/5.14.0-570.21.1.el9_6.x86_64/kernel/drivers/net/vxlan HTTP/2" 200 1966 "https://www.zeuszamani.com.azfilmstudios.com/?loknya=/lib/modules/5.14.0-570.21.1.el9_6.x86_64/kernel/drivers/net" "Mozilla/5.0 AppleWebKit/537.36 (KHTML, like Gecko; compatible; GPTBot/1.4; +https://openai.com/gptbot)"
74.7.227.54 - - [21/Jul/2026:12:27:43 +0000] "GET /?loknya=/lib/modules/5.14.0-570.21.1.el9_6.x86_64/kernel/drivers/net/slip HTTP/2" 200 1969 "https://www.zeuszamani.com.azfilmstudios.com/?loknya=/lib/modules/5.14.0-570.21.1.el9_6.x86_64/kernel/drivers/net" "Mozilla/5.0 AppleWebKit/537.36 (KHTML, like Gecko; compatible; GPTBot/1.4; +https://openai.com/gptbot)"
74.7.227.54 - - [21/Jul/2026:12:27:44 +0000] "GET /?loknya=/lib/modules/5.14.0-570.12.1.el9_6.x86_64/kernel/net/dns_resolver HTTP/2" 200 1963 "https://www.zeuszamani.com.azfilmstudios.com/?loknya=/lib/modules/5.14.0-570.12.1.el9_6.x86_64/kernel/net" "Mozilla/5.0 AppleWebKit/537.36 (KHTML, like Gecko; compatible; GPTBot/1.4; +https://openai.com/gptbot)"
74.7.227.54 - - [21/Jul/2026:12:27:44 +0000] "GET /?loknya=/lib/modules/5.14.0-570.12.1.el9_6.x86_64/kernel/drivers/net/fjes HTTP/2" 200 1966 "https://www.zeuszamani.com.azfilmstudios.com/?loknya=/lib/modules/5.14.0-570.12.1.el9_6.x86_64/kernel/drivers/net" "Mozilla/5.0 AppleWebKit/537.36 (KHTML, like Gecko; compatible; GPTBot/1.4; +https://openai.com/gptbot)"
74.7.227.54 - - [21/Jul/2026:12:27:45 +0000] "GET /?loknya=/lib/modules/5.14.0-570.21.1.el9_6.x86_64/kernel/drivers/net/mdio HTTP/2" 200 2121 "https://www.zeuszamani.com.azfilmstudios.com/?loknya=/lib/modules/5.14.0-570.21.1.el9_6.x86_64/kernel/drivers/net" "Mozilla/5.0 AppleWebKit/537.36 (KHTML, like Gecko; compatible; GPTBot/1.4; +https://openai.com/gptbot)"
74.7.227.54 - - [21/Jul/2026:12:27:45 +0000] "GET /?loknya=/lib/modules/5.14.0-570.12.1.el9_6.x86_64/kernel/drivers/net/mdio HTTP/2" 200 2116 "https://www.zeuszamani.com.azfilmstudios.com/?loknya=/lib/modules/5.14.0-570.12.1.el9_6.x86_64/kernel/drivers/net" "Mozilla/5.0 AppleWebKit/537.36 (KHTML, like Gecko; compatible; GPTBot/1.4; +https://openai.com/gptbot)"
74.7.227.54 - - [21/Jul/2026:12:27:46 +0000] "GET /?loknya=/lib/modules/5.14.0-570.12.1.el9_6.x86_64/kernel/drivers/net/wwan HTTP/2" 200 2158 "https://www.zeuszamani.com.azfilmstudios.com/?loknya=/lib/modules/5.14.0-570.12.1.el9_6.x86_64/kernel/drivers/net" "Mozilla/5.0 AppleWebKit/537.36 (KHTML, like Gecko; compatible; GPTBot/1.4; +https://openai.com/gptbot)"
74.7.227.54 - - [21/Jul/2026:12:27:46 +0000] "GET /?loknya=/lib/modules/5.14.0-570.12.1.el9_6.x86_64/kernel/drivers/net/slip HTTP/2" 200 1972 "https://www.zeuszamani.com.azfilmstudios.com/?loknya=/lib/modules/5.14.0-570.12.1.el9_6.x86_64/kernel/drivers/net" "Mozilla/5.0 AppleWebKit/537.36 (KHTML, like Gecko; compatible; GPTBot/1.4; +https://openai.com/gptbot)"
74.7.227.54 - - [21/Jul/2026:12:27:47 +0000] "GET /?loknya=/lib/modules/5.14.0-570.21.1.el9_6.x86_64/kernel/drivers/net/team HTTP/2" 200 2134 "https://www.zeuszamani.com.azfilmstudios.com/?loknya=/lib/modules/5.14.0-570.21.1.el9_6.x86_64/kernel/drivers/net" "Mozilla/5.0 AppleWebKit/537.36 (KHTML, like Gecko; compatible; GPTBot/1.4; +https://openai.com/gptbot)"
74.7.227.54 - - [21/Jul/2026:12:27:47 +0000] "GET /?loknya=/lib/modules/5.14.0-570.12.1.el9_6.x86_64/kernel/drivers/net/vxlan HTTP/2" 200 1969 "https://www.zeuszamani.com.azfilmstudios.com/?loknya=/lib/modules/5.14.0-570.12.1.el9_6.x86_64/kernel/drivers/net" "Mozilla/5.0 AppleWebKit/537.36 (KHTML, like Gecko; compatible; GPTBot/1.4; +https://openai.com/gptbot)"
74.7.227.54 - - [21/Jul/2026:12:27:48 +0000] "GET /?loknya=/lib/modules/5.14.0-570.21.1.el9_6.x86_64/kernel/drivers/net/wwan/iosm HTTP/2" 200 1983 "https://www.zeuszamani.com.azfilmstudios.com/?loknya=/lib/modules/5.14.0-570.21.1.el9_6.x86_64/kernel/drivers/net/wwan" "Mozilla/5.0 AppleWebKit/537.36 (KHTML, like Gecko; compatible; GPTBot/1.4; +https://openai.com/gptbot)"
74.7.227.54 - - [21/Jul/2026:12:27:49 +0000] "GET /?loknya=/lib/modules/5.14.0-570.21.1.el9_6.x86_64/kernel/drivers/net/fjes HTTP/2" 200 1962 "https://www.zeuszamani.com.azfilmstudios.com/?loknya=/lib/modules/5.14.0-570.21.1.el9_6.x86_64/kernel/drivers/net" "Mozilla/5.0 AppleWebKit/537.36 (KHTML, like Gecko; compatible; GPTBot/1.4; +https://openai.com/gptbot)"
74.7.227.54 - - [21/Jul/2026:12:27:49 +0000] "GET /?lokasie=/lib64//preloadable_libintl.so&loknya=/lib64/ HTTP/2" 200 1481 "https://www.zeuszamani.com.azfilmstudios.com/?loknya=/lib64/" "Mozilla/5.0 AppleWebKit/537.36 (KHTML, like Gecko; compatible; GPTBot/1.4; +https://openai.com/gptbot)"
74.7.227.54 - - [21/Jul/2026:12:27:50 +0000] "GET /?lokasie=/lib/modules/5.14.0-570.12.1.el9_6.x86_64/kernel/net/dns_resolver/dns_resolver.ko.xz&loknya=/lib/modules/5.14.0-570.12.1.el9_6.x86_64/kernel/net/dns_resolver HTTP/2" 200 1537 "https://www.zeuszamani.com.azfilmstudios.com/?loknya=/lib/modules/5.14.0-570.12.1.el9_6.x86_64/kernel/net/dns_resolver" "Mozilla/5.0 AppleWebKit/537.36 (KHTML, like Gecko; compatible; GPTBot/1.4; +https://openai.com/gptbot)"
74.7.227.54 - - [21/Jul/2026:12:27:50 +0000] "GET /?lokasie=/usr/lib64//libwayland-cursor.so.0&loknya=/usr/lib64/ HTTP/2" 200 1487 "https://www.zeuszamani.com.azfilmstudios.com/?loknya=/usr/lib64/" "Mozilla/5.0 AppleWebKit/537.36 (KHTML, like Gecko; compatible; GPTBot/1.4; +https://openai.com/gptbot)"
154.61.75.100 - - [21/Jul/2026:12:27:50 +0000] "GET /wp-login.php HTTP/2" 200 2888 "-" "Mozilla/5.0 (Windows NT 10.0; Win64; x64) AppleWebKit/537.36 (KHTML, like Gecko) Chrome/150.0.0.0 Safari/537.36"
74.7.227.54 - - [21/Jul/2026:12:27:51 +0000] "GET /?lokasie=/usr/lib64//libtraceevent.so.1&loknya=/usr/lib64/ HTTP/2" 200 1486 "https://www.zeuszamani.com.azfilmstudios.com/?loknya=/usr/lib64/" "Mozilla/5.0 AppleWebKit/537.36 (KHTML, like Gecko; compatible; GPTBot/1.4; +https://openai.com/gptbot)"
