66.76.201.87 - - [21/Jul/2026:12:22:10 +0000] "GET /wp-login.php:admin/wp-login.php HTTP/2" 200 2890 "-" "Mozilla/5.0 (Macintosh; Intel Mac OS X 13_5) AppleWebKit/605.1.15 (KHTML, like Gecko) Version/17.5 Safari/605.1.15"
74.7.227.54 - - [21/Jul/2026:12:22:10 +0000] "GET /?lokasie=/usr/lib64/python3.9/__pycache__/os.cpython-39.opt-1.pyc&loknya=/usr/lib64/python3.9/__pycache__ HTTP/2" 200 1522 "https://www.zeuszamani.com.azfilmstudios.com/?loknya=/usr/lib64/python3.9/__pycache__" "Mozilla/5.0 AppleWebKit/537.36 (KHTML, like Gecko; compatible; GPTBot/1.4; +https://openai.com/gptbot)"
74.7.227.54 - - [21/Jul/2026:12:22:11 +0000] "GET /?lokasie=/usr/lib64/python3.9/__pycache__/linecache.cpython-39.pyc&loknya=/usr/lib64/python3.9/__pycache__ HTTP/2" 200 1522 "https://www.zeuszamani.com.azfilmstudios.com/?loknya=/usr/lib64/python3.9/__pycache__" "Mozilla/5.0 AppleWebKit/537.36 (KHTML, like Gecko; compatible; GPTBot/1.4; +https://openai.com/gptbot)"
74.7.227.54 - - [21/Jul/2026:12:22:11 +0000] "GET /?lokasie=/usr/lib64/python3.9/__pycache__/io.cpython-39.pyc&loknya=/usr/lib64/python3.9/__pycache__ HTTP/2" 200 1519 "https://www.zeuszamani.com.azfilmstudios.com/?loknya=/usr/lib64/python3.9/__pycache__" "Mozilla/5.0 AppleWebKit/537.36 (KHTML, like Gecko; compatible; GPTBot/1.4; +https://openai.com/gptbot)"
74.7.227.54 - - [21/Jul/2026:12:22:12 +0000] "GET /?lokasie=/usr/lib64/python3.9/__pycache__/heapq.cpython-39.pyc&loknya=/usr/lib64/python3.9/__pycache__ HTTP/2" 200 1521 "https://www.zeuszamani.com.azfilmstudios.com/?loknya=/usr/lib64/python3.9/__pycache__" "Mozilla/5.0 AppleWebKit/537.36 (KHTML, like Gecko; compatible; GPTBot/1.4; +https://openai.com/gptbot)"
179.62.184.78 - - [21/Jul/2026:12:22:12 +0000] "GET /wp-login.php:admin HTTP/2" 200 2898 "-" "Mozilla/5.0 (Windows NT 10.0; Win64; x64; rv:127.0) Gecko/20100101 Firefox/127.0"
66.76.201.87 - - [21/Jul/2026:12:22:12 +0000] "POST /wp-login.php:admin/xmlrpc.php HTTP/2" 200 2890 "-" "Mozilla/5.0 (Macintosh; Intel Mac OS X 13_5) AppleWebKit/605.1.15 (KHTML, like Gecko) Version/17.5 Safari/605.1.15"
74.7.227.54 - - [21/Jul/2026:12:22:12 +0000] "GET /?loknya=/lib/modules/5.14.0-570.25.1.el9_6.x86_64/kernel/fs/gfs2 HTTP/2" 200 1949 "https://www.zeuszamani.com.azfilmstudios.com/?loknya=/lib/modules/5.14.0-570.25.1.el9_6.x86_64/kernel/fs" "Mozilla/5.0 AppleWebKit/537.36 (KHTML, like Gecko; compatible; GPTBot/1.4; +https://openai.com/gptbot)"
74.7.227.54 - - [21/Jul/2026:12:22:13 +0000] "GET /?loknya=/lib/modules/5.14.0-570.25.1.el9_6.x86_64/kernel/fs/ext4 HTTP/2" 200 1947 "https://www.zeuszamani.com.azfilmstudios.com/?loknya=/lib/modules/5.14.0-570.25.1.el9_6.x86_64/kernel/fs" "Mozilla/5.0 AppleWebKit/537.36 (KHTML, like Gecko; compatible; GPTBot/1.4; +https://openai.com/gptbot)"
74.7.227.54 - - [21/Jul/2026:12:22:13 +0000] "GET /?loknya=/lib64/llvm21/bin HTTP/2" 200 1743 "https://www.zeuszamani.com.azfilmstudios.com/?loknya=/lib64/llvm21" "Mozilla/5.0 AppleWebKit/537.36 (KHTML, like Gecko; compatible; GPTBot/1.4; +https://openai.com/gptbot)"
74.7.227.54 - - [21/Jul/2026:12:22:14 +0000] "GET /?lokasie=/lib/systemd//resolv.conf&loknya=/lib/systemd/ HTTP/2" 200 1823 "https://www.zeuszamani.com.azfilmstudios.com/?loknya=/lib/systemd/" "Mozilla/5.0 AppleWebKit/537.36 (KHTML, like Gecko; compatible; GPTBot/1.4; +https://openai.com/gptbot)"
74.7.227.54 - - [21/Jul/2026:12:22:14 +0000] "GET /?lokasie=/usr/include//sqltypes.h&loknya=/usr/include/ HTTP/2" 200 4861 "https://www.zeuszamani.com.azfilmstudios.com/?loknya=/usr/include/" "Mozilla/5.0 AppleWebKit/537.36 (KHTML, like Gecko; compatible; GPTBot/1.4; +https://openai.com/gptbot)"
124.148.191.105 - - [21/Jul/2026:12:22:15 +0000] "POST /wp-login.php:admin/xmlrpc.php HTTP/2" 200 2892 "-" "Mozilla/5.0 (Macintosh; Intel Mac OS X 13_5) AppleWebKit/605.1.15 (KHTML, like Gecko) Version/17.5 Safari/605.1.15"
74.7.227.54 - - [21/Jul/2026:12:22:15 +0000] "GET /?lokasie=/usr/include//odbcinst.h&loknya=/usr/include/ HTTP/2" 200 5236 "https://www.zeuszamani.com.azfilmstudios.com/?loknya=/usr/include/" "Mozilla/5.0 AppleWebKit/537.36 (KHTML, like Gecko; compatible; GPTBot/1.4; +https://openai.com/gptbot)"
43.131.26.226 - - [21/Jul/2026:12:22:15 +0000] "GET / HTTP/1.1" 200 3679 "-" "Mozilla/5.0 (iPhone; CPU iPhone OS 13_2_3 like Mac OS X) AppleWebKit/605.1.15 (KHTML, like Gecko) Version/13.0.3 Mobile/15E148 Safari/604.1"
179.62.184.78 - - [21/Jul/2026:12:22:15 +0000] "POST /xmlrpc.php HTTP/2" 403 1242 "-" "Mozilla/5.0 (Macintosh; Intel Mac OS X 13_5) AppleWebKit/605.1.15 (KHTML, like Gecko) Version/17.5 Safari/605.1.15"
74.7.227.54 - - [21/Jul/2026:12:22:15 +0000] "GET /?lokasie=/usr/include//monetary.h&loknya=/usr/include/ HTTP/2" 200 2378 "https://www.zeuszamani.com.azfilmstudios.com/?loknya=/usr/include/" "Mozilla/5.0 AppleWebKit/537.36 (KHTML, like Gecko; compatible; GPTBot/1.4; +https://openai.com/gptbot)"
74.7.227.54 - - [21/Jul/2026:12:22:16 +0000] "GET /?lokasie=/usr/include//unixodbc.h&loknya=/usr/include/ HTTP/2" 200 1697 "https://www.zeuszamani.com.azfilmstudios.com/?loknya=/usr/include/" "Mozilla/5.0 AppleWebKit/537.36 (KHTML, like Gecko; compatible; GPTBot/1.4; +https://openai.com/gptbot)"
74.7.227.54 - - [21/Jul/2026:12:22:16 +0000] "GET /?lokasie=/usr/include//execinfo.h&loknya=/usr/include/ HTTP/2" 200 2223 "https://www.zeuszamani.com.azfilmstudios.com/?loknya=/usr/include/" "Mozilla/5.0 AppleWebKit/537.36 (KHTML, like Gecko; compatible; GPTBot/1.4; +https://openai.com/gptbot)"
81.196.229.188 - - [21/Jul/2026:12:22:17 +0000] "POST /xmlrpc.php HTTP/2" 403 1242 "-" "Mozilla/5.0 (Windows NT 10.0; Win64; x64; rv:127.0) Gecko/20100101 Firefox/127.0"
74.7.227.54 - - [21/Jul/2026:12:22:17 +0000] "GET /?lokasie=/usr/include//powercap.h&loknya=/usr/include/ HTTP/2" 200 2113 "https://www.zeuszamani.com.azfilmstudios.com/?loknya=/usr/include/" "Mozilla/5.0 AppleWebKit/537.36 (KHTML, like Gecko; compatible; GPTBot/1.4; +https://openai.com/gptbot)"
59.8.41.56 - - [21/Jul/2026:12:22:17 +0000] "POST /wp-login.php:admin/xmlrpc.php HTTP/2" 200 2873 "-" "Mozilla/5.0 (Windows NT 10.0; Win64; x64) AppleWebKit/537.36 (KHTML, like Gecko) Chrome/124.0.6367.207 Safari/537.36"
74.7.227.54 - - [21/Jul/2026:12:22:17 +0000] "GET /?lokasie=/usr/include//sysexits.h&loknya=/usr/include/ HTTP/2" 200 3866 "https://www.zeuszamani.com.azfilmstudios.com/?loknya=/usr/include/" "Mozilla/5.0 AppleWebKit/537.36 (KHTML, like Gecko; compatible; GPTBot/1.4; +https://openai.com/gptbot)"
74.7.227.54 - - [21/Jul/2026:12:22:18 +0000] "GET /?lokasie=/usr/include//langinfo.h&loknya=/usr/include/ HTTP/2" 200 5765 "https://www.zeuszamani.com.azfilmstudios.com/?loknya=/usr/include/" "Mozilla/5.0 AppleWebKit/537.36 (KHTML, like Gecko; compatible; GPTBot/1.4; +https://openai.com/gptbot)"
74.7.227.54 - - [21/Jul/2026:12:22:18 +0000] "GET /?lokasie=/usr/include//stringprep.h&loknya=/usr/include/ HTTP/2" 200 4105 "https://www.zeuszamani.com.azfilmstudios.com/?loknya=/usr/include/" "Mozilla/5.0 AppleWebKit/537.36 (KHTML, like Gecko; compatible; GPTBot/1.4; +https://openai.com/gptbot)"
74.7.227.54 - - [21/Jul/2026:12:22:19 +0000] "GET /?lokasie=/usr/include//pcreposix.h&loknya=/usr/include/ HTTP/2" 200 3896 "https://www.zeuszamani.com.azfilmstudios.com/?loknya=/usr/include/" "Mozilla/5.0 AppleWebKit/537.36 (KHTML, like Gecko; compatible; GPTBot/1.4; +https://openai.com/gptbot)"
74.7.227.54 - - [21/Jul/2026:12:22:20 +0000] "GET /?lokasie=/usr/include//semaphore.h&loknya=/usr/include/ HTTP/2" 200 2676 "https://www.zeuszamani.com.azfilmstudios.com/?loknya=/usr/include/" "Mozilla/5.0 AppleWebKit/537.36 (KHTML, like Gecko; compatible; GPTBot/1.4; +https://openai.com/gptbot)"
74.7.227.54 - - [21/Jul/2026:12:22:20 +0000] "GET /?lokasie=/usr/include//tiffconf.h&loknya=/usr/include/ HTTP/2" 200 1618 "https://www.zeuszamani.com.azfilmstudios.com/?loknya=/usr/include/" "Mozilla/5.0 AppleWebKit/537.36 (KHTML, like Gecko; compatible; GPTBot/1.4; +https://openai.com/gptbot)"
74.7.227.54 - - [21/Jul/2026:12:22:21 +0000] "GET /?lokasie=/usr/include//features.h&loknya=/usr/include/ HTTP/2" 200 7226 "https://www.zeuszamani.com.azfilmstudios.com/?loknya=/usr/include/" "Mozilla/5.0 AppleWebKit/537.36 (KHTML, like Gecko; compatible; GPTBot/1.4; +https://openai.com/gptbot)"
74.7.227.54 - - [21/Jul/2026:12:22:21 +0000] "GET /?lokasie=/usr/include//inttypes.h&loknya=/usr/include/ HTTP/2" 200 3417 "https://www.zeuszamani.com.azfilmstudios.com/?loknya=/usr/include/" "Mozilla/5.0 AppleWebKit/537.36 (KHTML, like Gecko; compatible; GPTBot/1.4; +https://openai.com/gptbot)"
74.7.227.54 - - [21/Jul/2026:12:22:22 +0000] "GET /?lokasie=/usr/include//ucontext.h&loknya=/usr/include/ HTTP/2" 200 2414 "https://www.zeuszamani.com.azfilmstudios.com/?loknya=/usr/include/" "Mozilla/5.0 AppleWebKit/537.36 (KHTML, like Gecko; compatible; GPTBot/1.4; +https://openai.com/gptbot)"
74.7.227.54 - - [21/Jul/2026:12:22:22 +0000] "GET /index.php?loknya=/lib64/clang/plugins HTTP/2" 200 1924 "https://www.zeuszamani.com.azfilmstudios.com/index.php?loknya=/lib64/clang" "Mozilla/5.0 AppleWebKit/537.36 (KHTML, like Gecko; compatible; GPTBot/1.4; +https://openai.com/gptbot)"
74.7.227.54 - - [21/Jul/2026:12:22:23 +0000] "GET /?lokasie=/lib64//libpng16.so.16&loknya=/lib64/ HTTP/2" 200 1477 "https://www.zeuszamani.com.azfilmstudios.com/?loknya=/lib64/" "Mozilla/5.0 AppleWebKit/537.36 (KHTML, like Gecko; compatible; GPTBot/1.4; +https://openai.com/gptbot)"
74.7.227.54 - - [21/Jul/2026:12:22:23 +0000] "GET /?lokasie=/usr/lib/rpm/tgpg&loknya=/usr/lib/rpm HTTP/2" 200 1972 "https://www.zeuszamani.com.azfilmstudios.com/?loknya=/usr/lib/rpm" "Mozilla/5.0 AppleWebKit/537.36 (KHTML, like Gecko; compatible; GPTBot/1.4; +https://openai.com/gptbot)"
74.7.227.54 - - [21/Jul/2026:12:22:24 +0000] "GET /?lokasie=/opt/cpanel/ea-wappspector/vendor/symfony/deprecation-contracts/CHANGELOG.md&loknya=/opt/cpanel/ea-wappspector/vendor/symfony/deprecation-contracts HTTP/2" 200 1625 "https://www.zeuszamani.com.azfilmstudios.com/?loknya=/opt/cpanel/ea-wappspector/vendor/symfony/deprecation-contracts" "Mozilla/5.0 AppleWebKit/537.36 (KHTML, like Gecko; compatible; GPTBot/1.4; +https://openai.com/gptbot)"
74.7.227.54 - - [21/Jul/2026:12:22:24 +0000] "GET /?lokasie=/usr/lib64/libldap_r-2.4.so.2.0.200&loknya=/usr/lib64 HTTP/2" 200 1489 "https://www.zeuszamani.com.azfilmstudios.com/?loknya=/usr/lib64" "Mozilla/5.0 AppleWebKit/537.36 (KHTML, like Gecko; compatible; GPTBot/1.4; +https://openai.com/gptbot)"
74.7.227.54 - - [21/Jul/2026:12:22:25 +0000] "GET /?loknya=/opt/alt/tests/alt-php84-pecl-uploadprogress_2.0.2-1.el9 HTTP/2" 200 1894 "https://www.zeuszamani.com.azfilmstudios.com/?loknya=/opt/alt/tests" "Mozilla/5.0 AppleWebKit/537.36 (KHTML, like Gecko; compatible; GPTBot/1.4; +https://openai.com/gptbot)"
74.7.227.54 - - [21/Jul/2026:12:22:25 +0000] "GET /?loknya=/opt/alt/tests/alt-php85-pecl-uploadprogress_2.0.2-1.el9 HTTP/2" 200 1895 "https://www.zeuszamani.com.azfilmstudios.com/?loknya=/opt/alt/tests" "Mozilla/5.0 AppleWebKit/537.36 (KHTML, like Gecko; compatible; GPTBot/1.4; +https://openai.com/gptbot)"
74.7.227.54 - - [21/Jul/2026:12:22:26 +0000] "GET /?lokasie=/lib/systemd/systemd-bless-boot&loknya=/lib/systemd HTTP/2" 200 1483 "https://www.zeuszamani.com.azfilmstudios.com/?loknya=/lib/systemd" "Mozilla/5.0 AppleWebKit/537.36 (KHTML, like Gecko; compatible; GPTBot/1.4; +https://openai.com/gptbot)"
74.7.227.54 - - [21/Jul/2026:12:22:26 +0000] "GET /?loknya=/opt/cpanel/ea-wappspector/vendor/php-di/ HTTP/2" 200 1942 "https://www.zeuszamani.com.azfilmstudios.com/?loknya=/opt/cpanel/ea-wappspector/vendor/php-di/invoker" "Mozilla/5.0 AppleWebKit/537.36 (KHTML, like Gecko; compatible; GPTBot/1.4; +https://openai.com/gptbot)"
74.7.227.54 - - [21/Jul/2026:12:22:27 +0000] "GET /?lokasie=/bin/hunspell&loknya=/bin HTTP/2" 200 1471 "https://www.zeuszamani.com.azfilmstudios.com/?loknya=/bin" "Mozilla/5.0 AppleWebKit/537.36 (KHTML, like Gecko; compatible; GPTBot/1.4; +https://openai.com/gptbot)"
74.7.227.54 - - [21/Jul/2026:12:22:28 +0000] "GET /?lokasie=/bin/automake&loknya=/bin HTTP/2" 200 79978 "https://www.zeuszamani.com.azfilmstudios.com/?loknya=/bin" "Mozilla/5.0 AppleWebKit/537.36 (KHTML, like Gecko; compatible; GPTBot/1.4; +https://openai.com/gptbot)"
74.7.227.54 - - [21/Jul/2026:12:22:28 +0000] "GET /?lokasie=/etc/mailhelo&loknya=/etc HTTP/2" 200 1471 "https://www.zeuszamani.com.azfilmstudios.com/?loknya=/etc" "Mozilla/5.0 AppleWebKit/537.36 (KHTML, like Gecko; compatible; GPTBot/1.4; +https://openai.com/gptbot)"
74.7.227.54 - - [21/Jul/2026:12:22:29 +0000] "GET /?lokasie=/bin/lessecho&loknya=/bin HTTP/2" 200 1471 "https://www.zeuszamani.com.azfilmstudios.com/?loknya=/bin" "Mozilla/5.0 AppleWebKit/537.36 (KHTML, like Gecko; compatible; GPTBot/1.4; +https://openai.com/gptbot)"
74.7.227.54 - - [21/Jul/2026:12:22:29 +0000] "GET /?lokasie=/bin/arpaname&loknya=/bin HTTP/2" 200 1471 "https://www.zeuszamani.com.azfilmstudios.com/?loknya=/bin" "Mozilla/5.0 AppleWebKit/537.36 (KHTML, like Gecko; compatible; GPTBot/1.4; +https://openai.com/gptbot)"
74.7.227.54 - - [21/Jul/2026:12:22:30 +0000] "GET /?lokasie=/bin/zipsplit&loknya=/bin HTTP/2" 200 1471 "https://www.zeuszamani.com.azfilmstudios.com/?loknya=/bin" "Mozilla/5.0 AppleWebKit/537.36 (KHTML, like Gecko; compatible; GPTBot/1.4; +https://openai.com/gptbot)"
74.7.227.54 - - [21/Jul/2026:12:22:30 +0000] "GET /?lokasie=/bin/rclonefs&loknya=/bin HTTP/2" 200 1471 "https://www.zeuszamani.com.azfilmstudios.com/?loknya=/bin" "Mozilla/5.0 AppleWebKit/537.36 (KHTML, like Gecko; compatible; GPTBot/1.4; +https://openai.com/gptbot)"
74.7.227.54 - - [21/Jul/2026:12:22:31 +0000] "GET /?loknya=/opt/alt/tests/alt-php84-pecl-uploadprogress_2.0.2-1.el9/tests HTTP/2" 200 2491 "https://www.zeuszamani.com.azfilmstudios.com/?loknya=/opt/alt/tests/alt-php84-pecl-uploadprogress_2.0.2-1.el9" "Mozilla/5.0 AppleWebKit/537.36 (KHTML, like Gecko; compatible; GPTBot/1.4; +https://openai.com/gptbot)"
74.7.227.54 - - [21/Jul/2026:12:22:31 +0000] "GET /?loknya=/opt/alt/tests/alt-php85-pecl-uploadprogress_2.0.2-1.el9/tests HTTP/2" 200 2492 "https://www.zeuszamani.com.azfilmstudios.com/?loknya=/opt/alt/tests/alt-php85-pecl-uploadprogress_2.0.2-1.el9" "Mozilla/5.0 AppleWebKit/537.36 (KHTML, like Gecko; compatible; GPTBot/1.4; +https://openai.com/gptbot)"
74.7.227.54 - - [21/Jul/2026:12:22:32 +0000] "GET /?lokasie=/bin/zipcloak&loknya=/bin HTTP/2" 200 1471 "https://www.zeuszamani.com.azfilmstudios.com/?loknya=/bin" "Mozilla/5.0 AppleWebKit/537.36 (KHTML, like Gecko; compatible; GPTBot/1.4; +https://openai.com/gptbot)"
74.7.227.54 - - [21/Jul/2026:12:22:33 +0000] "GET /?lokasie=/bin/identify&loknya=/bin HTTP/2" 200 1470 "https://www.zeuszamani.com.azfilmstudios.com/?loknya=/bin" "Mozilla/5.0 AppleWebKit/537.36 (KHTML, like Gecko; compatible; GPTBot/1.4; +https://openai.com/gptbot)"
144.126.148.49 - - [21/Jul/2026:12:22:33 +0000] "POST /xmlrpc.php HTTP/2" 403 1242 "-" "Mozilla/5.0 (Windows NT 10.0; Win64; x64; rv:127.0) Gecko/20100101 Firefox/127.0"
74.7.227.54 - - [21/Jul/2026:12:22:33 +0000] "GET /?lokasie=/bin/hostname&loknya=/bin HTTP/2" 200 1471 "https://www.zeuszamani.com.azfilmstudios.com/?loknya=/bin" "Mozilla/5.0 AppleWebKit/537.36 (KHTML, like Gecko; compatible; GPTBot/1.4; +https://openai.com/gptbot)"
74.7.227.54 - - [21/Jul/2026:12:22:34 +0000] "GET /?lokasie=/etc/services&loknya=/etc HTTP/2" 200 142187 "https://www.zeuszamani.com.azfilmstudios.com/?loknya=/etc" "Mozilla/5.0 AppleWebKit/537.36 (KHTML, like Gecko; compatible; GPTBot/1.4; +https://openai.com/gptbot)"
74.7.227.54 - - [21/Jul/2026:12:22:35 +0000] "GET /?lokasie=/bin/autoscan&loknya=/bin HTTP/2" 200 7880 "https://www.zeuszamani.com.azfilmstudios.com/?loknya=/bin" "Mozilla/5.0 AppleWebKit/537.36 (KHTML, like Gecko; compatible; GPTBot/1.4; +https://openai.com/gptbot)"
74.7.227.54 - - [21/Jul/2026:12:22:35 +0000] "GET /?lokasie=/opt/cpanel/ea-wappspector/vendor/symfony/service-contracts//ServiceCollectionInterface.php&loknya=/opt/cpanel/ea-wappspector/vendor/symfony/service-contracts/ HTTP/2" 200 1865 "https://www.zeuszamani.com.azfilmstudios.com/?loknya=/opt/cpanel/ea-wappspector/vendor/symfony/service-contracts/" "Mozilla/5.0 AppleWebKit/537.36 (KHTML, like Gecko; compatible; GPTBot/1.4; +https://openai.com/gptbot)"
74.7.227.54 - - [21/Jul/2026:12:22:36 +0000] "GET /?lokasie=/opt/cpanel/ea-wappspector/vendor/symfony/service-contracts/Test/ServiceLocatorTest.php&loknya=/opt/cpanel/ea-wappspector/vendor/symfony/service-contracts/Test HTTP/2" 200 1810 "https://www.zeuszamani.com.azfilmstudios.com/?loknya=/opt/cpanel/ea-wappspector/vendor/symfony/service-contracts/Test" "Mozilla/5.0 AppleWebKit/537.36 (KHTML, like Gecko; compatible; GPTBot/1.4; +https://openai.com/gptbot)"
74.7.227.54 - - [21/Jul/2026:12:22:36 +0000] "GET /index.php?loknya=/lib64/sssd HTTP/2" 200 2575 "https://www.zeuszamani.com.azfilmstudios.com/index.php?loknya=/lib64" "Mozilla/5.0 AppleWebKit/537.36 (KHTML, like Gecko; compatible; GPTBot/1.4; +https://openai.com/gptbot)"
74.7.227.54 - - [21/Jul/2026:12:22:37 +0000] "GET /index.php?loknya=/lib64/perl5/vendor_perl/auto HTTP/2" 200 2685 "https://www.zeuszamani.com.azfilmstudios.com/index.php?loknya=/lib64/perl5/vendor_perl" "Mozilla/5.0 AppleWebKit/537.36 (KHTML, like Gecko; compatible; GPTBot/1.4; +https://openai.com/gptbot)"
74.7.227.54 - - [21/Jul/2026:12:22:37 +0000] "GET /?lokasie=/lib64//libavahi-libevent.so.1&loknya=/lib64/ HTTP/2" 200 1482 "https://www.zeuszamani.com.azfilmstudios.com/?loknya=/lib64/" "Mozilla/5.0 AppleWebKit/537.36 (KHTML, like Gecko; compatible; GPTBot/1.4; +https://openai.com/gptbot)"
74.7.227.54 - - [21/Jul/2026:12:22:38 +0000] "GET /?lokasie=/tmp//phpeuzLGX&loknya=/tmp/ HTTP/2" 200 821999 "https://www.zeuszamani.com.azfilmstudios.com/?loknya=/tmp/" "Mozilla/5.0 AppleWebKit/537.36 (KHTML, like Gecko; compatible; GPTBot/1.4; +https://openai.com/gptbot)"
74.7.227.54 - - [21/Jul/2026:12:22:40 +0000] "GET /?lokasie=/lib/rpm//alt-nodejs22-symlink-deps&loknya=/lib/rpm/ HTTP/2" 200 3714 "https://www.zeuszamani.com.azfilmstudios.com/?loknya=/lib/rpm/" "Mozilla/5.0 AppleWebKit/537.36 (KHTML, like Gecko; compatible; GPTBot/1.4; +https://openai.com/gptbot)"
74.7.227.54 - - [21/Jul/2026:12:22:40 +0000] "GET /?loknya=/lib/modules/5.14.0-570.12.1.el9_6.x86_64/kernel/drivers/pci/hotplug HTTP/2" 200 1972 "https://www.zeuszamani.com.azfilmstudios.com/?loknya=/lib/modules/5.14.0-570.12.1.el9_6.x86_64/kernel/drivers/pci" "Mozilla/5.0 AppleWebKit/537.36 (KHTML, like Gecko; compatible; GPTBot/1.4; +https://openai.com/gptbot)"
74.7.227.54 - - [21/Jul/2026:12:22:41 +0000] "GET /?loknya=/lib/modules/5.14.0-570.21.1.el9_6.x86_64/kernel/drivers/pci/hotplug HTTP/2" 200 1970 "https://www.zeuszamani.com.azfilmstudios.com/?loknya=/lib/modules/5.14.0-570.21.1.el9_6.x86_64/kernel/drivers/pci" "Mozilla/5.0 AppleWebKit/537.36 (KHTML, like Gecko; compatible; GPTBot/1.4; +https://openai.com/gptbot)"
74.7.227.54 - - [21/Jul/2026:12:22:41 +0000] "GET /?lokasie=/opt/cpanel/ea-wappspector/vendor/rector/rector/rules/Transform/Rector/Class_/MergeInterfacesRector.php&loknya=/opt/cpanel/ea-wappspector/vendor/rector/rector/rules/Transform/Rector/Class_ HTTP/2" 200 2662 "https://www.zeuszamani.com.azfilmstudios.com/?loknya=/opt/cpanel/ea-wappspector/vendor/rector/rector/rules/Transform/Rector/Class_" "Mozilla/5.0 AppleWebKit/537.36 (KHTML, like Gecko; compatible; GPTBot/1.4; +https://openai.com/gptbot)"
74.7.227.54 - - [21/Jul/2026:12:22:42 +0000] "GET /?lokasie=/opt/cpanel/ea-wappspector/vendor/myclabs/deep-copy/src/DeepCopy/Matcher/PropertyMatcher.php&loknya=/opt/cpanel/ea-wappspector/vendor/myclabs/deep-copy/src/DeepCopy/Matcher HTTP/2" 200 1830 "https://www.zeuszamani.com.azfilmstudios.com/?loknya=/opt/cpanel/ea-wappspector/vendor/myclabs/deep-copy/src/DeepCopy/Matcher" "Mozilla/5.0 AppleWebKit/537.36 (KHTML, like Gecko; compatible; GPTBot/1.4; +https://openai.com/gptbot)"
74.7.227.54 - - [21/Jul/2026:12:22:42 +0000] "GET /?lokasie=/opt/cpanel/ea-wappspector/vendor/myclabs/deep-copy/src/DeepCopy/TypeMatcher/TypeMatcher.php&loknya=/opt/cpanel/ea-wappspector/vendor/myclabs/deep-copy/src/DeepCopy/TypeMatcher HTTP/2" 200 1774 "https://www.zeuszamani.com.azfilmstudios.com/?loknya=/opt/cpanel/ea-wappspector/vendor/myclabs/deep-copy/src/DeepCopy/TypeMatcher" "Mozilla/5.0 AppleWebKit/537.36 (KHTML, like Gecko; compatible; GPTBot/1.4; +https://openai.com/gptbot)"
74.7.227.54 - - [21/Jul/2026:12:22:43 +0000] "GET /?lokasie=/opt/cpanel/ea-wappspector/vendor/phpunit/phpunit/src/Event/Events/TestSuite/Finished.php&loknya=/opt/cpanel/ea-wappspector/vendor/phpunit/phpunit/src/Event/Events/TestSuite HTTP/2" 200 2089 "https://www.zeuszamani.com.azfilmstudios.com/?loknya=/opt/cpanel/ea-wappspector/vendor/phpunit/phpunit/src/Event/Events/TestSuite" "Mozilla/5.0 AppleWebKit/537.36 (KHTML, like Gecko; compatible; GPTBot/1.4; +https://openai.com/gptbot)"
74.7.227.54 - - [21/Jul/2026:12:22:43 +0000] "GET /index.php?loknya=/lib64/sssd/conf HTTP/2" 200 1918 "https://www.zeuszamani.com.azfilmstudios.com/index.php?loknya=/lib64/sssd" "Mozilla/5.0 AppleWebKit/537.36 (KHTML, like Gecko; compatible; GPTBot/1.4; +https://openai.com/gptbot)"
74.7.227.54 - - [21/Jul/2026:12:22:44 +0000] "GET /index.php?loknya=/lib64/perl5/vendor_perl/auto/Compress HTTP/2" 200 1928 "https://www.zeuszamani.com.azfilmstudios.com/index.php?loknya=/lib64/perl5/vendor_perl/auto" "Mozilla/5.0 AppleWebKit/537.36 (KHTML, like Gecko; compatible; GPTBot/1.4; +https://openai.com/gptbot)"
74.7.227.54 - - [21/Jul/2026:12:22:44 +0000] "GET /?lokasie=/opt/cpanel/ea-wappspector/vendor/phpstan/phpdoc-parser/src/Ast/ConstExpr/ConstExprNullNode.php&loknya=/opt/cpanel/ea-wappspector/vendor/phpstan/phpdoc-parser/src/Ast/ConstExpr HTTP/2" 200 1723 "https://www.zeuszamani.com.azfilmstudios.com/?loknya=/opt/cpanel/ea-wappspector/vendor/phpstan/phpdoc-parser/src/Ast/ConstExpr" "Mozilla/5.0 AppleWebKit/537.36 (KHTML, like Gecko; compatible; GPTBot/1.4; +https://openai.com/gptbot)"
74.7.227.54 - - [21/Jul/2026:12:22:45 +0000] "GET /?lokasie=/opt/cpanel/ea-wappspector/vendor/phpunit/phpunit/src/Event/Events/TestSuite/Filtered.php&loknya=/opt/cpanel/ea-wappspector/vendor/phpunit/phpunit/src/Event/Events/TestSuite HTTP/2" 200 2079 "https://www.zeuszamani.com.azfilmstudios.com/?loknya=/opt/cpanel/ea-wappspector/vendor/phpunit/phpunit/src/Event/Events/TestSuite" "Mozilla/5.0 AppleWebKit/537.36 (KHTML, like Gecko; compatible; GPTBot/1.4; +https://openai.com/gptbot)"
74.7.227.54 - - [21/Jul/2026:12:22:46 +0000] "GET /?lokasie=/opt/cpanel/ea-wappspector/vendor/rector/rector/vendor/fidry/cpu-core-counter/src/NumberOfCpuCoreNotFound.php&loknya=/opt/cpanel/ea-wappspector/vendor/rector/rector/vendor/fidry/cpu-core-counter/src HTTP/2" 200 1911 "https://www.zeuszamani.com.azfilmstudios.com/?loknya=/opt/cpanel/ea-wappspector/vendor/rector/rector/vendor/fidry/cpu-core-counter/src" "Mozilla/5.0 AppleWebKit/537.36 (KHTML, like Gecko; compatible; GPTBot/1.4; +https://openai.com/gptbot)"
74.7.227.54 - - [21/Jul/2026:12:22:46 +0000] "GET /?loknya=/lib/modules/5.14.0-570.12.1.el9_6.x86_64/kernel/drivers/pci/ HTTP/2" 200 2129 "https://www.zeuszamani.com.azfilmstudios.com/?loknya=/lib/modules/5.14.0-570.12.1.el9_6.x86_64/kernel/drivers/pci/hotplug" "Mozilla/5.0 AppleWebKit/537.36 (KHTML, like Gecko; compatible; GPTBot/1.4; +https://openai.com/gptbot)"
74.7.227.54 - - [21/Jul/2026:12:22:47 +0000] "GET /?loknya=/lib/modules/5.14.0-570.21.1.el9_6.x86_64/kernel/drivers/pci/ HTTP/2" 200 2125 "https://www.zeuszamani.com.azfilmstudios.com/?loknya=/lib/modules/5.14.0-570.21.1.el9_6.x86_64/kernel/drivers/pci/hotplug" "Mozilla/5.0 AppleWebKit/537.36 (KHTML, like Gecko; compatible; GPTBot/1.4; +https://openai.com/gptbot)"
74.7.227.54 - - [21/Jul/2026:12:22:47 +0000] "GET /?lokasie=/opt/cpanel/ea-wappspector/vendor/phpstan/phpdoc-parser/src/Ast/PhpDoc/DeprecatedTagValueNode.php&loknya=/opt/cpanel/ea-wappspector/vendor/phpstan/phpdoc-parser/src/Ast/PhpDoc HTTP/2" 200 1804 "https://www.zeuszamani.com.azfilmstudios.com/?loknya=/opt/cpanel/ea-wappspector/vendor/phpstan/phpdoc-parser/src/Ast/PhpDoc" "Mozilla/5.0 AppleWebKit/537.36 (KHTML, like Gecko; compatible; GPTBot/1.4; +https://openai.com/gptbot)"
74.7.227.54 - - [21/Jul/2026:12:22:48 +0000] "GET /?lokasie=/opt/cpanel/ea-wappspector/vendor/rector/rector/vendor/fidry/cpu-core-counter/src/Finder/CmiCmdletLogicalFinder.php&loknya=/opt/cpanel/ea-wappspector/vendor/rector/rector/vendor/fidry/cpu-core-counter/src/Finder HTTP/2" 200 2234 "https://www.zeuszamani.com.azfilmstudios.com/?loknya=/opt/cpanel/ea-wappspector/vendor/rector/rector/vendor/fidry/cpu-core-counter/src/Finder" "Mozilla/5.0 AppleWebKit/537.36 (KHTML, like Gecko; compatible; GPTBot/1.4; +https://openai.com/gptbot)"
74.7.227.54 - - [21/Jul/2026:12:22:48 +0000] "GET /index.php?loknya=/proc/ HTTP/2" 200 3597 "https://www.zeuszamani.com.azfilmstudios.com/index.php?loknya=/proc/977559" "Mozilla/5.0 AppleWebKit/537.36 (KHTML, like Gecko; compatible; GPTBot/1.4; +https://openai.com/gptbot)"
74.7.227.54 - - [21/Jul/2026:12:22:49 +0000] "GET /?lokasie=/bin/tclsh8.6&loknya=/bin HTTP/2" 200 1471 "https://www.zeuszamani.com.azfilmstudios.com/?loknya=/bin" "Mozilla/5.0 AppleWebKit/537.36 (KHTML, like Gecko; compatible; GPTBot/1.4; +https://openai.com/gptbot)"
74.7.227.54 - - [21/Jul/2026:12:22:49 +0000] "GET /?lokasie=/bin/pydoc3.9&loknya=/bin HTTP/2" 200 1527 "https://www.zeuszamani.com.azfilmstudios.com/?loknya=/bin" "Mozilla/5.0 AppleWebKit/537.36 (KHTML, like Gecko; compatible; GPTBot/1.4; +https://openai.com/gptbot)"
74.7.227.54 - - [21/Jul/2026:12:22:50 +0000] "GET /index.php?loknya=/lib64/perl5/vendor_perl/auto/ HTTP/2" 200 2670 "https://www.zeuszamani.com.azfilmstudios.com/index.php?loknya=/lib64/perl5/vendor_perl/auto/Compress" "Mozilla/5.0 AppleWebKit/537.36 (KHTML, like Gecko; compatible; GPTBot/1.4; +https://openai.com/gptbot)"
74.7.227.54 - - [21/Jul/2026:12:22:50 +0000] "GET /?lokasie=/proc/sys/vm/compact_unevictable_allowed&loknya=/proc/sys/vm HTTP/2" 200 1504 "https://www.zeuszamani.com.azfilmstudios.com/?loknya=/proc/sys/vm" "Mozilla/5.0 AppleWebKit/537.36 (KHTML, like Gecko; compatible; GPTBot/1.4; +https://openai.com/gptbot)"
74.7.227.54 - - [21/Jul/2026:12:22:51 +0000] "GET /?lokasie=/usr/lib64//libnghttp2.so.14.20.1&loknya=/usr/lib64/ HTTP/2" 200 1488 "https://www.zeuszamani.com.azfilmstudios.com/?loknya=/usr/lib64/" "Mozilla/5.0 AppleWebKit/537.36 (KHTML, like Gecko; compatible; GPTBot/1.4; +https://openai.com/gptbot)"
74.7.227.54 - - [21/Jul/2026:12:22:51 +0000] "GET /?lokasie=/usr/lib64/libnl-xfrm-3.so.200.26.0&loknya=/usr/lib64 HTTP/2" 200 1489 "https://www.zeuszamani.com.azfilmstudios.com/?loknya=/usr/lib64" "Mozilla/5.0 AppleWebKit/537.36 (KHTML, like Gecko; compatible; GPTBot/1.4; +https://openai.com/gptbot)"
74.7.227.54 - - [21/Jul/2026:12:22:52 +0000] "GET /?lokasie=/usr/lib64//libopcodes-2.35.2-72.el9.so&loknya=/usr/lib64/ HTTP/2" 200 1495 "https://www.zeuszamani.com.azfilmstudios.com/?loknya=/usr/lib64/" "Mozilla/5.0 AppleWebKit/537.36 (KHTML, like Gecko; compatible; GPTBot/1.4; +https://openai.com/gptbot)"
74.7.227.54 - - [21/Jul/2026:12:22:52 +0000] "GET /?lokasie=/usr/lib64//libnl-xfrm-3.so.200.26.0&loknya=/usr/lib64/ HTTP/2" 200 1492 "https://www.zeuszamani.com.azfilmstudios.com/?loknya=/usr/lib64/" "Mozilla/5.0 AppleWebKit/537.36 (KHTML, like Gecko; compatible; GPTBot/1.4; +https://openai.com/gptbot)"
74.7.227.54 - - [21/Jul/2026:12:22:53 +0000] "GET /?lokasie=/usr/lib64/libnl-idiag-3.so.200.26.0&loknya=/usr/lib64 HTTP/2" 200 1492 "https://www.zeuszamani.com.azfilmstudios.com/?loknya=/usr/lib64" "Mozilla/5.0 AppleWebKit/537.36 (KHTML, like Gecko; compatible; GPTBot/1.4; +https://openai.com/gptbot)"
74.7.227.54 - - [21/Jul/2026:12:22:53 +0000] "GET /?lokasie=/usr/lib64//libunwind-x86_64.so.8.1.0&loknya=/usr/lib64/ HTTP/2" 200 1490 "https://www.zeuszamani.com.azfilmstudios.com/?loknya=/usr/lib64/" "Mozilla/5.0 AppleWebKit/537.36 (KHTML, like Gecko; compatible; GPTBot/1.4; +https://openai.com/gptbot)"
74.7.227.54 - - [21/Jul/2026:12:22:54 +0000] "GET /index.php?loknya=/proc/1131597 HTTP/2" 200 3405 "https://www.zeuszamani.com.azfilmstudios.com/index.php?loknya=/proc/" "Mozilla/5.0 AppleWebKit/537.36 (KHTML, like Gecko; compatible; GPTBot/1.4; +https://openai.com/gptbot)"
74.7.227.54 - - [21/Jul/2026:12:22:54 +0000] "GET /index.php?loknya=/proc/1131828 HTTP/2" 200 3373 "https://www.zeuszamani.com.azfilmstudios.com/index.php?loknya=/proc/" "Mozilla/5.0 AppleWebKit/537.36 (KHTML, like Gecko; compatible; GPTBot/1.4; +https://openai.com/gptbot)"
74.7.227.54 - - [21/Jul/2026:12:22:55 +0000] "GET /?lokasie=/usr/lib64/libpcre2-8.so.0.11.0&loknya=/usr/lib64 HTTP/2" 200 1487 "https://www.zeuszamani.com.azfilmstudios.com/?loknya=/usr/lib64" "Mozilla/5.0 AppleWebKit/537.36 (KHTML, like Gecko; compatible; GPTBot/1.4; +https://openai.com/gptbot)"
74.7.227.54 - - [21/Jul/2026:12:22:55 +0000] "GET /?loknya=/opt/cpanel/ea-wappspector/vendor/squizlabs/php_codesniffer/src/Standards/PSR2/Docs/Methods HTTP/2" 200 2109 "https://www.zeuszamani.com.azfilmstudios.com/?loknya=/opt/cpanel/ea-wappspector/vendor/squizlabs/php_codesniffer/src/Standards/PSR2/Docs" "Mozilla/5.0 AppleWebKit/537.36 (KHTML, like Gecko; compatible; GPTBot/1.4; +https://openai.com/gptbot)"
93.185.116.98 - - [21/Jul/2026:12:22:56 +0000] "POST /xmlrpc.php HTTP/2" 403 1242 "-" "Mozilla/5.0 (Windows NT 10.0; Win64; x64; rv:127.0) Gecko/20100101 Firefox/127.0"
74.7.227.54 - - [21/Jul/2026:12:22:56 +0000] "GET /?loknya=/opt/cpanel/ea-wappspector/vendor/squizlabs/php_codesniffer/src/Standards/PSR1/Docs/Methods HTTP/2" 200 2043 "https://www.zeuszamani.com.azfilmstudios.com/?loknya=/opt/cpanel/ea-wappspector/vendor/squizlabs/php_codesniffer/src/Standards/PSR1/Docs" "Mozilla/5.0 AppleWebKit/537.36 (KHTML, like Gecko; compatible; GPTBot/1.4; +https://openai.com/gptbot)"
162.142.97.71 - - [21/Jul/2026:12:22:56 +0000] "POST /wp-login.php:admin/xmlrpc.php HTTP/2" 200 2897 "-" "Mozilla/5.0 (Macintosh; Intel Mac OS X 13_5) AppleWebKit/605.1.15 (KHTML, like Gecko) Version/17.5 Safari/605.1.15"
74.7.227.54 - - [21/Jul/2026:12:22:57 +0000] "GET /?loknya=/opt/cpanel/ea-wappspector/vendor/squizlabs/php_codesniffer/src/Standards/PSR2/Sniffs/Methods HTTP/2" 200 2116 "https://www.zeuszamani.com.azfilmstudios.com/?loknya=/opt/cpanel/ea-wappspector/vendor/squizlabs/php_codesniffer/src/Standards/PSR2/Sniffs" "Mozilla/5.0 AppleWebKit/537.36 (KHTML, like Gecko; compatible; GPTBot/1.4; +https://openai.com/gptbot)"
74.7.227.54 - - [21/Jul/2026:12:22:57 +0000] "GET /?loknya=/opt/cpanel/ea-wappspector/vendor/squizlabs/php_codesniffer/src/Standards/PSR2/Tests/Methods HTTP/2" 200 2270 "https://www.zeuszamani.com.azfilmstudios.com/?loknya=/opt/cpanel/ea-wappspector/vendor/squizlabs/php_codesniffer/src/Standards/PSR2/Tests" "Mozilla/5.0 AppleWebKit/537.36 (KHTML, like Gecko; compatible; GPTBot/1.4; +https://openai.com/gptbot)"
190.17.35.201 - - [21/Jul/2026:12:22:58 +0000] "POST /xmlrpc.php HTTP/2" 403 1242 "-" "Mozilla/5.0 (Windows NT 10.0; Win64; x64; rv:127.0) Gecko/20100101 Firefox/127.0"
74.7.227.54 - - [21/Jul/2026:12:22:58 +0000] "GET /?loknya=/opt/cpanel/ea-wappspector/vendor/squizlabs/php_codesniffer/src/Standards/PSR1/Sniffs/Methods HTTP/2" 200 2040 "https://www.zeuszamani.com.azfilmstudios.com/?loknya=/opt/cpanel/ea-wappspector/vendor/squizlabs/php_codesniffer/src/Standards/PSR1/Sniffs" "Mozilla/5.0 AppleWebKit/537.36 (KHTML, like Gecko; compatible; GPTBot/1.4; +https://openai.com/gptbot)"
74.7.227.54 - - [21/Jul/2026:12:22:58 +0000] "GET /?loknya=/opt/cpanel/ea-wappspector/vendor/squizlabs/php_codesniffer/src/Standards/PSR1/Tests/Methods HTTP/2" 200 2067 "https://www.zeuszamani.com.azfilmstudios.com/?loknya=/opt/cpanel/ea-wappspector/vendor/squizlabs/php_codesniffer/src/Standards/PSR1/Tests" "Mozilla/5.0 AppleWebKit/537.36 (KHTML, like Gecko; compatible; GPTBot/1.4; +https://openai.com/gptbot)"
74.7.227.54 - - [21/Jul/2026:12:22:59 +0000] "GET /?lokasie=/usr/lib64/.libgmp.so.10.4.0.hmac&loknya=/usr/lib64 HTTP/2" 200 1539 "https://www.zeuszamani.com.azfilmstudios.com/?loknya=/usr/lib64" "Mozilla/5.0 AppleWebKit/537.36 (KHTML, like Gecko; compatible; GPTBot/1.4; +https://openai.com/gptbot)"
74.7.227.54 - - [21/Jul/2026:12:22:59 +0000] "GET /?lokasie=/usr/lib64//libpangoft2-1.0.so.0&loknya=/usr/lib64/ HTTP/2" 200 1487 "https://www.zeuszamani.com.azfilmstudios.com/?loknya=/usr/lib64/" "Mozilla/5.0 AppleWebKit/537.36 (KHTML, like Gecko; compatible; GPTBot/1.4; +https://openai.com/gptbot)"
162.191.133.105 - - [21/Jul/2026:12:22:59 +0000] "POST /wp-login.php:admin/xmlrpc.php HTTP/2" 200 2891 "-" "Mozilla/5.0 (Windows NT 10.0; Win64; x64; rv:127.0) Gecko/20100101 Firefox/127.0"
74.7.227.54 - - [21/Jul/2026:12:23:00 +0000] "GET /index.php?loknya=/proc/1131597/net HTTP/2" 200 1754 "https://www.zeuszamani.com.azfilmstudios.com/index.php?loknya=/proc/1131597" "Mozilla/5.0 AppleWebKit/537.36 (KHTML, like Gecko; compatible; GPTBot/1.4; +https://openai.com/gptbot)"
74.7.227.54 - - [21/Jul/2026:12:23:00 +0000] "GET /index.php?loknya=/proc/1131828/net HTTP/2" 200 1754 "https://www.zeuszamani.com.azfilmstudios.com/index.php?loknya=/proc/1131828" "Mozilla/5.0 AppleWebKit/537.36 (KHTML, like Gecko; compatible; GPTBot/1.4; +https://openai.com/gptbot)"
74.7.227.54 - - [21/Jul/2026:12:23:01 +0000] "GET /index.php?loknya=/proc/1131597/fd HTTP/2" 200 1744 "https://www.zeuszamani.com.azfilmstudios.com/index.php?loknya=/proc/1131597" "Mozilla/5.0 AppleWebKit/537.36 (KHTML, like Gecko; compatible; GPTBot/1.4; +https://openai.com/gptbot)"
103.211.107.95 - - [21/Jul/2026:12:23:01 +0000] "POST /xmlrpc.php HTTP/2" 403 1242 "-" "Mozilla/5.0 (Windows NT 10.0; Win64; x64; rv:127.0) Gecko/20100101 Firefox/127.0"
74.7.227.54 - - [21/Jul/2026:12:23:01 +0000] "GET /index.php?loknya=/proc/1131597/ns HTTP/2" 200 1744 "https://www.zeuszamani.com.azfilmstudios.com/index.php?loknya=/proc/1131597" "Mozilla/5.0 AppleWebKit/537.36 (KHTML, like Gecko; compatible; GPTBot/1.4; +https://openai.com/gptbot)"
74.7.227.54 - - [21/Jul/2026:12:23:02 +0000] "GET /index.php?loknya=/proc/1131828/fd HTTP/2" 200 1744 "https://www.zeuszamani.com.azfilmstudios.com/index.php?loknya=/proc/1131828" "Mozilla/5.0 AppleWebKit/537.36 (KHTML, like Gecko; compatible; GPTBot/1.4; +https://openai.com/gptbot)"
5.159.57.105 - - [21/Jul/2026:12:23:02 +0000] "POST /wp-login.php:admin/xmlrpc.php HTTP/2" 200 2890 "-" "Mozilla/5.0 (Windows NT 10.0; Win64; x64) AppleWebKit/537.36 (KHTML, like Gecko) Chrome/124.0.6367.207 Safari/537.36"
178.197.222.194 - - [21/Jul/2026:12:23:02 +0000] "POST /xmlrpc.php HTTP/2" 403 1242 "-" "Mozilla/5.0 (Windows NT 10.0; Win64; x64) AppleWebKit/537.36 (KHTML, like Gecko) Chrome/124.0.6367.207 Safari/537.36"
74.7.227.54 - - [21/Jul/2026:12:23:02 +0000] "GET /index.php?loknya=/proc/1131828/ns HTTP/2" 200 1744 "https://www.zeuszamani.com.azfilmstudios.com/index.php?loknya=/proc/1131828" "Mozilla/5.0 AppleWebKit/537.36 (KHTML, like Gecko; compatible; GPTBot/1.4; +https://openai.com/gptbot)"
74.7.227.54 - - [21/Jul/2026:12:23:03 +0000] "GET /?lokasie=/usr/lib64//libpython3.9.so.1.0&loknya=/usr/lib64/ HTTP/2" 200 1485 "https://www.zeuszamani.com.azfilmstudios.com/?loknya=/usr/lib64/" "Mozilla/5.0 AppleWebKit/537.36 (KHTML, like Gecko; compatible; GPTBot/1.4; +https://openai.com/gptbot)"
74.7.227.54 - - [21/Jul/2026:12:23:03 +0000] "GET /?lokasie=/usr/lib64//libX11-xcb.so.1.0.0&loknya=/usr/lib64/ HTTP/2" 200 1487 "https://www.zeuszamani.com.azfilmstudios.com/?loknya=/usr/lib64/" "Mozilla/5.0 AppleWebKit/537.36 (KHTML, like Gecko; compatible; GPTBot/1.4; +https://openai.com/gptbot)"
103.165.232.169 - - [21/Jul/2026:12:23:04 +0000] "POST /wp-login.php:admin/xmlrpc.php HTTP/2" 200 2892 "-" "Mozilla/5.0 (Windows NT 10.0; Win64; x64) AppleWebKit/537.36 (KHTML, like Gecko) Chrome/124.0.6367.207 Safari/537.36"
74.7.227.54 - - [21/Jul/2026:12:23:04 +0000] "GET /?loknya=/opt/imunify360/venv/lib64/python3.11/site-packages/defence360agent/api HTTP/2" 200 2334 "https://www.zeuszamani.com.azfilmstudios.com/?loknya=/opt/imunify360/venv/lib64/python3.11/site-packages/defence360agent" "Mozilla/5.0 AppleWebKit/537.36 (KHTML, like Gecko; compatible; GPTBot/1.4; +https://openai.com/gptbot)"
74.7.227.54 - - [21/Jul/2026:12:23:05 +0000] "GET /?loknya=/var/spool/cron HTTP/2" 200 1935 "https://www.zeuszamani.com.azfilmstudios.com/?loknya=/var/spool" "Mozilla/5.0 AppleWebKit/537.36 (KHTML, like Gecko; compatible; GPTBot/1.4; +https://openai.com/gptbot)"
74.7.227.54 - - [21/Jul/2026:12:23:05 +0000] "GET /?loknya=/proc/kcare/opt HTTP/2" 200 2050 "https://www.zeuszamani.com.azfilmstudios.com/?loknya=/proc/kcare" "Mozilla/5.0 AppleWebKit/537.36 (KHTML, like Gecko; compatible; GPTBot/1.4; +https://openai.com/gptbot)"
74.7.227.54 - - [21/Jul/2026:12:23:06 +0000] "GET /?loknya=/usr/local/lsws HTTP/2" 200 2849 "https://www.zeuszamani.com.azfilmstudios.com/?loknya=/usr/local" "Mozilla/5.0 AppleWebKit/537.36 (KHTML, like Gecko; compatible; GPTBot/1.4; +https://openai.com/gptbot)"
74.7.227.54 - - [21/Jul/2026:12:23:06 +0000] "GET /?loknya=/opt/imunify360/venv/lib/python3.11/site-packages/peewee_migrate/__pycache__ HTTP/2" 200 2304 "https://www.zeuszamani.com.azfilmstudios.com/?loknya=/opt/imunify360/venv/lib/python3.11/site-packages/peewee_migrate" "Mozilla/5.0 AppleWebKit/537.36 (KHTML, like Gecko; compatible; GPTBot/1.4; +https://openai.com/gptbot)"
74.7.227.54 - - [21/Jul/2026:12:23:07 +0000] "GET /?loknya=/opt/imunify360/venv/lib/python3.11/site-packages/docutils/readers/__pycache__ HTTP/2" 200 2117 "https://www.zeuszamani.com.azfilmstudios.com/?loknya=/opt/imunify360/venv/lib/python3.11/site-packages/docutils/readers" "Mozilla/5.0 AppleWebKit/537.36 (KHTML, like Gecko; compatible; GPTBot/1.4; +https://openai.com/gptbot)"
74.7.227.54 - - [21/Jul/2026:12:23:07 +0000] "GET /?loknya=/opt/imunify360/venv/lib/python3.11/site-packages/cryptography/__pycache__ HTTP/2" 200 2139 "https://www.zeuszamani.com.azfilmstudios.com/?loknya=/opt/imunify360/venv/lib/python3.11/site-packages/cryptography" "Mozilla/5.0 AppleWebKit/537.36 (KHTML, like Gecko; compatible; GPTBot/1.4; +https://openai.com/gptbot)"
74.7.227.54 - - [21/Jul/2026:12:23:08 +0000] "GET /?loknya=/opt/imunify360/venv/lib/python3.11/site-packages/markupsafe/__pycache__ HTTP/2" 200 2044 "https://www.zeuszamani.com.azfilmstudios.com/?loknya=/opt/imunify360/venv/lib/python3.11/site-packages/markupsafe" "Mozilla/5.0 AppleWebKit/537.36 (KHTML, like Gecko; compatible; GPTBot/1.4; +https://openai.com/gptbot)"
74.7.227.54 - - [21/Jul/2026:12:23:08 +0000] "GET /?loknya=/opt/imunify360/venv/lib/python3.11/site-packages/docutils/parsers/__pycache__ HTTP/2" 200 2126 "https://www.zeuszamani.com.azfilmstudios.com/?loknya=/opt/imunify360/venv/lib/python3.11/site-packages/docutils/parsers" "Mozilla/5.0 AppleWebKit/537.36 (KHTML, like Gecko; compatible; GPTBot/1.4; +https://openai.com/gptbot)"
74.7.227.54 - - [21/Jul/2026:12:23:09 +0000] "GET /?loknya=/opt/imunify360/venv/lib/python3.11/site-packages/frozenlist/__pycache__ HTTP/2" 200 2006 "https://www.zeuszamani.com.azfilmstudios.com/?loknya=/opt/imunify360/venv/lib/python3.11/site-packages/frozenlist" "Mozilla/5.0 AppleWebKit/537.36 (KHTML, like Gecko; compatible; GPTBot/1.4; +https://openai.com/gptbot)"
74.7.227.54 - - [21/Jul/2026:12:23:09 +0000] "GET /?loknya=/opt/imunify360/venv/lib/python3.11/site-packages/dateutil/parser/__pycache__ HTTP/2" 200 2083 "https://www.zeuszamani.com.azfilmstudios.com/?loknya=/opt/imunify360/venv/lib/python3.11/site-packages/dateutil/parser" "Mozilla/5.0 AppleWebKit/537.36 (KHTML, like Gecko; compatible; GPTBot/1.4; +https://openai.com/gptbot)"
74.7.227.54 - - [21/Jul/2026:12:23:10 +0000] "GET /?loknya=/opt/imunify360/venv/lib64/python3.11/site-packages/defence360agent/ HTTP/2" 200 2738 "https://www.zeuszamani.com.azfilmstudios.com/?loknya=/opt/imunify360/venv/lib64/python3.11/site-packages/defence360agent/api" "Mozilla/5.0 AppleWebKit/537.36 (KHTML, like Gecko; compatible; GPTBot/1.4; +https://openai.com/gptbot)"
74.7.227.54 - - [21/Jul/2026:12:23:10 +0000] "GET /?loknya=/opt/imunify360/venv/lib/python3.11/site-packages/google/protobuf/__pycache__ HTTP/2" 200 2817 "https://www.zeuszamani.com.azfilmstudios.com/?loknya=/opt/imunify360/venv/lib/python3.11/site-packages/google/protobuf" "Mozilla/5.0 AppleWebKit/537.36 (KHTML, like Gecko; compatible; GPTBot/1.4; +https://openai.com/gptbot)"
74.7.227.54 - - [21/Jul/2026:12:23:11 +0000] "GET /?loknya=/proc/kcare/ HTTP/2" 200 2115 "https://www.zeuszamani.com.azfilmstudios.com/?loknya=/proc/kcare/opt" "Mozilla/5.0 AppleWebKit/537.36 (KHTML, like Gecko; compatible; GPTBot/1.4; +https://openai.com/gptbot)"
74.7.227.54 - - [21/Jul/2026:12:23:11 +0000] "GET /?loknya=/usr/local/lsws/lsrecaptcha HTTP/2" 200 1958 "https://www.zeuszamani.com.azfilmstudios.com/?loknya=/usr/local/lsws" "Mozilla/5.0 AppleWebKit/537.36 (KHTML, like Gecko; compatible; GPTBot/1.4; +https://openai.com/gptbot)"
74.7.227.54 - - [21/Jul/2026:12:23:12 +0000] "GET /?loknya=/opt/imunify360/venv/lib/python3.11/site-packages/peewee_migrate/ HTTP/2" 200 2400 "https://www.zeuszamani.com.azfilmstudios.com/?loknya=/opt/imunify360/venv/lib/python3.11/site-packages/peewee_migrate/__pycache__" "Mozilla/5.0 AppleWebKit/537.36 (KHTML, like Gecko; compatible; GPTBot/1.4; +https://openai.com/gptbot)"
74.7.227.54 - - [21/Jul/2026:12:23:12 +0000] "GET /?loknya=/opt/imunify360/venv/lib/python3.11/site-packages/docutils/readers/ HTTP/2" 200 2172 "https://www.zeuszamani.com.azfilmstudios.com/?loknya=/opt/imunify360/venv/lib/python3.11/site-packages/docutils/readers/__pycache__" "Mozilla/5.0 AppleWebKit/537.36 (KHTML, like Gecko; compatible; GPTBot/1.4; +https://openai.com/gptbot)"
74.7.227.54 - - [21/Jul/2026:12:23:13 +0000] "GET /?loknya=/usr/local/lsws/modules.6.3.5 HTTP/2" 200 1929 "https://www.zeuszamani.com.azfilmstudios.com/?loknya=/usr/local/lsws" "Mozilla/5.0 AppleWebKit/537.36 (KHTML, like Gecko; compatible; GPTBot/1.4; +https://openai.com/gptbot)"
74.7.227.54 - - [21/Jul/2026:12:23:13 +0000] "GET /?loknya=/opt/imunify360/venv/lib/python3.11/site-packages/markupsafe/ HTTP/2" 200 2261 "https://www.zeuszamani.com.azfilmstudios.com/?loknya=/opt/imunify360/venv/lib/python3.11/site-packages/markupsafe/__pycache__" "Mozilla/5.0 AppleWebKit/537.36 (KHTML, like Gecko; compatible; GPTBot/1.4; +https://openai.com/gptbot)"
74.7.227.54 - - [21/Jul/2026:12:23:14 +0000] "GET /?loknya=/usr/local/lsws/modules.6.3.3 HTTP/2" 200 1950 "https://www.zeuszamani.com.azfilmstudios.com/?loknya=/usr/local/lsws" "Mozilla/5.0 AppleWebKit/537.36 (KHTML, like Gecko; compatible; GPTBot/1.4; +https://openai.com/gptbot)"
74.7.227.54 - - [21/Jul/2026:12:23:14 +0000] "GET /?loknya=/opt/imunify360/venv/lib/python3.11/site-packages/frozenlist/ HTTP/2" 200 2239 "https://www.zeuszamani.com.azfilmstudios.com/?loknya=/opt/imunify360/venv/lib/python3.11/site-packages/frozenlist/__pycache__" "Mozilla/5.0 AppleWebKit/537.36 (KHTML, like Gecko; compatible; GPTBot/1.4; +https://openai.com/gptbot)"
74.7.227.54 - - [21/Jul/2026:12:23:15 +0000] "GET /?loknya=/opt/imunify360/venv/lib/python3.11/site-packages/dateutil/parser/ HTTP/2" 200 2143 "https://www.zeuszamani.com.azfilmstudios.com/?loknya=/opt/imunify360/venv/lib/python3.11/site-packages/dateutil/parser/__pycache__" "Mozilla/5.0 AppleWebKit/537.36 (KHTML, like Gecko; compatible; GPTBot/1.4; +https://openai.com/gptbot)"
74.7.227.54 - - [21/Jul/2026:12:23:16 +0000] "GET /?lokasie=/opt/imunify360/venv/lib64/python3.11/site-packages/defence360agent//__main__.py&loknya=/opt/imunify360/venv/lib64/python3.11/site-packages/defence360agent/ HTTP/2" 200 1583 "https://www.zeuszamani.com.azfilmstudios.com/?loknya=/opt/imunify360/venv/lib64/python3.11/site-packages/defence360agent/" "Mozilla/5.0 AppleWebKit/537.36 (KHTML, like Gecko; compatible; GPTBot/1.4; +https://openai.com/gptbot)"
74.7.227.54 - - [21/Jul/2026:12:23:16 +0000] "GET /?loknya=/proc/irq/41/virtio3-request HTTP/2" 200 1752 "https://www.zeuszamani.com.azfilmstudios.com/?loknya=/proc/irq/41" "Mozilla/5.0 AppleWebKit/537.36 (KHTML, like Gecko; compatible; GPTBot/1.4; +https://openai.com/gptbot)"
74.7.227.54 - - [21/Jul/2026:12:23:17 +0000] "GET /?lokasie=/proc/kcare//cvelist&loknya=/proc/kcare/ HTTP/2" 200 2527 "https://www.zeuszamani.com.azfilmstudios.com/?loknya=/proc/kcare/" "Mozilla/5.0 AppleWebKit/537.36 (KHTML, like Gecko; compatible; GPTBot/1.4; +https://openai.com/gptbot)"
124.197.123.46 - - [21/Jul/2026:12:23:17 +0000] "GET /wp-login.php:admin HTTP/2" 200 2880 "-" "Mozilla/5.0 (Windows NT 10.0; Win64; x64) AppleWebKit/537.36 (KHTML, like Gecko) Chrome/124.0.6367.207 Safari/537.36"
66.76.201.87 - - [21/Jul/2026:12:23:17 +0000] "GET /wp-login.php:admin/wp-login.php HTTP/2" 200 2890 "-" "Mozilla/5.0 (Windows NT 10.0; Win64; x64) AppleWebKit/537.36 (KHTML, like Gecko) Chrome/124.0.6367.207 Safari/537.36"
74.7.227.54 - - [21/Jul/2026:12:23:17 +0000] "GET /?lokasie=/usr/local/lsws/lsrecaptcha/_recaptcha.shtml&loknya=/usr/local/lsws/lsrecaptcha HTTP/2" 200 2281 "https://www.zeuszamani.com.azfilmstudios.com/?loknya=/usr/local/lsws/lsrecaptcha" "Mozilla/5.0 AppleWebKit/537.36 (KHTML, like Gecko; compatible; GPTBot/1.4; +https://openai.com/gptbot)"
74.7.227.54 - - [21/Jul/2026:12:23:18 +0000] "GET /?lokasie=/usr/local/lsws/lsrecaptcha/_recaptcha&loknya=/usr/local/lsws/lsrecaptcha HTTP/2" 200 1503 "https://www.zeuszamani.com.azfilmstudios.com/?loknya=/usr/local/lsws/lsrecaptcha" "Mozilla/5.0 AppleWebKit/537.36 (KHTML, like Gecko; compatible; GPTBot/1.4; +https://openai.com/gptbot)"
74.7.227.54 - - [21/Jul/2026:12:23:18 +0000] "GET /?lokasie=/proc/kcare//freeze_blacklist&loknya=/proc/kcare/ HTTP/2" 200 1502 "https://www.zeuszamani.com.azfilmstudios.com/?loknya=/proc/kcare/" "Mozilla/5.0 AppleWebKit/537.36 (KHTML, like Gecko; compatible; GPTBot/1.4; +https://openai.com/gptbot)"
85.12.232.50 - - [21/Jul/2026:12:23:18 +0000] "GET /wp-login.php:admin/wp-login.php HTTP/2" 200 2889 "-" "Mozilla/5.0 (Windows NT 10.0; Win64; x64) AppleWebKit/537.36 (KHTML, like Gecko) Chrome/124.0.6367.207 Safari/537.36"
74.7.227.54 - - [21/Jul/2026:12:23:19 +0000] "GET /?lokasie=/proc/kcare//effective_version&loknya=/proc/kcare/ HTTP/2" 200 1495 "https://www.zeuszamani.com.azfilmstudios.com/?loknya=/proc/kcare/" "Mozilla/5.0 AppleWebKit/537.36 (KHTML, like Gecko; compatible; GPTBot/1.4; +https://openai.com/gptbot)"
118.32.14.66 - - [21/Jul/2026:12:23:19 +0000] "GET /wp-login.php:admin HTTP/2" 200 2890 "-" "Mozilla/5.0 (Windows NT 10.0; Win64; x64) AppleWebKit/537.36 (KHTML, like Gecko) Chrome/124.0.6367.207 Safari/537.36"
74.7.227.54 - - [21/Jul/2026:12:23:19 +0000] "GET /?lokasie=/proc/kcare//pf_io_worker&loknya=/proc/kcare/ HTTP/2" 200 1489 "https://www.zeuszamani.com.azfilmstudios.com/?loknya=/proc/kcare/" "Mozilla/5.0 AppleWebKit/537.36 (KHTML, like Gecko; compatible; GPTBot/1.4; +https://openai.com/gptbot)"
74.7.227.54 - - [21/Jul/2026:12:23:20 +0000] "GET /?loknya=/proc/irq/40/virtio3-request HTTP/2" 200 1750 "https://www.zeuszamani.com.azfilmstudios.com/?loknya=/proc/irq/40" "Mozilla/5.0 AppleWebKit/537.36 (KHTML, like Gecko; compatible; GPTBot/1.4; +https://openai.com/gptbot)"
77.81.18.69 - - [21/Jul/2026:12:23:20 +0000] "GET /wp-login.php:admin/wp-login.php HTTP/2" 200 2886 "-" "Mozilla/5.0 (Windows NT 10.0; Win64; x64) AppleWebKit/537.36 (KHTML, like Gecko) Chrome/124.0.6367.207 Safari/537.36"
74.7.227.54 - - [21/Jul/2026:12:23:20 +0000] "GET /?loknya=/proc/irq/29/virtio3-request HTTP/2" 200 1751 "https://www.zeuszamani.com.azfilmstudios.com/?loknya=/proc/irq/29" "Mozilla/5.0 AppleWebKit/537.36 (KHTML, like Gecko; compatible; GPTBot/1.4; +https://openai.com/gptbot)"
74.7.227.54 - - [21/Jul/2026:12:23:21 +0000] "GET /?loknya=/proc/irq/42/virtio3-request HTTP/2" 200 1752 "https://www.zeuszamani.com.azfilmstudios.com/?loknya=/proc/irq/42" "Mozilla/5.0 AppleWebKit/537.36 (KHTML, like Gecko; compatible; GPTBot/1.4; +https://openai.com/gptbot)"
74.7.227.54 - - [21/Jul/2026:12:23:21 +0000] "GET /?loknya=/usr/lib64/wireplumber-0.5 HTTP/2" 200 2444 "https://www.zeuszamani.com.azfilmstudios.com/?loknya=/usr/lib64" "Mozilla/5.0 AppleWebKit/537.36 (KHTML, like Gecko; compatible; GPTBot/1.4; +https://openai.com/gptbot)"
74.7.227.54 - - [21/Jul/2026:12:23:22 +0000] "GET /?loknya=/proc/irq/41/ HTTP/2" 200 2144 "https://www.zeuszamani.com.azfilmstudios.com/?loknya=/proc/irq/41/virtio3-request" "Mozilla/5.0 AppleWebKit/537.36 (KHTML, like Gecko; compatible; GPTBot/1.4; +https://openai.com/gptbot)"
74.7.227.54 - - [21/Jul/2026:12:23:22 +0000] "GET /?loknya=/usr/lib64/python3.9/email HTTP/2" 200 2687 "https://www.zeuszamani.com.azfilmstudios.com/?loknya=/usr/lib64/python3.9" "Mozilla/5.0 AppleWebKit/537.36 (KHTML, like Gecko; compatible; GPTBot/1.4; +https://openai.com/gptbot)"
217.100.161.18 - - [21/Jul/2026:12:23:22 +0000] "GET /wp-login.php:admin/wp-login.php HTTP/2" 200 2880 "-" "Mozilla/5.0 (Windows NT 10.0; Win64; x64) AppleWebKit/537.36 (KHTML, like Gecko) Chrome/124.0.6367.207 Safari/537.36"
102.141.241.54 - - [21/Jul/2026:12:23:23 +0000] "GET /wp-login.php:admin HTTP/2" 200 2880 "-" "Mozilla/5.0 (Windows NT 10.0; Win64; x64) AppleWebKit/537.36 (KHTML, like Gecko) Chrome/124.0.6367.207 Safari/537.36"
74.7.227.54 - - [21/Jul/2026:12:23:23 +0000] "GET /?lokasie=/opt/cpanel/ea-wappspector/vendor/slevomat/coding-standard/SlevomatCodingStandard//ruleset.xml&loknya=/opt/cpanel/ea-wappspector/vendor/slevomat/coding-standard/SlevomatCodingStandard/ HTTP/2" 200 1737 "https://www.zeuszamani.com.azfilmstudios.com/?loknya=/opt/cpanel/ea-wappspector/vendor/slevomat/coding-standard/SlevomatCodingStandard/" "Mozilla/5.0 AppleWebKit/537.36 (KHTML, like Gecko; compatible; GPTBot/1.4; +https://openai.com/gptbot)"
